000
CDUS41 KCLE 202112
CLICAK


CLIMATE REPORT
NATIONAL WEATHER SERVICE CLEVELAND OH
512 PM EDT SUN AUG 20 2017


...................................

...THE AKRON CANTON OH CLIMATE SUMMARY FOR AUGUST 20 2017...
VALID TODAY AS OF 0500 PM LOCAL TIME.

CLIMATE NORMAL PERIOD 1981 TO 2010
CLIMATE RECORD PERIOD 1887 TO 2017


WEATHER ITEM   OBSERVED TIME   RECORD YEAR NORMAL DEPARTURE LAST
                VALUE   (LST)  VALUE       VALUE  FROM      YEAR
                                                  NORMAL
..................................................................
TEMPERATURE (F)
 TODAY
  MAXIMUM         87    327 PM  97    1916  80      7       87
  MINIMUM         61    615 AM  44    1949  60      1       68
  AVERAGE         74                        70      4       78

PRECIPITATION (IN)
  TODAY            0.00                      0.11  -0.11      T
  MONTH TO DATE    0.54                      2.32  -1.78     2.10
  SINCE JUN 1      8.34                     10.23  -1.89     7.67
  SINCE JAN 1     34.46                     25.96   8.50    22.34

SNOWFALL (IN)
  TODAY            0.0                       0.0    0.0      0.0
  MONTH TO DATE    0.0                       0.0    0.0      0.0
  SINCE JUN 1      0.0                       0.0    0.0      0.0
  SINCE JUL 1      0.0                       0.0    0.0      0.0
  SNOW DEPTH       0

DEGREE DAYS
 HEATING
  TODAY            0                         0      0        0
  MONTH TO DATE    0                         0      0        0
  SINCE JUN 1     23                        55    -32       22
  SINCE JUL 1      0                         6     -6        3

 COOLING
  TODAY            9                         6      3       13
  MONTH TO DATE  153                       129     24      258
  SINCE JUN 1    632                       486    146      781
  SINCE JAN 1    696                       528    168      842
..................................................................


WIND (MPH)
  HIGHEST WIND SPEED    13   HIGHEST WIND DIRECTION     S (180)
  HIGHEST GUST SPEED    16   HIGHEST GUST DIRECTION     W (250)


SKY COVER
  POSSIBLE SUNSHINE  MM
  AVERAGE SKY COVER 0.1


WEATHER CONDITIONS
 THE FOLLOWING WEATHER WAS RECORDED TODAY.
  FOG
  HAZE


RELATIVE HUMIDITY (PERCENT)
 HIGHEST    87           700 AM
 LOWEST     37           200 PM
 AVERAGE    62

..........................................................


THE AKRON CANTON OH CLIMATE NORMALS FOR TOMORROW
                         NORMAL    RECORD    YEAR
 MAXIMUM TEMPERATURE (F)   80        98      1916
 MINIMUM TEMPERATURE (F)   60        44      1950


SUNRISE AND SUNSET
AUGUST 20 2017........SUNRISE   641 AM EDT   SUNSET   816 PM EDT
AUGUST 21 2017........SUNRISE   642 AM EDT   SUNSET   815 PM EDT


-  INDICATES NEGATIVE NUMBERS.
R  INDICATES RECORD WAS SET OR TIED.
MM INDICATES DATA IS MISSING.
T  INDICATES TRACE AMOUNT.




$$
