000
CDUS41 KCLE 170531
CLICAK


CLIMATE REPORT
NATIONAL WEATHER SERVICE CLEVELAND OH
130 AM EDT TUE OCT 17 2017


...................................

...THE AKRON CANTON OH CLIMATE SUMMARY FOR OCTOBER 16 2017...

CLIMATE NORMAL PERIOD 1981 TO 2010
CLIMATE RECORD PERIOD 1887 TO 2017


WEATHER ITEM   OBSERVED TIME   RECORD YEAR NORMAL DEPARTURE LAST
                VALUE   (LST)  VALUE       VALUE  FROM      YEAR
                                                  NORMAL
..................................................................
TEMPERATURE (F)
 YESTERDAY
  MAXIMUM         59    248 PM  84    1897  61     -2       78
  MINIMUM         41   1031 PM  24    1937  42     -1       60
  AVERAGE         50                        52     -2       69

PRECIPITATION (IN)
  YESTERDAY        T                         0.08  -0.08     0.04
  MONTH TO DATE    2.67                      1.46   1.21     0.14
  SINCE SEP 1      4.69                      4.91  -0.22     6.68
  SINCE JAN 1     39.36                     32.11   7.25    30.28

SNOWFALL (IN)
  YESTERDAY        0.0                       0.0    0.0      0.0
  MONTH TO DATE    0.0                       0.1   -0.1      0.0
  SINCE SEP 1      0.0                       0.1   -0.1      0.0
  SINCE JUL 1      0.0                       0.1   -0.1      0.0
  SNOW DEPTH       0

DEGREE DAYS
 HEATING
  YESTERDAY       15                        13      2        0
  MONTH TO DATE   27                       178   -151      102
  SINCE SEP 1     96                       297   -201      132
  SINCE JUL 1    102                       317   -215      135

 COOLING
  YESTERDAY        0                         0      0        4
  MONTH TO DATE   35                         3     32        8
  SINCE SEP 1    184                        67    117      163
  SINCE JAN 1    926                       649    277     1117
..................................................................


WIND (MPH)
  HIGHEST WIND SPEED    18   HIGHEST WIND DIRECTION    NW (330)
  HIGHEST GUST SPEED    30   HIGHEST GUST DIRECTION     N (350)
  AVERAGE WIND SPEED     7.8


SKY COVER
  POSSIBLE SUNSHINE  MM
  AVERAGE SKY COVER 0.4


WEATHER CONDITIONS
 THE FOLLOWING WEATHER WAS RECORDED YESTERDAY.
  NO SIGNIFICANT WEATHER WAS OBSERVED.


RELATIVE HUMIDITY (PERCENT)
 HIGHEST    82           700 AM
 LOWEST     36           100 PM
 AVERAGE    59

..........................................................


THE AKRON CANTON OH CLIMATE NORMALS FOR TODAY
                         NORMAL    RECORD    YEAR
 MAXIMUM TEMPERATURE (F)   61        82      1938
 MINIMUM TEMPERATURE (F)   42        29      1982


SUNRISE AND SUNSET
OCTOBER 17 2017.......SUNRISE   740 AM EDT   SUNSET   642 PM EDT
OCTOBER 18 2017.......SUNRISE   741 AM EDT   SUNSET   640 PM EDT


-  INDICATES NEGATIVE NUMBERS.
R  INDICATES RECORD WAS SET OR TIED.
MM INDICATES DATA IS MISSING.
T  INDICATES TRACE AMOUNT.




$$
