000
CDUS41 KCLE 020528
CLICAK


CLIMATE REPORT
NATIONAL WEATHER SERVICE CLEVELAND OH
127 AM EDT SUN APR 2 2017


...................................

...THE AKRON CANTON OH CLIMATE SUMMARY FOR APRIL 1 2017...

CLIMATE NORMAL PERIOD 1981 TO 2010
CLIMATE RECORD PERIOD 1887 TO 2017


WEATHER ITEM   OBSERVED TIME   RECORD YEAR NORMAL DEPARTURE LAST
                VALUE   (LST)  VALUE       VALUE  FROM      YEAR
                                                  NORMAL
..................................................................
TEMPERATURE (F)
 YESTERDAY
  MAXIMUM         42    528 PM  81    1986  54    -12       58
  MINIMUM         34   1159 PM  10    1964  34      0       40
  AVERAGE         38                        44     -6       49

PRECIPITATION (IN)
  YESTERDAY        0.01                      0.12  -0.11     0.16
  MONTH TO DATE    0.01                      0.12  -0.11     0.16
  SINCE MAR 1      5.54                      3.10   2.44     4.74
  SINCE JAN 1     14.05                      8.02   6.03     9.33

SNOWFALL (IN)
  YESTERDAY        0.0                       0.2   -0.2      0.0
  MONTH TO DATE    0.0                       0.2   -0.2      0.0
  SINCE MAR 1     13.5                       8.4    5.1      2.4
  SINCE JUL 1     34.7                      44.9  -10.2     25.1
  SNOW DEPTH       0

DEGREE DAYS
 HEATING
  YESTERDAY       27                        21      6       16
  MONTH TO DATE   27                        21      6       16
  SINCE MAR 1    830                       872    -42      618
  SINCE JUL 1   4430                      5416   -986     4265

 COOLING
  YESTERDAY        0                         0      0        0
  MONTH TO DATE    0                         0      0        0
  SINCE MAR 1      0                         0      0        0
  SINCE JAN 1      2                         0      2        0
..................................................................


WIND (MPH)
  HIGHEST WIND SPEED    18   HIGHEST WIND DIRECTION    NW (320)
  HIGHEST GUST SPEED    22   HIGHEST GUST DIRECTION     N (340)
  AVERAGE WIND SPEED     9.0


SKY COVER
  POSSIBLE SUNSHINE  MM
  AVERAGE SKY COVER 0.8


WEATHER CONDITIONS
 THE FOLLOWING WEATHER WAS RECORDED YESTERDAY.
  LIGHT RAIN
  FOG
  HAZE


RELATIVE HUMIDITY (PERCENT)
 HIGHEST    92           200 AM
 LOWEST     70           600 PM
 AVERAGE    81

..........................................................


THE AKRON CANTON OH CLIMATE NORMALS FOR TODAY
                         NORMAL    RECORD    YEAR
 MAXIMUM TEMPERATURE (F)   54        82      2010
 MINIMUM TEMPERATURE (F)   34        16      1907


SUNRISE AND SUNSET
APRIL  2 2017.........SUNRISE   707 AM EDT   SUNSET   752 PM EDT
APRIL  3 2017.........SUNRISE   705 AM EDT   SUNSET   753 PM EDT


-  INDICATES NEGATIVE NUMBERS.
R  INDICATES RECORD WAS SET OR TIED.
MM INDICATES DATA IS MISSING.
T  INDICATES TRACE AMOUNT.




$$
