000
CDUS41 KCLE 142116
CLICAK


CLIMATE REPORT
NATIONAL WEATHER SERVICE CLEVELAND OH
515 PM EDT TUE JUL 14 2015


...................................

...THE AKRON CANTON OH CLIMATE SUMMARY FOR JULY 14 2015...
VALID TODAY AS OF 0500 PM LOCAL TIME.

CLIMATE NORMAL PERIOD 1981 TO 2010
CLIMATE RECORD PERIOD 1887 TO 2015


WEATHER ITEM   OBSERVED TIME   RECORD YEAR NORMAL DEPARTURE LAST
                VALUE   (LST)  VALUE       VALUE  FROM      YEAR
                                                  NORMAL
..................................................................
TEMPERATURE (F)
 TODAY
  MAXIMUM         81   1254 PM 102    1936  82     -1       85
  MINIMUM         68    247 PM  46    1926  62      6       69
  AVERAGE         75                        72      3       77

PRECIPITATION (IN)
  TODAY            0.81                      0.13   0.68     0.28
  MONTH TO DATE    2.53                      1.84   0.69     1.99
  SINCE JUN 1     10.84                      5.67   5.17    11.27
  SINCE JAN 1     27.25                     21.40   5.85    27.90

SNOWFALL (IN)
  TODAY            0.0                       0.0    0.0      0.0
  MONTH TO DATE    0.0                       0.0    0.0      0.0
  SINCE JUN 1      0.0                       0.0    0.0      0.0
  SINCE JUL 1      0.0                       0.0    0.0      0.0
  SNOW DEPTH       0

DEGREE DAYS
 HEATING
  TODAY            0                         0      0        0
  MONTH TO DATE    0                         0      0        0
  SINCE JUN 1     25                        49    -24       15
  SINCE JUL 1      0                         0      0        0

 COOLING
  TODAY           10                         7      3       12
  MONTH TO DATE   79                        98    -19      112
  SINCE JUN 1    265                       233     32      295
  SINCE JAN 1    409                       275    134      371
..................................................................


WIND (MPH)
  HIGHEST WIND SPEED    26   HIGHEST WIND DIRECTION    NW (310)
  HIGHEST GUST SPEED    36   HIGHEST GUST DIRECTION    NW (310)


SKY COVER
  POSSIBLE SUNSHINE  MM
  AVERAGE SKY COVER 0.9


WEATHER CONDITIONS
 THE FOLLOWING WEATHER WAS RECORDED TODAY.
  THUNDERSTORM
  HEAVY RAIN
  RAIN
  LIGHT RAIN
  FOG
  HAZE


RELATIVE HUMIDITY (PERCENT)
 HIGHEST    87           400 AM
 LOWEST     69           100 PM
 AVERAGE    78

..........................................................


THE AKRON CANTON OH CLIMATE NORMALS FOR TOMORROW
                         NORMAL    RECORD    YEAR
 MAXIMUM TEMPERATURE (F)   82        96      1988
                                             1983
 MINIMUM TEMPERATURE (F)   62        46      1930


SUNRISE AND SUNSET
JULY 14 2015..........SUNRISE   606 AM EDT   SUNSET   857 PM EDT
JULY 15 2015..........SUNRISE   607 AM EDT   SUNSET   856 PM EDT


-  INDICATES NEGATIVE NUMBERS.
R  INDICATES RECORD WAS SET OR TIED.
MM INDICATES DATA IS MISSING.
T  INDICATES TRACE AMOUNT.




$$
