000
CDUS41 KCLE 282215
CLICAK


CLIMATE REPORT
NATIONAL WEATHER SERVICE CLEVELAND OH
514 PM EST THU DEC 28 2017


...................................

...THE AKRON CANTON OH CLIMATE SUMMARY FOR DECEMBER 28 2017...
VALID TODAY AS OF 0500 PM LOCAL TIME.

CLIMATE NORMAL PERIOD 1981 TO 2010
CLIMATE RECORD PERIOD 1887 TO 2017


WEATHER ITEM   OBSERVED TIME   RECORD YEAR NORMAL DEPARTURE LAST
                VALUE   (LST)  VALUE       VALUE  FROM      YEAR
                                                  NORMAL
..................................................................
TEMPERATURE (F)
 TODAY
  MAXIMUM         17    343 PM  66    1982  34    -17       39
  MINIMUM          1    645 AM  -5    1924  21    -20       31
  AVERAGE          9                        27    -18       35

PRECIPITATION (IN)
  TODAY            0.00                      0.09  -0.09      T
  MONTH TO DATE    1.76                      2.58  -0.82     2.91
  SINCE DEC 1      1.76                      2.58  -0.82     2.91
  SINCE JAN 1     48.34                     39.36   8.98    38.56

SNOWFALL (IN)
  TODAY            0.0                       0.4   -0.4       T
  MONTH TO DATE   10.4                       9.1    1.3      6.7
  SINCE DEC 1     10.4                       9.1    1.3      6.7
  SINCE JUL 1     10.5                      12.5   -2.0      8.8
  SNOW DEPTH       T

DEGREE DAYS
 HEATING
  TODAY           56                        38     18       30
  MONTH TO DATE  967                       959      8      968
  SINCE DEC 1    967                       959      8      968
  SINCE JUL 1   1957                      2218   -261     1846

 COOLING
  TODAY            0                         0      0        0
  MONTH TO DATE    0                         0      0        0
  SINCE DEC 1      0                         0      0        0
  SINCE JAN 1    926                       652    274     1133
..................................................................


WIND (MPH)
  HIGHEST WIND SPEED    12   HIGHEST WIND DIRECTION    SE (120)
  HIGHEST GUST SPEED    13   HIGHEST GUST DIRECTION    SE (120)


SKY COVER
  POSSIBLE SUNSHINE  MM
  AVERAGE SKY COVER 0.4


WEATHER CONDITIONS
 THE FOLLOWING WEATHER WAS RECORDED TODAY.
  HAZE


RELATIVE HUMIDITY (PERCENT)
 HIGHEST    87           600 AM
 LOWEST     51           500 PM
 AVERAGE    69

..........................................................


THE AKRON CANTON OH CLIMATE NORMALS FOR TOMORROW
                         NORMAL    RECORD    YEAR
 MAXIMUM TEMPERATURE (F)   34        65      1889
 MINIMUM TEMPERATURE (F)   21        -5      1961
                                             1924


SUNRISE AND SUNSET
DECEMBER 28 2017......SUNRISE   750 AM EST   SUNSET   505 PM EST
DECEMBER 29 2017......SUNRISE   750 AM EST   SUNSET   506 PM EST


-  INDICATES NEGATIVE NUMBERS.
R  INDICATES RECORD WAS SET OR TIED.
MM INDICATES DATA IS MISSING.
T  INDICATES TRACE AMOUNT.




$$
