000
CDUS41 KCLE 150526
CLICAK


CLIMATE REPORT
NATIONAL WEATHER SERVICE CLEVELAND OH
126 AM EDT SAT JUL 15 2017


...................................

...THE AKRON CANTON OH CLIMATE SUMMARY FOR JULY 14 2017...

CLIMATE NORMAL PERIOD 1981 TO 2010
CLIMATE RECORD PERIOD 1887 TO 2017


WEATHER ITEM   OBSERVED TIME   RECORD YEAR NORMAL DEPARTURE LAST
                VALUE   (LST)  VALUE       VALUE  FROM      YEAR
                                                  NORMAL
..................................................................
TEMPERATURE (F)
 YESTERDAY
  MAXIMUM         86    358 PM 102    1936  82      4       86
  MINIMUM         68   1159 PM  46    1926  62      6       68
  AVERAGE         77                        72      5       77

PRECIPITATION (IN)
  YESTERDAY        0.00                      0.13  -0.13     0.22
  MONTH TO DATE    2.82                      1.84   0.98     1.06
  SINCE JUN 1      7.55                      5.67   1.88     4.57
  SINCE JAN 1     33.67                     21.40  12.27    19.24

SNOWFALL (IN)
  YESTERDAY        0.0                       0.0    0.0      0.0
  MONTH TO DATE    0.0                       0.0    0.0      0.0
  SINCE JUN 1      0.0                       0.0    0.0      0.0
  SINCE JUL 1      0.0                       0.0    0.0      0.0
  SNOW DEPTH       0

DEGREE DAYS
 HEATING
  YESTERDAY        0                         0      0        0
  MONTH TO DATE    0                         0      0        3
  SINCE JUN 1     23                        49    -26       22
  SINCE JUL 1      0                         0      0        3

 COOLING
  YESTERDAY       12                         7      5       12
  MONTH TO DATE  128                        98     30      122
  SINCE JUN 1    317                       233     84      316
  SINCE JAN 1    381                       275    106      377
..................................................................


WIND (MPH)
  HIGHEST WIND SPEED    15   HIGHEST WIND DIRECTION     W (280)
  HIGHEST GUST SPEED    21   HIGHEST GUST DIRECTION     W (280)
  AVERAGE WIND SPEED     7.7


SKY COVER
  POSSIBLE SUNSHINE  MM
  AVERAGE SKY COVER 0.7


WEATHER CONDITIONS
 THE FOLLOWING WEATHER WAS RECORDED YESTERDAY.
  FOG


RELATIVE HUMIDITY (PERCENT)
 HIGHEST    87          1200 AM
 LOWEST     45           400 PM
 AVERAGE    66

..........................................................


THE AKRON CANTON OH CLIMATE NORMALS FOR TODAY
                         NORMAL    RECORD    YEAR
 MAXIMUM TEMPERATURE (F)   82        96      1988
                                             1983
 MINIMUM TEMPERATURE (F)   62        46      1930


SUNRISE AND SUNSET
JULY 15 2017..........SUNRISE   607 AM EDT   SUNSET   856 PM EDT
JULY 16 2017..........SUNRISE   608 AM EDT   SUNSET   855 PM EDT


-  INDICATES NEGATIVE NUMBERS.
R  INDICATES RECORD WAS SET OR TIED.
MM INDICATES DATA IS MISSING.
T  INDICATES TRACE AMOUNT.




$$
