000
CDUS41 KCLE 050526
CLICAK


CLIMATE REPORT
NATIONAL WEATHER SERVICE CLEVELAND OH
126 AM EDT TUE APR 5 2016


...................................

...THE AKRON CANTON OH CLIMATE SUMMARY FOR APRIL 4 2016...

CLIMATE NORMAL PERIOD 1981 TO 2010
CLIMATE RECORD PERIOD 1887 TO 2016


WEATHER ITEM   OBSERVED TIME   RECORD YEAR NORMAL DEPARTURE LAST
                VALUE   (LST)  VALUE       VALUE  FROM      YEAR
                                                  NORMAL
..................................................................
TEMPERATURE (F)
 YESTERDAY
  MAXIMUM         54    524 AM  77    1921  55     -1       48
  MINIMUM         23   1159 PM  17    1936  35    -12       31
  AVERAGE         39                        45     -6       40

PRECIPITATION (IN)
  YESTERDAY        0.01                      0.11  -0.10      T
  MONTH TO DATE    0.51                      0.47   0.04     0.90
  SINCE MAR 1      5.09                      3.45   1.64     3.66
  SINCE JAN 1      9.68                      8.37   1.31     9.14

SNOWFALL (IN)
  YESTERDAY        0.1                       0.2   -0.1       T
  MONTH TO DATE    2.2                       0.7    1.5       T
  SINCE MAR 1      4.6                       8.9   -4.3      6.9
  SINCE JUL 1     27.3                      45.4  -18.1     59.8
  SNOW DEPTH       0

DEGREE DAYS
 HEATING
  YESTERDAY       26                        20      6       25
  MONTH TO DATE   97                        83     14       75
  SINCE MAR 1    699                       934   -235     1003
  SINCE JUL 1   4346                      5478  -1132     5846

 COOLING
  YESTERDAY        0                         0      0        0
  MONTH TO DATE    0                         0      0        0
  SINCE MAR 1      0                         0      0        0
  SINCE JAN 1      0                         0      0        0
..................................................................


WIND (MPH)
  HIGHEST WIND SPEED    24   HIGHEST WIND DIRECTION    SW (240)
  HIGHEST GUST SPEED    34   HIGHEST GUST DIRECTION    SW (230)
  AVERAGE WIND SPEED    14.9


SKY COVER
  POSSIBLE SUNSHINE  MM
  AVERAGE SKY COVER 0.9


WEATHER CONDITIONS
 THE FOLLOWING WEATHER WAS RECORDED YESTERDAY.
  LIGHT RAIN
  LIGHT SNOW
  FOG
  HAZE


RELATIVE HUMIDITY (PERCENT)
 HIGHEST    79           900 AM
 LOWEST     46           100 AM
 AVERAGE    63

..........................................................


THE AKRON CANTON OH CLIMATE NORMALS FOR TODAY
                         NORMAL    RECORD    YEAR
 MAXIMUM TEMPERATURE (F)   55        81      1910
 MINIMUM TEMPERATURE (F)   35        15      1995


SUNRISE AND SUNSET
APRIL  5 2016.........SUNRISE   702 AM EDT   SUNSET   755 PM EDT
APRIL  6 2016.........SUNRISE   700 AM EDT   SUNSET   756 PM EDT


-  INDICATES NEGATIVE NUMBERS.
R  INDICATES RECORD WAS SET OR TIED.
MM INDICATES DATA IS MISSING.
T  INDICATES TRACE AMOUNT.




$$
