000
CDUS41 KCLE 290527
CLICAK


CLIMATE REPORT
NATIONAL WEATHER SERVICE CLEVELAND OH
126 AM EDT THU SEP 29 2016


...................................

...THE AKRON CANTON OH CLIMATE SUMMARY FOR SEPTEMBER 28 2016...

CLIMATE NORMAL PERIOD 1981 TO 2010
CLIMATE RECORD PERIOD 1887 TO 2016


WEATHER ITEM   OBSERVED TIME   RECORD YEAR NORMAL DEPARTURE LAST
                VALUE   (LST)  VALUE       VALUE  FROM      YEAR
                                                  NORMAL
..................................................................
TEMPERATURE (F)
 YESTERDAY
  MAXIMUM         72   1222 PM  88    1959  68      4       77
  MINIMUM         53    458 AM  33    1942  49      4       63
  AVERAGE         63                        58      5       70

PRECIPITATION (IN)
  YESTERDAY        0.22                      0.11   0.11     0.10
  MONTH TO DATE    4.60                      3.24   1.36     2.84
  SINCE SEP 1      4.60                      3.24   1.36     2.84
  SINCE JAN 1     28.20                     30.44  -2.24    32.18

SNOWFALL (IN)
  YESTERDAY        0.0                       0.0    0.0      0.0
  MONTH TO DATE    0.0                       0.0    0.0      0.0
  SINCE SEP 1      0.0                       0.0    0.0      0.0
  SINCE JUL 1      0.0                       0.0    0.0      0.0
  SNOW DEPTH       0

DEGREE DAYS
 HEATING
  YESTERDAY        2                         8     -6        0
  MONTH TO DATE   19                       102    -83       24
  SINCE SEP 1     19                       102    -83       24
  SINCE JUL 1     22                       122   -100       33

 COOLING
  YESTERDAY        0                         1     -1        5
  MONTH TO DATE  155                        63     92      166
  SINCE SEP 1    155                        63     92      166
  SINCE JAN 1   1109                       645    464      950
..................................................................


WIND (MPH)
  HIGHEST WIND SPEED    20   HIGHEST WIND DIRECTION     S (170)
  HIGHEST GUST SPEED    23   HIGHEST GUST DIRECTION     S (160)
  AVERAGE WIND SPEED     8.1


SKY COVER
  POSSIBLE SUNSHINE  MM
  AVERAGE SKY COVER 0.7


WEATHER CONDITIONS
 THE FOLLOWING WEATHER WAS RECORDED YESTERDAY.
  RAIN
  LIGHT RAIN
  FOG


RELATIVE HUMIDITY (PERCENT)
 HIGHEST    93           900 PM
 LOWEST     38          1200 PM
 AVERAGE    66

..........................................................


THE AKRON CANTON OH CLIMATE NORMALS FOR TODAY
                         NORMAL    RECORD    YEAR
 MAXIMUM TEMPERATURE (F)   68        93      1953
 MINIMUM TEMPERATURE (F)   48        29      1942


SUNRISE AND SUNSET
SEPTEMBER 29 2016.....SUNRISE   721 AM EDT   SUNSET   710 PM EDT
SEPTEMBER 30 2016.....SUNRISE   722 AM EDT   SUNSET   709 PM EDT


-  INDICATES NEGATIVE NUMBERS.
R  INDICATES RECORD WAS SET OR TIED.
MM INDICATES DATA IS MISSING.
T  INDICATES TRACE AMOUNT.




$$
