000
CDUS41 KCLE 250526
CLICAK


CLIMATE REPORT
NATIONAL WEATHER SERVICE CLEVELAND OH
126 AM EDT SAT MAR 25 2017


...................................

...THE AKRON CANTON OH CLIMATE SUMMARY FOR MARCH 24 2017...

CLIMATE NORMAL PERIOD 1981 TO 2010
CLIMATE RECORD PERIOD 1887 TO 2017


WEATHER ITEM   OBSERVED TIME   RECORD YEAR NORMAL DEPARTURE LAST
                VALUE   (LST)  VALUE       VALUE  FROM      YEAR
                                                  NORMAL
..................................................................
TEMPERATURE (F)
 YESTERDAY
  MAXIMUM         72    519 PM  82    1910  50     22       72
  MINIMUM         39    228 AM   8    1906  31      8       54
  AVERAGE         56                        40     16       63

PRECIPITATION (IN)
  YESTERDAY        0.30                      0.10   0.20     0.81
  MONTH TO DATE    3.11                      2.23   0.88     3.39
  SINCE MAR 1      3.11                      2.23   0.88     3.39
  SINCE JAN 1     11.62                      7.15   4.47     7.98

SNOWFALL (IN)
  YESTERDAY        0.0                       0.3   -0.3      0.0
  MONTH TO DATE   13.5                       7.0    6.5      2.4
  SINCE MAR 1     13.5                       7.0    6.5      2.4
  SINCE JUL 1     34.7                      43.5   -8.8     25.1
  SNOW DEPTH       0

DEGREE DAYS
 HEATING
  YESTERDAY        9                        25    -16        2
  MONTH TO DATE  729                       690     39      488
  SINCE MAR 1    729                       690     39      488
  SINCE JUL 1   4329                      5234   -905     4135

 COOLING
  YESTERDAY        0                         0      0        0
  MONTH TO DATE    0                         0      0        0
  SINCE MAR 1      0                         0      0        0
  SINCE JAN 1      2                         0      2        0
..................................................................


WIND (MPH)
  HIGHEST WIND SPEED    28   HIGHEST WIND DIRECTION    SW (220)
  HIGHEST GUST SPEED    35   HIGHEST GUST DIRECTION    SW (230)
  AVERAGE WIND SPEED    15.1


SKY COVER
  POSSIBLE SUNSHINE  MM
  AVERAGE SKY COVER 0.7


WEATHER CONDITIONS
 THE FOLLOWING WEATHER WAS RECORDED YESTERDAY.
  RAIN
  LIGHT RAIN


RELATIVE HUMIDITY (PERCENT)
 HIGHEST    79           400 AM
 LOWEST     25           100 AM
 AVERAGE    52

..........................................................


THE AKRON CANTON OH CLIMATE NORMALS FOR TODAY
                         NORMAL    RECORD    YEAR
 MAXIMUM TEMPERATURE (F)   50        81      1945
 MINIMUM TEMPERATURE (F)   31         1      1974


SUNRISE AND SUNSET
MARCH 25 2017.........SUNRISE   720 AM EDT   SUNSET   743 PM EDT
MARCH 26 2017.........SUNRISE   719 AM EDT   SUNSET   745 PM EDT


-  INDICATES NEGATIVE NUMBERS.
R  INDICATES RECORD WAS SET OR TIED.
MM INDICATES DATA IS MISSING.
T  INDICATES TRACE AMOUNT.




$$
