558
CDUS41 KCLE 200525
CLICAK


CLIMATE REPORT
NATIONAL WEATHER SERVICE CLEVELAND OH
1225 AM EST MON FEB 20 2017


...................................

...THE AKRON CANTON OH CLIMATE SUMMARY FOR FEBRUARY 19 2017...

CLIMATE NORMAL PERIOD 1981 TO 2010
CLIMATE RECORD PERIOD 1887 TO 2017


WEATHER ITEM   OBSERVED TIME   RECORD YEAR NORMAL DEPARTURE LAST
                VALUE   (LST)  VALUE       VALUE  FROM      YEAR
                                                  NORMAL
..................................................................
TEMPERATURE (F)
 YESTERDAY
  MAXIMUM         64    339 PM  65    1939  38     26       52
  MINIMUM         36    712 AM  -9    1936  22     14       26
  AVERAGE         50                        30     20       39

PRECIPITATION (IN)
  YESTERDAY        0.00                      0.08  -0.08     0.00
  MONTH TO DATE    1.41                      1.54  -0.13     1.69
  SINCE DEC 1     10.55                      6.99   3.56     6.60
  SINCE JAN 1      7.55                      4.15   3.40     2.90

SNOWFALL (IN)
  YESTERDAY        0.0                       0.4   -0.4      0.0
  MONTH TO DATE    4.2                       7.0   -2.8     14.3
  SINCE DEC 1     19.1                      29.6  -10.5     20.6
  SINCE JUL 1     21.2                      33.0  -11.8     20.6
  SNOW DEPTH       0

DEGREE DAYS
 HEATING
  YESTERDAY       15                        35    -20       26
  MONTH TO DATE  558                       702   -144      704
  SINCE DEC 1   2584                      2979   -395     2524
  SINCE JUL 1   3462                      4238   -776     3404

 COOLING
  YESTERDAY        0                         0      0        0
  MONTH TO DATE    0                         0      0        0
  SINCE DEC 1      0                         0      0        0
  SINCE JAN 1      0                         0      0        0
..................................................................


WIND (MPH)
  HIGHEST WIND SPEED    17   HIGHEST WIND DIRECTION     W (270)
  HIGHEST GUST SPEED    21   HIGHEST GUST DIRECTION    NW (310)
  AVERAGE WIND SPEED     7.5


SKY COVER
  POSSIBLE SUNSHINE  MM
  AVERAGE SKY COVER 0.2


WEATHER CONDITIONS
 THE FOLLOWING WEATHER WAS RECORDED YESTERDAY.
  FOG
  HAZE


RELATIVE HUMIDITY (PERCENT)
 HIGHEST    92           500 AM
 LOWEST     32           400 PM
 AVERAGE    62

..........................................................


THE AKRON CANTON OH CLIMATE NORMALS FOR TODAY
                         NORMAL    RECORD    YEAR
 MAXIMUM TEMPERATURE (F)   38        67      2016
 MINIMUM TEMPERATURE (F)   22       -10      2015


SUNRISE AND SUNSET
FEBRUARY 20 2017......SUNRISE   713 AM EST   SUNSET   607 PM EST
FEBRUARY 21 2017......SUNRISE   711 AM EST   SUNSET   608 PM EST


-  INDICATES NEGATIVE NUMBERS.
R  INDICATES RECORD WAS SET OR TIED.
MM INDICATES DATA IS MISSING.
T  INDICATES TRACE AMOUNT.




$$
