000
CDUS41 KCLE 220542
CLICAK


CLIMATE REPORT
NATIONAL WEATHER SERVICE CLEVELAND OH
141 AM EDT WED MAR 22 2017


...................................

...THE AKRON CANTON OH CLIMATE SUMMARY FOR MARCH 21 2017...

CLIMATE NORMAL PERIOD 1981 TO 2010
CLIMATE RECORD PERIOD 1887 TO 2017


WEATHER ITEM   OBSERVED TIME   RECORD YEAR NORMAL DEPARTURE LAST
                VALUE   (LST)  VALUE       VALUE  FROM      YEAR
                                                  NORMAL
..................................................................
TEMPERATURE (F)
 YESTERDAY
  MAXIMUM         57    306 PM  80    2012  49      8       42
  MINIMUM         33   1159 PM   8    1986  30      3       23
  AVERAGE         45                        39      6       33

PRECIPITATION (IN)
  YESTERDAY        0.00                      0.10  -0.10      T
  MONTH TO DATE    2.81                      1.92   0.89     2.58
  SINCE MAR 1      2.81                      1.92   0.89     2.58
  SINCE JAN 1     11.32                      6.84   4.48     7.17

SNOWFALL (IN)
  YESTERDAY        0.0                       0.3   -0.3       T
  MONTH TO DATE   13.5                       6.3    7.2      2.4
  SINCE MAR 1     13.5                       6.3    7.2      2.4
  SINCE JUL 1     34.7                      42.8   -8.1     25.1
  SNOW DEPTH       0

DEGREE DAYS
 HEATING
  YESTERDAY       20                        26     -6       32
  MONTH TO DATE  654                       615     39      458
  SINCE MAR 1    654                       615     39      458
  SINCE JUL 1   4254                      5159   -905     4105

 COOLING
  YESTERDAY        0                         0      0        0
  MONTH TO DATE    0                         0      0        0
  SINCE MAR 1      0                         0      0        0
  SINCE JAN 1      2                         0      2        0
..................................................................


WIND (MPH)
  HIGHEST WIND SPEED    25   HIGHEST WIND DIRECTION     N (10)
  HIGHEST GUST SPEED    32   HIGHEST GUST DIRECTION     N (360)
  AVERAGE WIND SPEED     9.1


SKY COVER
  POSSIBLE SUNSHINE  MM
  AVERAGE SKY COVER 0.7


WEATHER CONDITIONS
 THE FOLLOWING WEATHER WAS RECORDED YESTERDAY.
  LIGHT RAIN
  FOG
  HAZE


RELATIVE HUMIDITY (PERCENT)
 HIGHEST    82           200 AM
 LOWEST     33           300 PM
 AVERAGE    58

..........................................................


THE AKRON CANTON OH CLIMATE NORMALS FOR TODAY
                         NORMAL    RECORD    YEAR
 MAXIMUM TEMPERATURE (F)   49        83      2012
 MINIMUM TEMPERATURE (F)   30        10      1906
                                             1888


SUNRISE AND SUNSET
MARCH 22 2017.........SUNRISE   725 AM EDT   SUNSET   740 PM EDT
MARCH 23 2017.........SUNRISE   724 AM EDT   SUNSET   741 PM EDT


-  INDICATES NEGATIVE NUMBERS.
R  INDICATES RECORD WAS SET OR TIED.
MM INDICATES DATA IS MISSING.
T  INDICATES TRACE AMOUNT.




$$
