774
CDUS41 KCLE 152222
CLICAK


CLIMATE REPORT
NATIONAL WEATHER SERVICE CLEVELAND OH
520 PM EST MON JAN 15 2018


...................................

...THE AKRON CANTON OH CLIMATE SUMMARY FOR JANUARY 15 2018...
VALID TODAY AS OF 0500 PM LOCAL TIME.

CLIMATE NORMAL PERIOD 1981 TO 2010
CLIMATE RECORD PERIOD 1887 TO 2018


WEATHER ITEM   OBSERVED TIME   RECORD YEAR NORMAL DEPARTURE LAST
                VALUE   (LST)  VALUE       VALUE  FROM      YEAR
                                                  NORMAL
..................................................................
TEMPERATURE (F)
 TODAY
  MAXIMUM         25    359 PM  63    1932  33     -8       34
  MINIMUM          9    240 AM -11    1972  19    -10       21
  AVERAGE         17                        26     -9       28

PRECIPITATION (IN)
  TODAY            0.06                      0.08  -0.02     0.00
  MONTH TO DATE    1.51                      1.29   0.22     3.77
  SINCE DEC 1      3.41                      4.13  -0.72     6.77
  SINCE JAN 1      1.51                      1.29   0.22     3.77

SNOWFALL (IN)
  TODAY            1.2                       0.4    0.8      0.0
  MONTH TO DATE    7.9                       5.9    2.0      3.8
  SINCE DEC 1     21.9                      16.1    5.8     11.3
  SINCE JUL 1     22.0                      19.5    2.5     13.4
  SNOW DEPTH       3

DEGREE DAYS
 HEATING
  TODAY           48                        39      9       37
  MONTH TO DATE  681                       583     98      547
  SINCE DEC 1   1809                      1654    155     1613
  SINCE JUL 1   2799                      2913   -114     2491

 COOLING
  TODAY            0                         0      0        0
  MONTH TO DATE    0                         0      0        0
  SINCE DEC 1      0                         0      0        0
  SINCE JAN 1      0                         0      0        0
..................................................................


WIND (MPH)
  HIGHEST WIND SPEED    17   HIGHEST WIND DIRECTION     S (170)
  HIGHEST GUST SPEED    20   HIGHEST GUST DIRECTION     S (170)


SKY COVER
  POSSIBLE SUNSHINE  MM
  AVERAGE SKY COVER 1.0


WEATHER CONDITIONS
 THE FOLLOWING WEATHER WAS RECORDED TODAY.
  LIGHT SNOW
  FOG


RELATIVE HUMIDITY (PERCENT)
 HIGHEST    81           200 PM
 LOWEST     61           700 AM
 AVERAGE    71

..........................................................


THE AKRON CANTON OH CLIMATE NORMALS FOR TOMORROW
                         NORMAL    RECORD    YEAR
 MAXIMUM TEMPERATURE (F)   33        55      1953
 MINIMUM TEMPERATURE (F)   19       -16      1982


SUNRISE AND SUNSET
JANUARY 15 2018.......SUNRISE   748 AM EST   SUNSET   523 PM EST
JANUARY 16 2018.......SUNRISE   748 AM EST   SUNSET   524 PM EST


-  INDICATES NEGATIVE NUMBERS.
R  INDICATES RECORD WAS SET OR TIED.
MM INDICATES DATA IS MISSING.
T  INDICATES TRACE AMOUNT.




$$
