000
CDUS41 KCLE 110533
CLICAK


CLIMATE REPORT
NATIONAL WEATHER SERVICE CLEVELAND OH
1233 AM EST MON DEC 11 2017


...................................

...THE AKRON CANTON OH CLIMATE SUMMARY FOR DECEMBER 10 2017...

CLIMATE NORMAL PERIOD 1981 TO 2010
CLIMATE RECORD PERIOD 1887 TO 2017


WEATHER ITEM   OBSERVED TIME   RECORD YEAR NORMAL DEPARTURE LAST
                VALUE   (LST)  VALUE       VALUE  FROM      YEAR
                                                  NORMAL
..................................................................
TEMPERATURE (F)
 YESTERDAY
  MAXIMUM         30   1159 PM  67    1971  39     -9       27
  MINIMUM         25    822 AM -11    1958  26     -1       22
  AVERAGE         28                        32     -4       25

PRECIPITATION (IN)
  YESTERDAY        T                         0.10  -0.10      T
  MONTH TO DATE    0.19                      0.99  -0.80     0.61
  SINCE DEC 1      0.19                      0.99  -0.80     0.61
  SINCE JAN 1     46.77                     37.77   9.00    36.26

SNOWFALL (IN)
  YESTERDAY        T                         0.3   -0.3       T
  MONTH TO DATE    0.3                       2.8   -2.5      0.7
  SINCE DEC 1      0.3                       2.8   -2.5      0.7
  SINCE JUL 1      0.4                       6.2   -5.8      2.8
  SNOW DEPTH       T

DEGREE DAYS
 HEATING
  YESTERDAY       37                        33      4       40
  MONTH TO DATE  301                       314    -13      320
  SINCE DEC 1    301                       314    -13      320
  SINCE JUL 1   1291                      1573   -282     1198

 COOLING
  YESTERDAY        0                         0      0        0
  MONTH TO DATE    0                         0      0        0
  SINCE DEC 1      0                         0      0        0
  SINCE JAN 1    926                       652    274     1133
..................................................................


WIND (MPH)
  HIGHEST WIND SPEED    24   HIGHEST WIND DIRECTION     W (250)
  HIGHEST GUST SPEED    32   HIGHEST GUST DIRECTION     W (250)
  AVERAGE WIND SPEED    12.9


SKY COVER
  POSSIBLE SUNSHINE  MM
  AVERAGE SKY COVER 1.0


WEATHER CONDITIONS
 THE FOLLOWING WEATHER WAS RECORDED YESTERDAY.
  LIGHT SNOW
  HAZE


RELATIVE HUMIDITY (PERCENT)
 HIGHEST    81           100 AM
 LOWEST     53           300 PM
 AVERAGE    67

..........................................................


THE AKRON CANTON OH CLIMATE NORMALS FOR TODAY
                         NORMAL    RECORD    YEAR
 MAXIMUM TEMPERATURE (F)   38        62      2007
                                             1979
 MINIMUM TEMPERATURE (F)   25        -5      1917


SUNRISE AND SUNSET
DECEMBER 11 2017......SUNRISE   740 AM EST   SUNSET   458 PM EST
DECEMBER 12 2017......SUNRISE   741 AM EST   SUNSET   458 PM EST


-  INDICATES NEGATIVE NUMBERS.
R  INDICATES RECORD WAS SET OR TIED.
MM INDICATES DATA IS MISSING.
T  INDICATES TRACE AMOUNT.




$$
