000
CDUS41 KCLE 262114
CLICAK


CLIMATE REPORT
NATIONAL WEATHER SERVICE CLEVELAND OH
513 PM EDT FRI MAY 26 2017


...................................

...THE AKRON CANTON OH CLIMATE SUMMARY FOR MAY 26 2017...
VALID TODAY AS OF 0500 PM LOCAL TIME.

CLIMATE NORMAL PERIOD 1981 TO 2010
CLIMATE RECORD PERIOD 1887 TO 2017


WEATHER ITEM   OBSERVED TIME   RECORD YEAR NORMAL DEPARTURE LAST
                VALUE   (LST)  VALUE       VALUE  FROM      YEAR
                                                  NORMAL
..................................................................
TEMPERATURE (F)
 TODAY
  MAXIMUM         66    358 PM  89    1939  72     -6       82
                                      1914
  MINIMUM         57    935 AM  32    1961  52      5       66
                                      1925
  AVERAGE         62                        62      0       74

PRECIPITATION (IN)
  TODAY            0.18                      0.15   0.03     0.00
  MONTH TO DATE    6.73                      3.57   3.16     1.97
  SINCE MAR 1     16.84                     10.10   6.74    10.05
  SINCE JAN 1     25.35                     15.02  10.33    14.64

SNOWFALL (IN)
  TODAY            0.0                       0.0    0.0      0.0
  MONTH TO DATE    0.0                       0.1   -0.1       T
  SINCE MAR 1     16.0                      11.0    5.0      7.5
  SINCE JUL 1     37.2                      47.5  -10.3     30.2
  SNOW DEPTH       0

DEGREE DAYS
 HEATING
  TODAY            3                         5     -2        0
  MONTH TO DATE  195                       204     -9      221
  SINCE MAR 1   1273                      1536   -263     1334
  SINCE JUL 1   4873                      6080  -1207     4981

 COOLING
  TODAY            0                         2     -2        9
  MONTH TO DATE   26                        25      1       15
  SINCE MAR 1     48                        31     17       15
  SINCE JAN 1     50                        31     19       15
..................................................................


WIND (MPH)
  HIGHEST WIND SPEED    18   HIGHEST WIND DIRECTION     W (290)
  HIGHEST GUST SPEED    23   HIGHEST GUST DIRECTION     W (290)


SKY COVER
  POSSIBLE SUNSHINE  MM
  AVERAGE SKY COVER 0.9


WEATHER CONDITIONS
 THE FOLLOWING WEATHER WAS RECORDED TODAY.
  RAIN
  LIGHT RAIN
  FOG
  HAZE


RELATIVE HUMIDITY (PERCENT)
 HIGHEST    87           100 AM
 LOWEST     63           400 PM
 AVERAGE    75

..........................................................


THE AKRON CANTON OH CLIMATE NORMALS FOR TOMORROW
                         NORMAL    RECORD    YEAR
 MAXIMUM TEMPERATURE (F)   72        92      1978
 MINIMUM TEMPERATURE (F)   52        30      1961


SUNRISE AND SUNSET
MAY 26 2017...........SUNRISE   559 AM EDT   SUNSET   847 PM EDT
MAY 27 2017...........SUNRISE   559 AM EDT   SUNSET   848 PM EDT


-  INDICATES NEGATIVE NUMBERS.
R  INDICATES RECORD WAS SET OR TIED.
MM INDICATES DATA IS MISSING.
T  INDICATES TRACE AMOUNT.




$$
