000
CDUS41 KCLE 232116
CLICAK


CLIMATE REPORT
NATIONAL WEATHER SERVICE CLEVELAND OH
515 PM EDT SAT MAY 23 2015


...................................

...THE AKRON CANTON OH CLIMATE SUMMARY FOR MAY 23 2015...
VALID TODAY AS OF 0500 PM LOCAL TIME.

CLIMATE NORMAL PERIOD 1981 TO 2010
CLIMATE RECORD PERIOD 1887 TO 2015


WEATHER ITEM   OBSERVED TIME   RECORD YEAR NORMAL DEPARTURE LAST
                VALUE   (LST)  VALUE       VALUE  FROM      YEAR
                                                  NORMAL
..................................................................
TEMPERATURE (F)
 TODAY
  MAXIMUM         74    345 PM  92    1991  71      3       65
  MINIMUM         40    324 AM  32    1967  51    -11       51
  AVERAGE         57                        61     -4       58

PRECIPITATION (IN)
  TODAY            0.00                      0.15  -0.15     0.00
  MONTH TO DATE    0.47                      3.14  -2.67     3.31
  SINCE MAR 1      7.07                      9.67  -2.60    12.13
  SINCE JAN 1     12.55                     14.59  -2.04    15.64

SNOWFALL (IN)
  TODAY            0.0                       0.0    0.0      0.0
  MONTH TO DATE    0.0                       0.1   -0.1       T
  SINCE MAR 1      6.9                      11.0   -4.1     10.6
  SINCE JUL 1     59.8                      47.5   12.3     69.9
  SNOW DEPTH       0

DEGREE DAYS
 HEATING
  TODAY            8                         6      2        7
  MONTH TO DATE  101                       188    -87      153
  SINCE MAR 1   1431                      1520    -89     1581
  SINCE JUL 1   6274                      6064    210     6404

 COOLING
  TODAY            0                         2     -2        0
  MONTH TO DATE   86                        19     67       44
  SINCE MAR 1     88                        25     63       47
  SINCE JAN 1     88                        25     63       47
..................................................................


WIND (MPH)
  HIGHEST WIND SPEED    15   HIGHEST WIND DIRECTION     W (250)
  HIGHEST GUST SPEED    20   HIGHEST GUST DIRECTION    NW (300)


SKY COVER
  POSSIBLE SUNSHINE  MM
  AVERAGE SKY COVER 0.2


WEATHER CONDITIONS
 THE FOLLOWING WEATHER WAS RECORDED TODAY.
  NO SIGNIFICANT WEATHER WAS OBSERVED.


RELATIVE HUMIDITY (PERCENT)
 HIGHEST    62           600 AM
 LOWEST     25           200 PM
 AVERAGE    44

..........................................................


THE AKRON CANTON OH CLIMATE NORMALS FOR TOMORROW
                         NORMAL    RECORD    YEAR
 MAXIMUM TEMPERATURE (F)   71        88      1912
 MINIMUM TEMPERATURE (F)   51        30      1956


SUNRISE AND SUNSET
MAY 23 2015...........SUNRISE   602 AM EDT   SUNSET   844 PM EDT
MAY 24 2015...........SUNRISE   601 AM EDT   SUNSET   845 PM EDT


-  INDICATES NEGATIVE NUMBERS.
R  INDICATES RECORD WAS SET OR TIED.
MM INDICATES DATA IS MISSING.
T  INDICATES TRACE AMOUNT.




$$
