000
CDUS41 KCLE 210545
CLICAK


CLIMATE REPORT
NATIONAL WEATHER SERVICE CLEVELAND OH
145 AM EDT TUE OCT 21 2014


...................................

...THE AKRON CANTON OH CLIMATE SUMMARY FOR OCTOBER 20 2014...

CLIMATE NORMAL PERIOD 1981 TO 2010
CLIMATE RECORD PERIOD 1887 TO 2014


WEATHER ITEM   OBSERVED TIME   RECORD YEAR NORMAL DEPARTURE LAST
                VALUE   (LST)  VALUE       VALUE  FROM      YEAR
                                                  NORMAL
..................................................................
TEMPERATURE (F)
 YESTERDAY
  MAXIMUM         57    323 PM  82    1920  60     -3       57
  MINIMUM         45    346 AM  20    1952  41      4       39
  AVERAGE         51                        50      1       48

PRECIPITATION (IN)
  YESTERDAY        0.15                      0.08   0.07     0.00
  MONTH TO DATE    2.21                      1.81   0.40     4.84
  SINCE SEP 1      3.41                      5.26  -1.85     7.74
  SINCE JAN 1     39.20                     32.46   6.74    34.81

SNOWFALL (IN)
  YESTERDAY       MM                         0.0   MM        0.0
  MONTH TO DATE    0.0                       0.1   -0.1      0.0
  SINCE SEP 1      0.0                       0.1   -0.1      0.0
  SINCE JUL 1      0.0                       0.1   -0.1      0.0
  SNOW DEPTH       0

DEGREE DAYS
 HEATING
  YESTERDAY       14                        15     -1       17
  MONTH TO DATE  199                       235    -36      134
  SINCE SEP 1    286                       354    -68      236
  SINCE JUL 1    302                       374    -72      249

 COOLING
  YESTERDAY        0                         0      0        0
  MONTH TO DATE    4                         3      1       28
  SINCE SEP 1     83                        67     16      105
  SINCE JAN 1    719                       649     70      829
..................................................................


WIND (MPH)
  HIGHEST WIND SPEED    16   HIGHEST WIND DIRECTION     S (190)
  HIGHEST GUST SPEED    22   HIGHEST GUST DIRECTION     S (180)
  AVERAGE WIND SPEED     9.7


SKY COVER
  POSSIBLE SUNSHINE  MM
  AVERAGE SKY COVER 1.0


WEATHER CONDITIONS
 THE FOLLOWING WEATHER WAS RECORDED YESTERDAY.
  LIGHT RAIN
  FOG


RELATIVE HUMIDITY (PERCENT)
 HIGHEST    89           800 PM
 LOWEST     61          1200 PM
 AVERAGE    75

..........................................................


THE AKRON CANTON OH CLIMATE NORMALS FOR TODAY
                         NORMAL    RECORD    YEAR
 MAXIMUM TEMPERATURE (F)   59        80      1920
 MINIMUM TEMPERATURE (F)   41        22      1952


SUNRISE AND SUNSET
OCTOBER 21 2014.......SUNRISE   744 AM EDT   SUNSET   636 PM EDT
OCTOBER 22 2014.......SUNRISE   745 AM EDT   SUNSET   635 PM EDT


-  INDICATES NEGATIVE NUMBERS.
R  INDICATES RECORD WAS SET OR TIED.
MM INDICATES DATA IS MISSING.
T  INDICATES TRACE AMOUNT.




$$
