221
CDUS41 KCLE 180545
CLICAK


CLIMATE REPORT
NATIONAL WEATHER SERVICE CLEVELAND OH
145 AM EDT MON SEP 18 2017


...................................

...THE AKRON CANTON OH CLIMATE SUMMARY FOR SEPTEMBER 17 2017...

CLIMATE NORMAL PERIOD 1981 TO 2010
CLIMATE RECORD PERIOD 1887 TO 2017


WEATHER ITEM   OBSERVED TIME   RECORD YEAR NORMAL DEPARTURE LAST
                VALUE   (LST)  VALUE       VALUE  FROM      YEAR
                                                  NORMAL
..................................................................
TEMPERATURE (F)
 YESTERDAY
  MAXIMUM         84    402 PM  90    1955  73     11       81
  MINIMUM         60    634 AM  35    1959  53      7       69
  AVERAGE         72                        63      9       75

PRECIPITATION (IN)
  YESTERDAY        0.00                      0.12  -0.12     0.71
  MONTH TO DATE    2.01                      2.02  -0.01     3.12
  SINCE SEP 1      2.01                      2.02  -0.01     3.12
  SINCE JAN 1     36.68                     29.22   7.46    26.72

SNOWFALL (IN)
  YESTERDAY        0.0                       0.0    0.0      0.0
  MONTH TO DATE    0.0                       0.0    0.0      0.0
  SINCE SEP 1      0.0                       0.0    0.0      0.0
  SINCE JUL 1      0.0                       0.0    0.0      0.0
  SNOW DEPTH       0

DEGREE DAYS
 HEATING
  YESTERDAY        0                         4     -4        0
  MONTH TO DATE   49                        37     12        1
  SINCE SEP 1     49                        37     12        1
  SINCE JUL 1     55                        57     -2        4

 COOLING
  YESTERDAY        7                         2      5       10
  MONTH TO DATE   30                        50    -20      104
  SINCE SEP 1     30                        50    -20      104
  SINCE JAN 1    772                       632    140     1058
..................................................................


WIND (MPH)
  HIGHEST WIND SPEED     8   HIGHEST WIND DIRECTION    SW (210)
  HIGHEST GUST SPEED    10   HIGHEST GUST DIRECTION    SW (220)
  AVERAGE WIND SPEED     1.9


SKY COVER
  POSSIBLE SUNSHINE  MM
  AVERAGE SKY COVER 0.3


WEATHER CONDITIONS
 THE FOLLOWING WEATHER WAS RECORDED YESTERDAY.
  FOG
  FOG W/VISIBILITY <= 1/4 MILE


RELATIVE HUMIDITY (PERCENT)
 HIGHEST    93          1200 AM
 LOWEST     44           400 PM
 AVERAGE    69

..........................................................


THE AKRON CANTON OH CLIMATE NORMALS FOR TODAY
                         NORMAL    RECORD    YEAR
 MAXIMUM TEMPERATURE (F)   72        91      1955
                                             1895
 MINIMUM TEMPERATURE (F)   53        37      1959


SUNRISE AND SUNSET
SEPTEMBER 18 2017.....SUNRISE   709 AM EDT   SUNSET   729 PM EDT
SEPTEMBER 19 2017.....SUNRISE   710 AM EDT   SUNSET   728 PM EDT


-  INDICATES NEGATIVE NUMBERS.
R  INDICATES RECORD WAS SET OR TIED.
MM INDICATES DATA IS MISSING.
T  INDICATES TRACE AMOUNT.




$$
