697
CDUS41 KCLE 180537
CLICAK


CLIMATE REPORT
NATIONAL WEATHER SERVICE CLEVELAND OH
1236 AM EST SUN FEB 18 2018


...................................

...THE AKRON CANTON OH CLIMATE SUMMARY FOR FEBRUARY 17 2018...

CLIMATE NORMAL PERIOD 1981 TO 2010
CLIMATE RECORD PERIOD 1887 TO 2018


WEATHER ITEM   OBSERVED TIME   RECORD YEAR NORMAL DEPARTURE LAST
                VALUE   (LST)  VALUE       VALUE  FROM      YEAR
                                                  NORMAL
..................................................................
TEMPERATURE (F)
 YESTERDAY
  MAXIMUM         34    358 PM  60    2006  37     -3       54
  MINIMUM         28    759 AM -13    1979  22      6       25
  AVERAGE         31                        29      2       40

PRECIPITATION (IN)
  YESTERDAY        0.05                      0.08  -0.03     0.00
  MONTH TO DATE    2.46                      1.38   1.08     1.41
  SINCE DEC 1      6.55                      6.83  -0.28    10.55
  SINCE JAN 1      4.65                      3.99   0.66     7.55

SNOWFALL (IN)
  YESTERDAY        0.5                       0.3    0.2      0.0
  MONTH TO DATE   10.9                       6.2    4.7      4.2
  SINCE DEC 1     37.1                      28.8    8.3     19.1
  SINCE JUL 1     37.2                      32.2    5.0     21.2
  SNOW DEPTH       0

DEGREE DAYS
 HEATING
  YESTERDAY       34                        36     -2       25
  MONTH TO DATE  616                       632    -16      532
  SINCE DEC 1   2971                      2909     62     2558
  SINCE JUL 1   3961                      4168   -207     3436

 COOLING
  YESTERDAY        0                         0      0        0
  MONTH TO DATE    0                         0      0        0
  SINCE DEC 1      0                         0      0        0
  SINCE JAN 1      0                         0      0        0
..................................................................


WIND (MPH)
  HIGHEST WIND SPEED    15   HIGHEST WIND DIRECTION     S (160)
  HIGHEST GUST SPEED    18   HIGHEST GUST DIRECTION     S (170)
  AVERAGE WIND SPEED     6.1


SKY COVER
  POSSIBLE SUNSHINE  MM
  AVERAGE SKY COVER 1.0


WEATHER CONDITIONS
 THE FOLLOWING WEATHER WAS RECORDED YESTERDAY.
  LIGHT SNOW
  FOG


RELATIVE HUMIDITY (PERCENT)
 HIGHEST    92           800 PM
 LOWEST     58          1200 AM
 AVERAGE    75

..........................................................


THE AKRON CANTON OH CLIMATE NORMALS FOR TODAY
                         NORMAL    RECORD    YEAR
 MAXIMUM TEMPERATURE (F)   37        68      2017
 MINIMUM TEMPERATURE (F)   22        -8      1936


SUNRISE AND SUNSET
FEBRUARY 18 2018......SUNRISE   716 AM EST   SUNSET   604 PM EST
FEBRUARY 19 2018......SUNRISE   714 AM EST   SUNSET   605 PM EST


-  INDICATES NEGATIVE NUMBERS.
R  INDICATES RECORD WAS SET OR TIED.
MM INDICATES DATA IS MISSING.
T  INDICATES TRACE AMOUNT.




$$
