000
CDUS41 KCLE 220527
CLICAK


CLIMATE REPORT
NATIONAL WEATHER SERVICE CLEVELAND OH
126 AM EDT SUN MAY 22 2016


...................................

...THE AKRON CANTON OH CLIMATE SUMMARY FOR MAY 21 2016...

CLIMATE NORMAL PERIOD 1981 TO 2010
CLIMATE RECORD PERIOD 1887 TO 2016


WEATHER ITEM   OBSERVED TIME   RECORD YEAR NORMAL DEPARTURE LAST
                VALUE   (LST)  VALUE       VALUE  FROM      YEAR
                                                  NORMAL
..................................................................
TEMPERATURE (F)
 YESTERDAY
  MAXIMUM         59    135 PM  91    1934  71    -12       60
  MINIMUM         52   1159 PM  31    1895  50      2       45
  AVERAGE         56                        60     -4       53

PRECIPITATION (IN)
  YESTERDAY        0.57                      0.15   0.42     0.02
  MONTH TO DATE    1.97                      2.85  -0.88     0.47
  SINCE MAR 1     10.05                      9.38   0.67     7.07
  SINCE JAN 1     14.64                     14.30   0.34    12.55

SNOWFALL (IN)
  YESTERDAY        0.0                       0.0    0.0      0.0
  MONTH TO DATE    T                         0.1   -0.1      0.0
  SINCE MAR 1      7.5                      11.0   -3.5      6.9
  SINCE JUL 1     30.2                      47.5  -17.3     59.8
  SNOW DEPTH       0

DEGREE DAYS
 HEATING
  YESTERDAY        9                         6      3       12
  MONTH TO DATE  210                       176     34       84
  SINCE MAR 1   1323                      1508   -185     1414
  SINCE JUL 1   4970                      6052  -1082     6257

 COOLING
  YESTERDAY        0                         1     -1        0
  MONTH TO DATE    1                        15    -14       86
  SINCE MAR 1      1                        21    -20       88
  SINCE JAN 1      1                        21    -20       88
..................................................................


WIND (MPH)
  HIGHEST WIND SPEED    15   HIGHEST WIND DIRECTION     N (20)
  HIGHEST GUST SPEED    22   HIGHEST GUST DIRECTION    NE (40)
  AVERAGE WIND SPEED     7.8


SKY COVER
  POSSIBLE SUNSHINE  MM
  AVERAGE SKY COVER 1.0


WEATHER CONDITIONS
 THE FOLLOWING WEATHER WAS RECORDED YESTERDAY.
  LIGHT RAIN
  FOG


RELATIVE HUMIDITY (PERCENT)
 HIGHEST    93           200 AM
 LOWEST     72          1200 AM
 AVERAGE    83

..........................................................


THE AKRON CANTON OH CLIMATE NORMALS FOR TODAY
                         NORMAL    RECORD    YEAR
 MAXIMUM TEMPERATURE (F)   71        91      1941
 MINIMUM TEMPERATURE (F)   50        34      2002
                                             1935
                                             1895


SUNRISE AND SUNSET
MAY 22 2016...........SUNRISE   602 AM EDT   SUNSET   844 PM EDT
MAY 23 2016...........SUNRISE   601 AM EDT   SUNSET   844 PM EDT


-  INDICATES NEGATIVE NUMBERS.
R  INDICATES RECORD WAS SET OR TIED.
MM INDICATES DATA IS MISSING.
T  INDICATES TRACE AMOUNT.




$$
