000
CDUS41 KCLE 240537
CLICAK


CLIMATE REPORT
NATIONAL WEATHER SERVICE CLEVELAND OH
1236 AM EST WED DEC 24 2014


...................................

...THE AKRON CANTON OH CLIMATE SUMMARY FOR DECEMBER 23 2014...

CLIMATE NORMAL PERIOD 1981 TO 2010
CLIMATE RECORD PERIOD 1887 TO 2014


WEATHER ITEM   OBSERVED TIME   RECORD YEAR NORMAL DEPARTURE LAST
                VALUE   (LST)  VALUE       VALUE  FROM      YEAR
                                                  NORMAL
..................................................................
TEMPERATURE (F)
 YESTERDAY
  MAXIMUM         53   1159 PM  59    1957  35     18       45
  MINIMUM         37    142 AM  -6    1960  22     15       28
  AVERAGE         45                        28     17       37

PRECIPITATION (IN)
  YESTERDAY        0.12                      0.09   0.03     0.02
  MONTH TO DATE    1.66                      2.14  -0.48     3.20
  SINCE DEC 1      1.66                      2.14  -0.48     3.20
  SINCE JAN 1     45.04                     38.92   6.12    41.90

SNOWFALL (IN)
  YESTERDAY        0.0                       0.4   -0.4       T
  MONTH TO DATE    0.5                       7.3   -6.8      9.8
  SINCE DEC 1      0.5                       7.3   -6.8      9.8
  SINCE JUL 1      8.5                      10.7   -2.2     20.5
  SNOW DEPTH       0

DEGREE DAYS
 HEATING
  YESTERDAY       20                        37    -17       28
  MONTH TO DATE  690                       772    -82      740
  SINCE DEC 1    690                       772    -82      740
  SINCE JUL 1   1973                      2031    -58     1990

 COOLING
  YESTERDAY        0                         0      0        0
  MONTH TO DATE    0                         0      0        0
  SINCE DEC 1      0                         0      0        0
  SINCE JAN 1    719                       652     67      829
..................................................................


WIND (MPH)
  HIGHEST WIND SPEED    15   HIGHEST WIND DIRECTION     S (160)
  HIGHEST GUST SPEED    18   HIGHEST GUST DIRECTION    SE (130)
  AVERAGE WIND SPEED     8.7


SKY COVER
  POSSIBLE SUNSHINE  MM
  AVERAGE SKY COVER 1.0


WEATHER CONDITIONS
 THE FOLLOWING WEATHER WAS RECORDED YESTERDAY.
  LIGHT RAIN
  FOG


RELATIVE HUMIDITY (PERCENT)
 HIGHEST    93          1100 AM
 LOWEST     76          1200 AM
 AVERAGE    85

..........................................................


THE AKRON CANTON OH CLIMATE NORMALS FOR TODAY
                         NORMAL    RECORD    YEAR
 MAXIMUM TEMPERATURE (F)   35        63      1964
 MINIMUM TEMPERATURE (F)   22       -15      1983


SUNRISE AND SUNSET
DECEMBER 24 2014......SUNRISE   748 AM EST   SUNSET   503 PM EST
DECEMBER 25 2014......SUNRISE   749 AM EST   SUNSET   503 PM EST


-  INDICATES NEGATIVE NUMBERS.
R  INDICATES RECORD WAS SET OR TIED.
MM INDICATES DATA IS MISSING.
T  INDICATES TRACE AMOUNT.




$$
