000
CDUS41 KCLE 230545
CLICAK


CLIMATE REPORT
NATIONAL WEATHER SERVICE CLEVELAND OH
145 AM EDT SUN APR 23 2017


...................................

...THE AKRON CANTON OH CLIMATE SUMMARY FOR APRIL 22 2017...

CLIMATE NORMAL PERIOD 1981 TO 2010
CLIMATE RECORD PERIOD 1887 TO 2017


WEATHER ITEM   OBSERVED TIME   RECORD YEAR NORMAL DEPARTURE LAST
                VALUE   (LST)  VALUE       VALUE  FROM      YEAR
                                                  NORMAL
..................................................................
TEMPERATURE (F)
 YESTERDAY
  MAXIMUM         55    327 PM  85    1985  62     -7       63
  MINIMUM         40   1159 PM  23    1978  41     -1       44
  AVERAGE         48                        52     -4       54

PRECIPITATION (IN)
  YESTERDAY        0.00                      0.11  -0.11     0.42
  MONTH TO DATE    3.54                      2.63   0.91     2.56
  SINCE MAR 1      9.07                      5.61   3.46     7.14
  SINCE JAN 1     17.58                     10.53   7.05    11.73

SNOWFALL (IN)
  YESTERDAY        0.0                       0.0    0.0      0.0
  MONTH TO DATE    2.5                       2.5    0.0      5.1
  SINCE MAR 1     16.0                      10.7    5.3      7.5
  SINCE JUL 1     37.2                      47.2  -10.0     30.2
  SNOW DEPTH       0

DEGREE DAYS
 HEATING
  YESTERDAY       17                        14      3       11
  MONTH TO DATE  230                       382   -152      405
  SINCE MAR 1   1033                      1233   -200     1007
  SINCE JUL 1   4633                      5777  -1144     4654

 COOLING
  YESTERDAY        0                         0      0        0
  MONTH TO DATE   17                         0     17        0
  SINCE MAR 1     17                         0     17        0
  SINCE JAN 1     19                         0     19        0
..................................................................


WIND (MPH)
  HIGHEST WIND SPEED    18   HIGHEST WIND DIRECTION     N (10)
  HIGHEST GUST SPEED    23   HIGHEST GUST DIRECTION     N (360)
  AVERAGE WIND SPEED    10.7


SKY COVER
  POSSIBLE SUNSHINE  MM
  AVERAGE SKY COVER 0.9


WEATHER CONDITIONS
 THE FOLLOWING WEATHER WAS RECORDED YESTERDAY.
  NO SIGNIFICANT WEATHER WAS OBSERVED.


RELATIVE HUMIDITY (PERCENT)
 HIGHEST    79           600 AM
 LOWEST     50           200 PM
 AVERAGE    65

..........................................................


THE AKRON CANTON OH CLIMATE NORMALS FOR TODAY
                         NORMAL    RECORD    YEAR
 MAXIMUM TEMPERATURE (F)   63        88      1925
 MINIMUM TEMPERATURE (F)   41        23      1936


SUNRISE AND SUNSET
APRIL 23 2017.........SUNRISE   634 AM EDT   SUNSET   814 PM EDT
APRIL 24 2017.........SUNRISE   633 AM EDT   SUNSET   815 PM EDT


-  INDICATES NEGATIVE NUMBERS.
R  INDICATES RECORD WAS SET OR TIED.
MM INDICATES DATA IS MISSING.
T  INDICATES TRACE AMOUNT.




$$
