000
CDUS41 KCLE 220545
CLICAK


CLIMATE REPORT
NATIONAL WEATHER SERVICE CLEVELAND OH
145 AM EDT FRI AUG 22 2014


...................................

...THE AKRON CANTON OH CLIMATE SUMMARY FOR AUGUST 21 2014...

CLIMATE NORMAL PERIOD 1981 TO 2010
CLIMATE RECORD PERIOD 1887 TO 2014


WEATHER ITEM   OBSERVED TIME   RECORD YEAR NORMAL DEPARTURE LAST
                VALUE   (LST)  VALUE       VALUE  FROM      YEAR
                                                  NORMAL
..................................................................
TEMPERATURE (F)
 YESTERDAY
  MAXIMUM         80    234 PM  98    1916  80      0       86
  MINIMUM         66    628 AM  44    1950  60      6       63
  AVERAGE         73                        70      3       75

PRECIPITATION (IN)
  YESTERDAY        0.00                      0.11  -0.11     0.00
  MONTH TO DATE    5.19                      2.43   2.76     0.95
  SINCE JUN 1     18.63                     10.34   8.29    13.97
  SINCE JAN 1     35.26                     26.07   9.19    26.23

SNOWFALL (IN)
  YESTERDAY        0.0                       0.0    0.0      0.0
  MONTH TO DATE    0.0                       0.0    0.0      0.0
  SINCE JUN 1      0.0                       0.0    0.0      0.0
  SINCE JUL 1      0.0                       0.0    0.0      0.0
  SNOW DEPTH       0

DEGREE DAYS
 HEATING
  YESTERDAY        0                         0      0        0
  MONTH TO DATE    6                         0      6        8
  SINCE JUN 1     31                        55    -24       40
  SINCE JUL 1     16                         6     10       13

 COOLING
  YESTERDAY        8                         6      2       10
  MONTH TO DATE  116                       135    -19       94
  SINCE JUN 1    476                       492    -16      527
  SINCE JAN 1    552                       534     18      633
..................................................................


WIND (MPH)
  HIGHEST WIND SPEED    18   HIGHEST WIND DIRECTION    SW (230)
  HIGHEST GUST SPEED    24   HIGHEST GUST DIRECTION    SW (230)
  AVERAGE WIND SPEED     7.3


SKY COVER
  POSSIBLE SUNSHINE  MM
  AVERAGE SKY COVER 0.6


WEATHER CONDITIONS
 THE FOLLOWING WEATHER WAS RECORDED YESTERDAY.
  FOG
  HAZE


RELATIVE HUMIDITY (PERCENT)
 HIGHEST    90          1200 AM
 LOWEST     62           300 PM
 AVERAGE    76

..........................................................


THE AKRON CANTON OH CLIMATE NORMALS FOR TODAY
                         NORMAL    RECORD    YEAR
 MAXIMUM TEMPERATURE (F)   80        95      1916
 MINIMUM TEMPERATURE (F)   60        40      1895


SUNRISE AND SUNSET
AUGUST 22 2014........SUNRISE   643 AM EDT   SUNSET   814 PM EDT
AUGUST 23 2014........SUNRISE   644 AM EDT   SUNSET   812 PM EDT


-  INDICATES NEGATIVE NUMBERS.
R  INDICATES RECORD WAS SET OR TIED.
MM INDICATES DATA IS MISSING.
T  INDICATES TRACE AMOUNT.




$$
