000
CDUS41 KCLE 260527
CLICAK


CLIMATE REPORT
NATIONAL WEATHER SERVICE CLEVELAND OH
126 AM EDT SAT JUL 26 2014


...................................

...THE AKRON CANTON OH CLIMATE SUMMARY FOR JULY 25 2014...

CLIMATE NORMAL PERIOD 1981 TO 2010
CLIMATE RECORD PERIOD 1887 TO 2014


WEATHER ITEM   OBSERVED TIME   RECORD YEAR NORMAL DEPARTURE LAST
                VALUE   (LST)  VALUE       VALUE  FROM      YEAR
                                                  NORMAL
..................................................................
TEMPERATURE (F)
 YESTERDAY
  MAXIMUM         79    342 PM  96    1940  82     -3       76
                                      1930
  MINIMUM         51    411 AM  48    1953  62    -11       52
  AVERAGE         65                        72     -7       64

PRECIPITATION (IN)
  YESTERDAY        T                         0.13  -0.13     0.00
  MONTH TO DATE    2.73                      3.31  -0.58     6.83
  SINCE JUN 1     12.01                      7.14   4.87    12.74
  SINCE JAN 1     28.64                     22.87   5.77    25.00

SNOWFALL (IN)
  YESTERDAY        0.0                       0.0    0.0      0.0
  MONTH TO DATE    0.0                       0.0    0.0      0.0
  SINCE JUN 1      0.0                       0.0    0.0      0.0
  SINCE JUL 1      0.0                       0.0    0.0      0.0
  SNOW DEPTH       0

DEGREE DAYS
 HEATING
  YESTERDAY        0                         0      0        1
  MONTH TO DATE    2                         0      2        3
  SINCE JUN 1     17                        49    -32       30
  SINCE JUL 1      2                         0      2        3

 COOLING
  YESTERDAY        0                         7     -7        0
  MONTH TO DATE  161                       175    -14      262
  SINCE JUN 1    344                       310     34      423
  SINCE JAN 1    420                       352     68      529
..................................................................


WIND (MPH)
  HIGHEST WIND SPEED    12   HIGHEST WIND DIRECTION     W (260)
  HIGHEST GUST SPEED    16   HIGHEST GUST DIRECTION     W (260)
  AVERAGE WIND SPEED     2.9


SKY COVER
  POSSIBLE SUNSHINE  MM
  AVERAGE SKY COVER 0.4


WEATHER CONDITIONS
 THE FOLLOWING WEATHER WAS RECORDED YESTERDAY.
  LIGHT RAIN


RELATIVE HUMIDITY (PERCENT)
 HIGHEST    83           300 AM
 LOWEST     36           100 PM
 AVERAGE    60

..........................................................


THE AKRON CANTON OH CLIMATE NORMALS FOR TODAY
                         NORMAL    RECORD    YEAR
 MAXIMUM TEMPERATURE (F)   82        98      1930
 MINIMUM TEMPERATURE (F)   62        44      1904


SUNRISE AND SUNSET
JULY 26 2014..........SUNRISE   616 AM EDT   SUNSET   848 PM EDT
JULY 27 2014..........SUNRISE   617 AM EDT   SUNSET   847 PM EDT


-  INDICATES NEGATIVE NUMBERS.
R  INDICATES RECORD WAS SET OR TIED.
MM INDICATES DATA IS MISSING.
T  INDICATES TRACE AMOUNT.




$$
