000
CDUS41 KCLE 230528
CLICAK


CLIMATE REPORT
NATIONAL WEATHER SERVICE CLEVELAND OH
127 AM EDT SAT MAY 23 2015


...................................

...THE AKRON CANTON OH CLIMATE SUMMARY FOR MAY 22 2015...

CLIMATE NORMAL PERIOD 1981 TO 2010
CLIMATE RECORD PERIOD 1887 TO 2015


WEATHER ITEM   OBSERVED TIME   RECORD YEAR NORMAL DEPARTURE LAST
                VALUE   (LST)  VALUE       VALUE  FROM      YEAR
                                                  NORMAL
..................................................................
TEMPERATURE (F)
 YESTERDAY
  MAXIMUM         67    344 PM  91    1941  71     -4       74
  MINIMUM         45    541 AM  34    2002  50     -5       57
                                      1935
                                      1895
  AVERAGE         56                        61     -5       66

PRECIPITATION (IN)
  YESTERDAY        0.00                      0.14  -0.14     0.00
  MONTH TO DATE    0.47                      2.99  -2.52     3.31
  SINCE MAR 1      7.07                      9.52  -2.45    12.13
  SINCE JAN 1     12.55                     14.44  -1.89    15.64

SNOWFALL (IN)
  YESTERDAY        0.0                       0.0    0.0      0.0
  MONTH TO DATE    0.0                       0.1   -0.1       T
  SINCE MAR 1      6.9                      11.0   -4.1     10.6
  SINCE JUL 1     59.8                      47.5   12.3     69.9
  SNOW DEPTH       0

DEGREE DAYS
 HEATING
  YESTERDAY        9                         6      3        0
  MONTH TO DATE   93                       182    -89      146
  SINCE MAR 1   1423                      1514    -91     1574
  SINCE JUL 1   6266                      6058    208     6397

 COOLING
  YESTERDAY        0                         2     -2        1
  MONTH TO DATE   86                        17     69       44
  SINCE MAR 1     88                        23     65       47
  SINCE JAN 1     88                        23     65       47
..................................................................


WIND (MPH)
  HIGHEST WIND SPEED    22   HIGHEST WIND DIRECTION     N (350)
  HIGHEST GUST SPEED    29   HIGHEST GUST DIRECTION     N (340)
  AVERAGE WIND SPEED     9.3


SKY COVER
  POSSIBLE SUNSHINE  MM
  AVERAGE SKY COVER 0.3


WEATHER CONDITIONS
 THE FOLLOWING WEATHER WAS RECORDED YESTERDAY.
  NO SIGNIFICANT WEATHER WAS OBSERVED.


RELATIVE HUMIDITY (PERCENT)
 HIGHEST    71           400 AM
 LOWEST     26           100 PM
 AVERAGE    49

..........................................................


THE AKRON CANTON OH CLIMATE NORMALS FOR TODAY
                         NORMAL    RECORD    YEAR
 MAXIMUM TEMPERATURE (F)   71        92      1991
 MINIMUM TEMPERATURE (F)   51        32      1967


SUNRISE AND SUNSET
MAY 23 2015...........SUNRISE   602 AM EDT   SUNSET   844 PM EDT
MAY 24 2015...........SUNRISE   601 AM EDT   SUNSET   845 PM EDT


-  INDICATES NEGATIVE NUMBERS.
R  INDICATES RECORD WAS SET OR TIED.
MM INDICATES DATA IS MISSING.
T  INDICATES TRACE AMOUNT.




$$
