000
CDUS41 KCLE 282216
CLICAK


CLIMATE REPORT
NATIONAL WEATHER SERVICE CLEVELAND OH
515 PM EST WED JAN 28 2015


...................................

...THE AKRON CANTON OH CLIMATE SUMMARY FOR JANUARY 28 2015...
VALID TODAY AS OF 0500 PM LOCAL TIME.

CLIMATE NORMAL PERIOD 1981 TO 2010
CLIMATE RECORD PERIOD 1887 TO 2015


WEATHER ITEM   OBSERVED TIME   RECORD YEAR NORMAL DEPARTURE LAST
                VALUE   (LST)  VALUE       VALUE  FROM      YEAR
                                                  NORMAL
..................................................................
TEMPERATURE (F)
 TODAY
  MAXIMUM         31    729 AM  60    2002  34     -3        7
  MINIMUM          4    755 AM -13    1977  19    -15      -10
  AVERAGE         18                        26     -8       -1

PRECIPITATION (IN)
  TODAY            0.00                      0.08  -0.08     0.00
  MONTH TO DATE    3.20                      2.37   0.83     1.88
  SINCE DEC 1      5.51                      5.21   0.30     5.37
  SINCE JAN 1      3.20                      2.37   0.83     1.88

SNOWFALL (IN)
  TODAY            0.0                       0.4   -0.4      0.0
  MONTH TO DATE   19.8                      11.2    8.6     18.7
  SINCE DEC 1     20.3                      21.4   -1.1     31.2
  SINCE JUL 1     28.3                      24.8    3.5     41.9
  SNOW DEPTH       6

DEGREE DAYS
 HEATING
  TODAY           47                        39      8       66
  MONTH TO DATE 1136                      1090     46     1229
  SINCE DEC 1   2058                      2161   -103     2258
  SINCE JUL 1   3341                      3420    -79     3508

 COOLING
  TODAY            0                         0      0        0
  MONTH TO DATE    0                         0      0        0
  SINCE DEC 1      0                         0      0        0
  SINCE JAN 1      0                         0      0        0
..................................................................


WIND (MPH)
  HIGHEST WIND SPEED    10   HIGHEST WIND DIRECTION    NW (330)
  HIGHEST GUST SPEED    13   HIGHEST GUST DIRECTION     W (280)


SKY COVER
  POSSIBLE SUNSHINE  MM
  AVERAGE SKY COVER 0.3


WEATHER CONDITIONS
 THE FOLLOWING WEATHER WAS RECORDED TODAY.
  FOG
  HAZE


RELATIVE HUMIDITY (PERCENT)
 HIGHEST   100          1000 AM
 LOWEST     41           500 PM
 AVERAGE    71

..........................................................


THE AKRON CANTON OH CLIMATE NORMALS FOR TOMORROW
                         NORMAL    RECORD    YEAR
 MAXIMUM TEMPERATURE (F)   34        64      1975
 MINIMUM TEMPERATURE (F)   19       -13      1977


SUNRISE AND SUNSET
JANUARY 28 2015.......SUNRISE   740 AM EST   SUNSET   538 PM EST
JANUARY 29 2015.......SUNRISE   739 AM EST   SUNSET   539 PM EST


-  INDICATES NEGATIVE NUMBERS.
R  INDICATES RECORD WAS SET OR TIED.
MM INDICATES DATA IS MISSING.
T  INDICATES TRACE AMOUNT.




$$
