000
CDUS41 KCLE 170527
CLICAK


CLIMATE REPORT
NATIONAL WEATHER SERVICE CLEVELAND OH
1227 AM EST SUN DEC 17 2017


...................................

...THE AKRON CANTON OH CLIMATE SUMMARY FOR DECEMBER 16 2017...

CLIMATE NORMAL PERIOD 1981 TO 2010
CLIMATE RECORD PERIOD 1887 TO 2017


WEATHER ITEM   OBSERVED TIME   RECORD YEAR NORMAL DEPARTURE LAST
                VALUE   (LST)  VALUE       VALUE  FROM      YEAR
                                                  NORMAL
..................................................................
TEMPERATURE (F)
 YESTERDAY
  MAXIMUM         41    500 PM  62    1984  37      4       20
  MINIMUM         26   1123 PM -11    1951  24      2        3
  AVERAGE         34                        30      4       12

PRECIPITATION (IN)
  YESTERDAY        0.02                      0.09  -0.07      T
  MONTH TO DATE    0.72                      1.54  -0.82     1.33
  SINCE DEC 1      0.72                      1.54  -0.82     1.33
  SINCE JAN 1     47.30                     38.32   8.98    36.98

SNOWFALL (IN)
  YESTERDAY        0.2                       0.3   -0.1       T
  MONTH TO DATE    8.4                       4.8    3.6      6.4
  SINCE DEC 1      8.4                       4.8    3.6      6.4
  SINCE JUL 1      8.5                       8.2    0.3      8.5
  SNOW DEPTH       4

DEGREE DAYS
 HEATING
  YESTERDAY       31                        35     -4       53
  MONTH TO DATE  541                       519     22      585
  SINCE DEC 1    541                       519     22      585
  SINCE JUL 1   1531                      1778   -247     1463

 COOLING
  YESTERDAY        0                         0      0        0
  MONTH TO DATE    0                         0      0        0
  SINCE DEC 1      0                         0      0        0
  SINCE JAN 1    926                       652    274     1133
..................................................................


WIND (MPH)
  HIGHEST WIND SPEED    21   HIGHEST WIND DIRECTION    SW (230)
  HIGHEST GUST SPEED    25   HIGHEST GUST DIRECTION    SW (240)
  AVERAGE WIND SPEED     9.4


SKY COVER
  POSSIBLE SUNSHINE  MM
  AVERAGE SKY COVER 0.6


WEATHER CONDITIONS
 THE FOLLOWING WEATHER WAS RECORDED YESTERDAY.
  LIGHT SNOW


RELATIVE HUMIDITY (PERCENT)
 HIGHEST    78           500 AM
 LOWEST     51           500 PM
 AVERAGE    65

..........................................................


THE AKRON CANTON OH CLIMATE NORMALS FOR TODAY
                         NORMAL    RECORD    YEAR
 MAXIMUM TEMPERATURE (F)   36        59      1984
 MINIMUM TEMPERATURE (F)   23        -9      1951


SUNRISE AND SUNSET
DECEMBER 17 2017......SUNRISE   745 AM EST   SUNSET   459 PM EST
DECEMBER 18 2017......SUNRISE   745 AM EST   SUNSET   500 PM EST


-  INDICATES NEGATIVE NUMBERS.
R  INDICATES RECORD WAS SET OR TIED.
MM INDICATES DATA IS MISSING.
T  INDICATES TRACE AMOUNT.




$$
