496
CDUS41 KCLE 180545
CLICAK


CLIMATE REPORT
NATIONAL WEATHER SERVICE CLEVELAND OH
145 AM EDT WED OCT 18 2017


...................................

...THE AKRON CANTON OH CLIMATE SUMMARY FOR OCTOBER 17 2017...

CLIMATE NORMAL PERIOD 1981 TO 2010
CLIMATE RECORD PERIOD 1887 TO 2017


WEATHER ITEM   OBSERVED TIME   RECORD YEAR NORMAL DEPARTURE LAST
                VALUE   (LST)  VALUE       VALUE  FROM      YEAR
                                                  NORMAL
..................................................................
TEMPERATURE (F)
 YESTERDAY
  MAXIMUM         65    352 PM  82    1938  61      4       79
  MINIMUM         38    647 AM  29    1982  42     -4       62
  AVERAGE         52                        51      1       71

PRECIPITATION (IN)
  YESTERDAY        0.00                      0.09  -0.09     0.05
  MONTH TO DATE    2.67                      1.55   1.12     0.19
  SINCE SEP 1      4.69                      5.00  -0.31     6.73
  SINCE JAN 1     39.36                     32.20   7.16    30.33

SNOWFALL (IN)
  YESTERDAY        0.0                       0.0    0.0      0.0
  MONTH TO DATE    0.0                       0.1   -0.1      0.0
  SINCE SEP 1      0.0                       0.1   -0.1      0.0
  SINCE JUL 1      0.0                       0.1   -0.1      0.0
  SNOW DEPTH       0

DEGREE DAYS
 HEATING
  YESTERDAY       13                        14     -1        0
  MONTH TO DATE   40                       192   -152      102
  SINCE SEP 1    109                       311   -202      132
  SINCE JUL 1    115                       331   -216      135

 COOLING
  YESTERDAY        0                         0      0        6
  MONTH TO DATE   35                         3     32       14
  SINCE SEP 1    184                        67    117      169
  SINCE JAN 1    926                       649    277     1123
..................................................................


WIND (MPH)
  HIGHEST WIND SPEED    20   HIGHEST WIND DIRECTION    SW (230)
  HIGHEST GUST SPEED    26   HIGHEST GUST DIRECTION    SW (220)
  AVERAGE WIND SPEED     9.3


SKY COVER
  POSSIBLE SUNSHINE  MM
  AVERAGE SKY COVER 0.0


WEATHER CONDITIONS
 THE FOLLOWING WEATHER WAS RECORDED YESTERDAY.
  NO SIGNIFICANT WEATHER WAS OBSERVED.


RELATIVE HUMIDITY (PERCENT)
 HIGHEST    79           300 AM
 LOWEST     37           200 PM
 AVERAGE    58

..........................................................


THE AKRON CANTON OH CLIMATE NORMALS FOR TODAY
                         NORMAL    RECORD    YEAR
 MAXIMUM TEMPERATURE (F)   60        82      1910
 MINIMUM TEMPERATURE (F)   42        27      1976


SUNRISE AND SUNSET
OCTOBER 18 2017.......SUNRISE   741 AM EDT   SUNSET   640 PM EDT
OCTOBER 19 2017.......SUNRISE   742 AM EDT   SUNSET   639 PM EDT


-  INDICATES NEGATIVE NUMBERS.
R  INDICATES RECORD WAS SET OR TIED.
MM INDICATES DATA IS MISSING.
T  INDICATES TRACE AMOUNT.




$$
