000
CDUS41 KCLE 311432
CLICAK


CLIMATE REPORT
NATIONAL WEATHER SERVICE CLEVELAND OH
1031 AM EDT SUN MAY 31 2015


...................................

...THE AKRON CANTON OH CLIMATE SUMMARY FOR MAY 30 2015...

CLIMATE NORMAL PERIOD 1981 TO 2010
CLIMATE RECORD PERIOD 1887 TO 2015


WEATHER ITEM   OBSERVED TIME   RECORD YEAR NORMAL DEPARTURE LAST
                VALUE   (LST)  VALUE       VALUE  FROM      YEAR
                                                  NORMAL
..................................................................
TEMPERATURE (F)
 YESTERDAY
  MAXIMUM         83    427 PM  92    1895  73     10       77
  MINIMUM         68   1159 PM  33    1964  53     15       52
  AVERAGE         76                        63     13       65

PRECIPITATION (IN)
  YESTERDAY        0.40                      0.15   0.25     0.00
  MONTH TO DATE    3.53                      4.14  -0.61     4.30
  SINCE MAR 1     10.13                     10.67  -0.54    13.12
  SINCE JAN 1     15.61                     15.59   0.02    16.63

SNOWFALL (IN)
  YESTERDAY        0.0                       0.0    0.0      0.0
  MONTH TO DATE    0.0                       0.1   -0.1       T
  SINCE MAR 1      6.9                      11.0   -4.1     10.6
  SINCE JUL 1     59.8                      47.5   12.3     69.9
  SNOW DEPTH       0

DEGREE DAYS
 HEATING
  YESTERDAY        0                         4     -4        0
  MONTH TO DATE  101                       222   -121      156
  SINCE MAR 1   1431                      1554   -123     1584
  SINCE JUL 1   6274                      6098    176     6407

 COOLING
  YESTERDAY       11                         2      9        0
  MONTH TO DATE  142                        33    109       70
  SINCE MAR 1    144                        39    105       73
  SINCE JAN 1    144                        39    105       73
..................................................................


WIND (MPH)
  HIGHEST WIND SPEED    22   HIGHEST WIND DIRECTION     S (190)
  HIGHEST GUST SPEED    31   HIGHEST GUST DIRECTION     S (180)
  AVERAGE WIND SPEED     9.7


SKY COVER
  POSSIBLE SUNSHINE  MM
  AVERAGE SKY COVER 0.9


WEATHER CONDITIONS
 THE FOLLOWING WEATHER WAS RECORDED YESTERDAY.
  THUNDERSTORM
  RAIN
  LIGHT RAIN
  FOG


RELATIVE HUMIDITY (PERCENT)
 HIGHEST    87           900 PM
 LOWEST     58           400 PM
 AVERAGE    73

..........................................................


THE AKRON CANTON OH CLIMATE NORMALS FOR TODAY
                         NORMAL    RECORD    YEAR
 MAXIMUM TEMPERATURE (F)   74        94      1895
 MINIMUM TEMPERATURE (F)   53        37      1910


SUNRISE AND SUNSET
MAY 31 2015...........SUNRISE   557 AM EDT   SUNSET   850 PM EDT
JUNE  1 2015..........SUNRISE   556 AM EDT   SUNSET   851 PM EDT


-  INDICATES NEGATIVE NUMBERS.
R  INDICATES RECORD WAS SET OR TIED.
MM INDICATES DATA IS MISSING.
T  INDICATES TRACE AMOUNT.




$$
