000
CDUS41 KCLE 310540
CLICAK


CLIMATE REPORT
NATIONAL WEATHER SERVICE CLEVELAND OH
126 AM EDT WED AUG 31 2016


...................................

...THE AKRON CANTON OH CLIMATE SUMMARY FOR AUGUST 30 2016...

CLIMATE NORMAL PERIOD 1981 TO 2010
CLIMATE RECORD PERIOD 1887 TO 2016


WEATHER ITEM   OBSERVED TIME   RECORD YEAR NORMAL DEPARTURE LAST
                VALUE   (LST)  VALUE       VALUE  FROM      YEAR
                                                  NORMAL
..................................................................
TEMPERATURE (F)
 YESTERDAY
  MAXIMUM         89    251 PM  98    1953  79     10       85
  MINIMUM         61    308 AM  40    1934  59      2       67
  AVERAGE         75                        69      6       76

PRECIPITATION (IN)
  YESTERDAY        0.00                      0.11  -0.11     0.38
  MONTH TO DATE    2.85                      3.45  -0.60     0.76
  SINCE JUN 1      8.42                     11.36  -2.94    12.93
  SINCE JAN 1     23.09                     27.09  -4.00    29.34

SNOWFALL (IN)
  YESTERDAY        0.0                       0.0    0.0      0.0
  MONTH TO DATE    0.0                       0.0    0.0      0.0
  SINCE JUN 1      0.0                       0.0    0.0      0.0
  SINCE JUL 1      0.0                       0.0    0.0      0.0
  SNOW DEPTH       0

DEGREE DAYS
 HEATING
  YESTERDAY        0                         1     -1        0
  MONTH TO DATE    0                         9     -9        9
  SINCE JUN 1     22                        64    -42       34
  SINCE JUL 1      3                        15    -12        9

 COOLING
  YESTERDAY       10                         5      5       11
  MONTH TO DATE  361                       181    180      202
  SINCE JUN 1    884                       538    346      628
  SINCE JAN 1    945                       580    365      772
..................................................................


WIND (MPH)
  HIGHEST WIND SPEED     7   HIGHEST WIND DIRECTION    SE (150)
  HIGHEST GUST SPEED    11   HIGHEST GUST DIRECTION    SW (220)
  AVERAGE WIND SPEED     2.9


SKY COVER
  POSSIBLE SUNSHINE  MM
  AVERAGE SKY COVER 0.3


WEATHER CONDITIONS
 THE FOLLOWING WEATHER WAS RECORDED YESTERDAY.
  NO SIGNIFICANT WEATHER WAS OBSERVED.


RELATIVE HUMIDITY (PERCENT)
 HIGHEST    78           100 AM
 LOWEST     24           300 PM
 AVERAGE    51

..........................................................


THE AKRON CANTON OH CLIMATE NORMALS FOR TODAY
                         NORMAL    RECORD    YEAR
 MAXIMUM TEMPERATURE (F)   78        96      1924
 MINIMUM TEMPERATURE (F)   58        39      1915


SUNRISE AND SUNSET
AUGUST 31 2016........SUNRISE   652 AM EDT   SUNSET   759 PM EDT
SEPTEMBER  1 2016.....SUNRISE   653 AM EDT   SUNSET   757 PM EDT


-  INDICATES NEGATIVE NUMBERS.
R  INDICATES RECORD WAS SET OR TIED.
MM INDICATES DATA IS MISSING.
T  INDICATES TRACE AMOUNT.




$$
