000
CDUS41 KCLE 280527
CLICAK


CLIMATE REPORT
NATIONAL WEATHER SERVICE CLEVELAND OH
126 AM EDT SAT MAY 28 2016


...................................

...THE AKRON CANTON OH CLIMATE SUMMARY FOR MAY 27 2016...

CLIMATE NORMAL PERIOD 1981 TO 2010
CLIMATE RECORD PERIOD 1887 TO 2016


WEATHER ITEM   OBSERVED TIME   RECORD YEAR NORMAL DEPARTURE LAST
                VALUE   (LST)  VALUE       VALUE  FROM      YEAR
                                                  NORMAL
..................................................................
TEMPERATURE (F)
 YESTERDAY
  MAXIMUM         85    505 PM  92    1978  72     13       82
  MINIMUM         65    442 AM  30    1961  52     13       64
  AVERAGE         75                        62     13       73

PRECIPITATION (IN)
  YESTERDAY        0.00                      0.14  -0.14     1.43
  MONTH TO DATE    1.97                      3.71  -1.74     3.05
  SINCE MAR 1     10.05                     10.24  -0.19     9.65
  SINCE JAN 1     14.64                     15.16  -0.52    15.13

SNOWFALL (IN)
  YESTERDAY        0.0                       0.0    0.0      0.0
  MONTH TO DATE    T                         0.1   -0.1      0.0
  SINCE MAR 1      7.5                      11.0   -3.5      6.9
  SINCE JUL 1     30.2                      47.5  -17.3     59.8
  SNOW DEPTH       0

DEGREE DAYS
 HEATING
  YESTERDAY        0                         5     -5        0
  MONTH TO DATE  221                       209     12      101
  SINCE MAR 1   1334                      1541   -207     1431
  SINCE JUL 1   4981                      6085  -1104     6274

 COOLING
  YESTERDAY       10                         2      8        8
  MONTH TO DATE   25                        27     -2      116
  SINCE MAR 1     25                        33     -8      118
  SINCE JAN 1     25                        33     -8      118
..................................................................


WIND (MPH)
  HIGHEST WIND SPEED    17   HIGHEST WIND DIRECTION     S (200)
  HIGHEST GUST SPEED    28   HIGHEST GUST DIRECTION    SW (230)
  AVERAGE WIND SPEED     8.7


SKY COVER
  POSSIBLE SUNSHINE  MM
  AVERAGE SKY COVER 0.5


WEATHER CONDITIONS
 THE FOLLOWING WEATHER WAS RECORDED YESTERDAY.
  FOG


RELATIVE HUMIDITY (PERCENT)
 HIGHEST    93           300 AM
 LOWEST     44           600 PM
 AVERAGE    69

..........................................................


THE AKRON CANTON OH CLIMATE NORMALS FOR TODAY
                         NORMAL    RECORD    YEAR
 MAXIMUM TEMPERATURE (F)   73        93      1911
 MINIMUM TEMPERATURE (F)   52        34      1907


SUNRISE AND SUNSET
MAY 28 2016...........SUNRISE   558 AM EDT   SUNSET   849 PM EDT
MAY 29 2016...........SUNRISE   557 AM EDT   SUNSET   849 PM EDT


-  INDICATES NEGATIVE NUMBERS.
R  INDICATES RECORD WAS SET OR TIED.
MM INDICATES DATA IS MISSING.
T  INDICATES TRACE AMOUNT.




$$
