000
CDUS41 KCLE 172212
CLICAK


CLIMATE REPORT
NATIONAL WEATHER SERVICE CLEVELAND OH
512 PM EST WED JAN 17 2018


...................................

...THE AKRON CANTON OH CLIMATE SUMMARY FOR JANUARY 17 2018...
VALID TODAY AS OF 0500 PM LOCAL TIME.

CLIMATE NORMAL PERIOD 1981 TO 2010
CLIMATE RECORD PERIOD 1887 TO 2018


WEATHER ITEM   OBSERVED TIME   RECORD YEAR NORMAL DEPARTURE LAST
                VALUE   (LST)  VALUE       VALUE  FROM      YEAR
                                                  NORMAL
..................................................................
TEMPERATURE (F)
 TODAY
  MAXIMUM         14    329 PM  67    2017  33    -19       63
  MINIMUM          0    449 AM -22    1982  19    -19       40
  AVERAGE          7                        26    -19       52

PRECIPITATION (IN)
  TODAY            T                         0.08  -0.08     0.34
  MONTH TO DATE    1.61                      1.46   0.15     4.12
  SINCE DEC 1      3.51                      4.30  -0.79     7.12
  SINCE JAN 1      1.61                      1.46   0.15     4.12

SNOWFALL (IN)
  TODAY            T                         0.4   -0.4      0.0
  MONTH TO DATE    9.7                       6.8    2.9      3.8
  SINCE DEC 1     23.7                      17.0    6.7     11.3
  SINCE JUL 1     23.8                      20.4    3.4     13.4
  SNOW DEPTH       4

DEGREE DAYS
 HEATING
  TODAY           58                        39     19       13
  MONTH TO DATE  789                       661    128      593
  SINCE DEC 1   1917                      1732    185     1659
  SINCE JUL 1   2907                      2991    -84     2537

 COOLING
  TODAY            0                         0      0        0
  MONTH TO DATE    0                         0      0        0
  SINCE DEC 1      0                         0      0        0
  SINCE JAN 1      0                         0      0        0
..................................................................


WIND (MPH)
  HIGHEST WIND SPEED    15   HIGHEST WIND DIRECTION    SW (230)
  HIGHEST GUST SPEED    18   HIGHEST GUST DIRECTION    SW (220)


SKY COVER
  POSSIBLE SUNSHINE  MM
  AVERAGE SKY COVER 0.8


WEATHER CONDITIONS
 THE FOLLOWING WEATHER WAS RECORDED TODAY.
  LIGHT SNOW
  FOG
  HAZE


RELATIVE HUMIDITY (PERCENT)
 HIGHEST    87           900 AM
 LOWEST     67          1200 PM
 AVERAGE    77

..........................................................


THE AKRON CANTON OH CLIMATE NORMALS FOR TOMORROW
                         NORMAL    RECORD    YEAR
 MAXIMUM TEMPERATURE (F)   33        63      1929
 MINIMUM TEMPERATURE (F)   19       -22      1994


SUNRISE AND SUNSET
JANUARY 17 2018.......SUNRISE   747 AM EST   SUNSET   525 PM EST
JANUARY 18 2018.......SUNRISE   747 AM EST   SUNSET   526 PM EST


-  INDICATES NEGATIVE NUMBERS.
R  INDICATES RECORD WAS SET OR TIED.
MM INDICATES DATA IS MISSING.
T  INDICATES TRACE AMOUNT.




$$
