585
CDUS41 KCLE 030531
CLICAK


CLIMATE REPORT
NATIONAL WEATHER SERVICE CLEVELAND OH
1229 AM EST SAT DEC 3 2016


...................................

...THE AKRON CANTON OH CLIMATE SUMMARY FOR DECEMBER 2 2016...

CLIMATE NORMAL PERIOD 1981 TO 2010
CLIMATE RECORD PERIOD 1887 TO 2016


WEATHER ITEM   OBSERVED TIME   RECORD YEAR NORMAL DEPARTURE LAST
                VALUE   (LST)  VALUE       VALUE  FROM      YEAR
                                                  NORMAL
..................................................................
TEMPERATURE (F)
 YESTERDAY
  MAXIMUM         40    159 PM  67    1982  42     -2       48
  MINIMUM         35    949 PM  -3    1976  28      7       34
  AVERAGE         38                        35      3       41

PRECIPITATION (IN)
  YESTERDAY        T                         0.09  -0.09     0.02
  MONTH TO DATE    0.01                      0.19  -0.18     0.13
  SINCE DEC 1      0.01                      0.19  -0.18     0.13
  SINCE JAN 1     35.66                     36.97  -1.31    37.66

SNOWFALL (IN)
  YESTERDAY        0.0                       0.3   -0.3       T
  MONTH TO DATE    T                         0.5   -0.5       T
  SINCE DEC 1      T                         0.5   -0.5       T
  SINCE JUL 1      2.1                       3.9   -1.8       T
  SNOW DEPTH       0

DEGREE DAYS
 HEATING
  YESTERDAY       27                        30     -3       24
  MONTH TO DATE   54                        60     -6       38
  SINCE DEC 1     54                        60     -6       38
  SINCE JUL 1    932                      1319   -387      918

 COOLING
  YESTERDAY        0                         0      0        0
  MONTH TO DATE    0                         0      0        0
  SINCE DEC 1      0                         0      0        0
  SINCE JAN 1   1133                       652    481      958
..................................................................


WIND (MPH)
  HIGHEST WIND SPEED    21   HIGHEST WIND DIRECTION     W (270)
  HIGHEST GUST SPEED    26   HIGHEST GUST DIRECTION     W (260)
  AVERAGE WIND SPEED    12.0


SKY COVER
  POSSIBLE SUNSHINE  MM
  AVERAGE SKY COVER 1.0


WEATHER CONDITIONS
 THE FOLLOWING WEATHER WAS RECORDED YESTERDAY.
  LIGHT RAIN


RELATIVE HUMIDITY (PERCENT)
 HIGHEST    82           600 PM
 LOWEST     64          1200 PM
 AVERAGE    73

..........................................................


THE AKRON CANTON OH CLIMATE NORMALS FOR TODAY
                         NORMAL    RECORD    YEAR
 MAXIMUM TEMPERATURE (F)   41        76      1982
 MINIMUM TEMPERATURE (F)   28        -5      1976


SUNRISE AND SUNSET
DECEMBER  3 2016......SUNRISE   733 AM EST   SUNSET   458 PM EST
DECEMBER  4 2016......SUNRISE   734 AM EST   SUNSET   458 PM EST


-  INDICATES NEGATIVE NUMBERS.
R  INDICATES RECORD WAS SET OR TIED.
MM INDICATES DATA IS MISSING.
T  INDICATES TRACE AMOUNT.




$$
