000
CDUS41 KCLE 060529
CLICAK


CLIMATE REPORT
NATIONAL WEATHER SERVICE CLEVELAND OH
1227 AM EST SAT FEB 6 2016


...................................

...THE AKRON CANTON OH CLIMATE SUMMARY FOR FEBRUARY 5 2016...

CLIMATE NORMAL PERIOD 1981 TO 2010
CLIMATE RECORD PERIOD 1887 TO 2016


WEATHER ITEM   OBSERVED TIME   RECORD YEAR NORMAL DEPARTURE LAST
                VALUE   (LST)  VALUE       VALUE  FROM      YEAR
                                                  NORMAL
..................................................................
TEMPERATURE (F)
 YESTERDAY
  MAXIMUM         42   1152 AM  63    1890  35      7       23
  MINIMUM         20    639 AM -15    1918  20      0        1
  AVERAGE         31                        27      4       12

PRECIPITATION (IN)
  YESTERDAY        0.01                      0.09  -0.08     0.02
  MONTH TO DATE    0.69                      0.41   0.28     1.10
  SINCE DEC 1      5.60                      5.86  -0.26     6.90
  SINCE JAN 1      1.90                      3.02  -1.12     4.59

SNOWFALL (IN)
  YESTERDAY        0.3                       0.4   -0.1      0.5
  MONTH TO DATE    0.3                       1.9   -1.6      8.2
  SINCE DEC 1      6.6                      24.5  -17.9     30.0
  SINCE JUL 1      6.6                      27.9  -21.3     38.0
  SNOW DEPTH       T

DEGREE DAYS
 HEATING
  YESTERDAY       34                        38     -4       53
  MONTH TO DATE  129                       190    -61      212
  SINCE DEC 1   1949                      2467   -518     2399
  SINCE JUL 1   2829                      3726   -897     3682

 COOLING
  YESTERDAY        0                         0      0        0
  MONTH TO DATE    0                         0      0        0
  SINCE DEC 1      0                         0      0        0
  SINCE JAN 1      0                         0      0        0
..................................................................


WIND (MPH)
  HIGHEST WIND SPEED    17   HIGHEST WIND DIRECTION     W (290)
  HIGHEST GUST SPEED    22   HIGHEST GUST DIRECTION     W (290)
  AVERAGE WIND SPEED     7.7


SKY COVER
  POSSIBLE SUNSHINE  MM
  AVERAGE SKY COVER 0.6


WEATHER CONDITIONS
 THE FOLLOWING WEATHER WAS RECORDED YESTERDAY.
  LIGHT SNOW


RELATIVE HUMIDITY (PERCENT)
 HIGHEST    77           600 AM
 LOWEST     47           300 PM
 AVERAGE    62

..........................................................


THE AKRON CANTON OH CLIMATE NORMALS FOR TODAY
                         NORMAL    RECORD    YEAR
 MAXIMUM TEMPERATURE (F)   35        55      1938
 MINIMUM TEMPERATURE (F)   20       -12      1918


SUNRISE AND SUNSET
FEBRUARY  6 2016......SUNRISE   731 AM EST   SUNSET   549 PM EST
FEBRUARY  7 2016......SUNRISE   730 AM EST   SUNSET   550 PM EST


-  INDICATES NEGATIVE NUMBERS.
R  INDICATES RECORD WAS SET OR TIED.
MM INDICATES DATA IS MISSING.
T  INDICATES TRACE AMOUNT.




$$
