000
CDUS41 KCLE 290527
CLICAK


CLIMATE REPORT
NATIONAL WEATHER SERVICE CLEVELAND OH
126 AM EDT SAT APR 29 2017


...................................

...THE AKRON CANTON OH CLIMATE SUMMARY FOR APRIL 28 2017...

CLIMATE NORMAL PERIOD 1981 TO 2010
CLIMATE RECORD PERIOD 1887 TO 2017


WEATHER ITEM   OBSERVED TIME   RECORD YEAR NORMAL DEPARTURE LAST
                VALUE   (LST)  VALUE       VALUE  FROM      YEAR
                                                  NORMAL
..................................................................
TEMPERATURE (F)
 YESTERDAY
  MAXIMUM         66    356 PM  88    1986  64      2       50
  MINIMUM         44    231 AM  25    1947  43      1       44
  AVERAGE         55                        54      1       47

PRECIPITATION (IN)
  YESTERDAY        0.57                      0.11   0.46     0.15
  MONTH TO DATE    4.18                      3.32   0.86     3.03
  SINCE MAR 1      9.71                      6.30   3.41     7.61
  SINCE JAN 1     18.22                     11.22   7.00    12.20

SNOWFALL (IN)
  YESTERDAY        0.0                       0.0    0.0      0.0
  MONTH TO DATE    2.5                       2.7   -0.2      5.1
  SINCE MAR 1     16.0                      10.9    5.1      7.5
  SINCE JUL 1     37.2                      47.4  -10.2     30.2
  SNOW DEPTH       0

DEGREE DAYS
 HEATING
  YESTERDAY       10                        12     -2       18
  MONTH TO DATE  264                       457   -193      473
  SINCE MAR 1   1067                      1308   -241     1075
  SINCE JUL 1   4667                      5852  -1185     4722

 COOLING
  YESTERDAY        0                         0      0        0
  MONTH TO DATE   20                         0     20        0
  SINCE MAR 1     20                         0     20        0
  SINCE JAN 1     22                         0     22        0
..................................................................


WIND (MPH)
  HIGHEST WIND SPEED    17   HIGHEST WIND DIRECTION    SE (150)
  HIGHEST GUST SPEED    22   HIGHEST GUST DIRECTION    SW (220)
  AVERAGE WIND SPEED     7.4


SKY COVER
  POSSIBLE SUNSHINE  MM
  AVERAGE SKY COVER 0.7


WEATHER CONDITIONS
 THE FOLLOWING WEATHER WAS RECORDED YESTERDAY.
  THUNDERSTORM
  HEAVY RAIN
  RAIN
  LIGHT RAIN
  FOG


RELATIVE HUMIDITY (PERCENT)
 HIGHEST    86          1100 PM
 LOWEST     48           400 PM
 AVERAGE    67

..........................................................


THE AKRON CANTON OH CLIMATE NORMALS FOR TODAY
                         NORMAL    RECORD    YEAR
 MAXIMUM TEMPERATURE (F)   65        84      1888
 MINIMUM TEMPERATURE (F)   43        29      2012
                                             1944


SUNRISE AND SUNSET
APRIL 29 2017.........SUNRISE   626 AM EDT   SUNSET   820 PM EDT
APRIL 30 2017.........SUNRISE   625 AM EDT   SUNSET   822 PM EDT


-  INDICATES NEGATIVE NUMBERS.
R  INDICATES RECORD WAS SET OR TIED.
MM INDICATES DATA IS MISSING.
T  INDICATES TRACE AMOUNT.




$$
