000
CDUS41 KCLE 260545
CLICAK


CLIMATE REPORT
NATIONAL WEATHER SERVICE CLEVELAND OH
145 AM EDT FRI AUG 26 2016


...................................

...THE AKRON CANTON OH CLIMATE SUMMARY FOR AUGUST 25 2016...

CLIMATE NORMAL PERIOD 1981 TO 2010
CLIMATE RECORD PERIOD 1887 TO 2016


WEATHER ITEM   OBSERVED TIME   RECORD YEAR NORMAL DEPARTURE LAST
                VALUE   (LST)  VALUE       VALUE  FROM      YEAR
                                                  NORMAL
..................................................................
TEMPERATURE (F)
 YESTERDAY
  MAXIMUM         90    436 PM  93    1993  80     10       68
                                      1948
  MINIMUM         72    233 AM  40    1942  60     12       54
  AVERAGE         81                        70     11       61

PRECIPITATION (IN)
  YESTERDAY        0.56                      0.12   0.44     0.00
  MONTH TO DATE    2.66                      2.89  -0.23     0.38
  SINCE JUN 1      8.23                     10.80  -2.57    12.55
  SINCE JAN 1     22.90                     26.53  -3.63    28.96

SNOWFALL (IN)
  YESTERDAY        0.0                       0.0    0.0      0.0
  MONTH TO DATE    0.0                       0.0    0.0      0.0
  SINCE JUN 1      0.0                       0.0    0.0      0.0
  SINCE JUL 1      0.0                       0.0    0.0      0.0
  SNOW DEPTH       0

DEGREE DAYS
 HEATING
  YESTERDAY        0                         1     -1        4
  MONTH TO DATE    0                         4     -4        4
  SINCE JUN 1     22                        59    -37       29
  SINCE JUL 1      3                        10     -7        4

 COOLING
  YESTERDAY       16                         5     11        0
  MONTH TO DATE  298                       156    142      180
  SINCE JUN 1    821                       513    308      606
  SINCE JAN 1    882                       555    327      750
..................................................................


WIND (MPH)
  HIGHEST WIND SPEED    20   HIGHEST WIND DIRECTION    SW (230)
  HIGHEST GUST SPEED    27   HIGHEST GUST DIRECTION     S (200)
  AVERAGE WIND SPEED     9.4


SKY COVER
  POSSIBLE SUNSHINE  MM
  AVERAGE SKY COVER 0.7


WEATHER CONDITIONS
 THE FOLLOWING WEATHER WAS RECORDED YESTERDAY.
  THUNDERSTORM
  HEAVY RAIN
  LIGHT RAIN
  FOG


RELATIVE HUMIDITY (PERCENT)
 HIGHEST    93           400 AM
 LOWEST     52           300 PM
 AVERAGE    73

..........................................................


THE AKRON CANTON OH CLIMATE NORMALS FOR TODAY
                         NORMAL    RECORD    YEAR
 MAXIMUM TEMPERATURE (F)   79        95      1948
 MINIMUM TEMPERATURE (F)   60        41      1914


SUNRISE AND SUNSET
AUGUST 26 2016........SUNRISE   647 AM EDT   SUNSET   807 PM EDT
AUGUST 27 2016........SUNRISE   648 AM EDT   SUNSET   805 PM EDT


-  INDICATES NEGATIVE NUMBERS.
R  INDICATES RECORD WAS SET OR TIED.
MM INDICATES DATA IS MISSING.
T  INDICATES TRACE AMOUNT.




$$
