000
CDUS41 KCLE 270536
CLICAK


CLIMATE REPORT
NATIONAL WEATHER SERVICE CLEVELAND OH
135 AM EDT FRI MAR 27 2015


...................................

...THE AKRON CANTON OH CLIMATE SUMMARY FOR MARCH 26 2015...

CLIMATE NORMAL PERIOD 1981 TO 2010
CLIMATE RECORD PERIOD 1887 TO 2015


WEATHER ITEM   OBSERVED TIME   RECORD YEAR NORMAL DEPARTURE LAST
                VALUE   (LST)  VALUE       VALUE  FROM      YEAR
                                                  NORMAL
..................................................................
TEMPERATURE (F)
 YESTERDAY
  MAXIMUM         47   1234 AM  78    1967  51     -4       28
  MINIMUM         35   1113 PM  10    2001  32      3       13
  AVERAGE         41                        41      0       21

PRECIPITATION (IN)
  YESTERDAY        0.54                      0.10   0.44     0.06
  MONTH TO DATE    2.71                      2.43   0.28     1.38
  SINCE MAR 1      2.71                      2.43   0.28     1.38
  SINCE JAN 1      8.19                      7.35   0.84     4.89

SNOWFALL (IN)
  YESTERDAY        0.0                       0.2   -0.2      1.2
  MONTH TO DATE    6.7                       7.3   -0.6      8.4
  SINCE MAR 1      6.7                       7.3   -0.6      8.4
  SINCE JUL 1     59.6                      43.8   15.8     67.7
  SNOW DEPTH       0

DEGREE DAYS
 HEATING
  YESTERDAY       24                        24      0       44
  MONTH TO DATE  771                       738     33      893
  SINCE MAR 1    771                       738     33      893
  SINCE JUL 1   5614                      5282    332     5716

 COOLING
  YESTERDAY        0                         0      0        0
  MONTH TO DATE    0                         0      0        0
  SINCE MAR 1      0                         0      0        0
  SINCE JAN 1      0                         0      0        0
..................................................................


WIND (MPH)
  HIGHEST WIND SPEED    17   HIGHEST WIND DIRECTION    NW (320)
  HIGHEST GUST SPEED    22   HIGHEST GUST DIRECTION    NW (310)
  AVERAGE WIND SPEED     6.9


SKY COVER
  POSSIBLE SUNSHINE  MM
  AVERAGE SKY COVER 0.9


WEATHER CONDITIONS
 THE FOLLOWING WEATHER WAS RECORDED YESTERDAY.
  RAIN
  LIGHT RAIN
  FOG
  HAZE


RELATIVE HUMIDITY (PERCENT)
 HIGHEST    92          1000 PM
 LOWEST     82          1200 PM
 AVERAGE    87

..........................................................


THE AKRON CANTON OH CLIMATE NORMALS FOR TODAY
                         NORMAL    RECORD    YEAR
 MAXIMUM TEMPERATURE (F)   51        79      1950
 MINIMUM TEMPERATURE (F)   32        12      1982


SUNRISE AND SUNSET
MARCH 27 2015.........SUNRISE   718 AM EDT   SUNSET   745 PM EDT
MARCH 28 2015.........SUNRISE   716 AM EDT   SUNSET   746 PM EDT


-  INDICATES NEGATIVE NUMBERS.
R  INDICATES RECORD WAS SET OR TIED.
MM INDICATES DATA IS MISSING.
T  INDICATES TRACE AMOUNT.




$$
