000
CDUS41 KCLE 022245
CLICAK


CLIMATE REPORT
NATIONAL WEATHER SERVICE CLEVELAND OH
645 PM EDT WED SEP 2 2015


...................................

...THE AKRON CANTON OH CLIMATE SUMMARY FOR SEPTEMBER 2 2015...
VALID TODAY AS OF 0500 PM LOCAL TIME.

CLIMATE NORMAL PERIOD 1981 TO 2010
CLIMATE RECORD PERIOD 1887 TO 2015


WEATHER ITEM   OBSERVED TIME   RECORD YEAR NORMAL DEPARTURE LAST
                VALUE   (LST)  VALUE       VALUE  FROM      YEAR
                                                  NORMAL
..................................................................
TEMPERATURE (F)
 TODAY
  MAXIMUM         90    316 PM  99    1953  78     12       79
  MINIMUM         69    512 AM  42    1909  58     11       64
  AVERAGE         80                        68     12       72

PRECIPITATION (IN)
  TODAY            0.00                      0.12  -0.12     0.02
  MONTH TO DATE    0.00                      0.24  -0.24     0.02
  SINCE SEP 1      0.00                      0.24  -0.24     0.02
  SINCE JAN 1     29.34                     27.44   1.90    35.81

SNOWFALL (IN)
  TODAY            0.0                       0.0    0.0      0.0
  MONTH TO DATE    0.0                       0.0    0.0      0.0
  SINCE SEP 1      0.0                       0.0    0.0      0.0
  SINCE JUL 1      0.0                       0.0    0.0      0.0
  SNOW DEPTH       0

DEGREE DAYS
 HEATING
  TODAY            0                         1     -1        0
  MONTH TO DATE    0                         2     -2        0
  SINCE SEP 1      0                         2     -2        0
  SINCE JUL 1      9                        22    -13       16

 COOLING
  TODAY           15                         4     11        7
  MONTH TO DATE   28                         8     20       20
  SINCE SEP 1     28                         8     20       20
  SINCE JAN 1    812                       590    222      656
..................................................................


WIND (MPH)
  HIGHEST WIND SPEED    14   HIGHEST WIND DIRECTION     W (250)
  HIGHEST GUST SPEED    17   HIGHEST GUST DIRECTION     W (260)


SKY COVER
  POSSIBLE SUNSHINE  MM
  AVERAGE SKY COVER 0.5


WEATHER CONDITIONS
 THE FOLLOWING WEATHER WAS RECORDED TODAY.
  FOG
  HAZE


RELATIVE HUMIDITY (PERCENT)
 HIGHEST    90           200 AM
 LOWEST     44           200 PM
 AVERAGE    67

..........................................................


THE AKRON CANTON OH CLIMATE NORMALS FOR TOMORROW
                         NORMAL    RECORD    YEAR
 MAXIMUM TEMPERATURE (F)   78        99      1953
 MINIMUM TEMPERATURE (F)   58        41      1946


SUNRISE AND SUNSET
SEPTEMBER  2 2015.....SUNRISE   653 AM EDT   SUNSET   757 PM EDT
SEPTEMBER  3 2015.....SUNRISE   654 AM EDT   SUNSET   755 PM EDT


-  INDICATES NEGATIVE NUMBERS.
R  INDICATES RECORD WAS SET OR TIED.
MM INDICATES DATA IS MISSING.
T  INDICATES TRACE AMOUNT.




$$
