000
CDUS41 KCLE 262201
CLICAK


CLIMATE REPORT
NATIONAL WEATHER SERVICE CLEVELAND OH
601 PM EDT WED AUG 26 2015


...................................

...THE AKRON CANTON OH CLIMATE SUMMARY FOR AUGUST 26 2015...
VALID TODAY AS OF 0500 PM LOCAL TIME.

CLIMATE NORMAL PERIOD 1981 TO 2010
CLIMATE RECORD PERIOD 1887 TO 2015


WEATHER ITEM   OBSERVED TIME   RECORD YEAR NORMAL DEPARTURE LAST
                VALUE   (LST)  VALUE       VALUE  FROM      YEAR
                                                  NORMAL
..................................................................
TEMPERATURE (F)
 TODAY
  MAXIMUM         66    120 PM  95    1948  79    -13       86
  MINIMUM         53    625 AM  41    1914  60     -7       66
  AVERAGE         60                        69     -9       76

PRECIPITATION (IN)
  TODAY            T                         0.11  -0.11     0.02
  MONTH TO DATE    0.38                      3.00  -2.62     5.24
  SINCE JUN 1     12.55                     10.91   1.64    18.68
  SINCE JAN 1     28.96                     26.64   2.32    35.31

SNOWFALL (IN)
  TODAY            0.0                       0.0    0.0      0.0
  MONTH TO DATE    0.0                       0.0    0.0      0.0
  SINCE JUN 1      0.0                       0.0    0.0      0.0
  SINCE JUL 1      0.0                       0.0    0.0      0.0
  SNOW DEPTH       0

DEGREE DAYS
 HEATING
  TODAY            5                         1      4        0
  MONTH TO DATE    9                         5      4        6
  SINCE JUN 1     34                        60    -26       31
  SINCE JUL 1      9                        11     -2       16

 COOLING
  TODAY            0                         5     -5       11
  MONTH TO DATE  180                       161     19      166
  SINCE JUN 1    606                       518     88      526
  SINCE JAN 1    750                       560    190      602
..................................................................


WIND (MPH)
  HIGHEST WIND SPEED    13   HIGHEST WIND DIRECTION    NW (310)
  HIGHEST GUST SPEED    16   HIGHEST GUST DIRECTION     W (290)


SKY COVER
  POSSIBLE SUNSHINE  MM
  AVERAGE SKY COVER 0.9


WEATHER CONDITIONS
 THE FOLLOWING WEATHER WAS RECORDED TODAY.
  LIGHT RAIN
  FOG
  HAZE


RELATIVE HUMIDITY (PERCENT)
 HIGHEST    93           500 AM
 LOWEST     67          1200 PM
 AVERAGE    80

..........................................................


THE AKRON CANTON OH CLIMATE NORMALS FOR TOMORROW
                         NORMAL    RECORD    YEAR
 MAXIMUM TEMPERATURE (F)   79        97      1948
 MINIMUM TEMPERATURE (F)   59        44      1914


SUNRISE AND SUNSET
AUGUST 26 2015........SUNRISE   646 AM EDT   SUNSET   808 PM EDT
AUGUST 27 2015........SUNRISE   647 AM EDT   SUNSET   807 PM EDT


-  INDICATES NEGATIVE NUMBERS.
R  INDICATES RECORD WAS SET OR TIED.
MM INDICATES DATA IS MISSING.
T  INDICATES TRACE AMOUNT.




$$
