000
CDUS41 KCLE 272118
CLICAK


CLIMATE REPORT
NATIONAL WEATHER SERVICE CLEVELAND OH
517 PM EDT TUE SEP 27 2016


...................................

...THE AKRON CANTON OH CLIMATE SUMMARY FOR SEPTEMBER 27 2016...
VALID TODAY AS OF 0500 PM LOCAL TIME.

CLIMATE NORMAL PERIOD 1981 TO 2010
CLIMATE RECORD PERIOD 1887 TO 2016


WEATHER ITEM   OBSERVED TIME   RECORD YEAR NORMAL DEPARTURE LAST
                VALUE   (LST)  VALUE       VALUE  FROM      YEAR
                                                  NORMAL
..................................................................
TEMPERATURE (F)
 TODAY
  MAXIMUM         71    356 PM  89    1891  68      3       73
  MINIMUM         46    539 AM  33    1957  49     -3       61
                                      1947
  AVERAGE         59                        59      0       67

PRECIPITATION (IN)
  TODAY            0.00                      0.11  -0.11      T
  MONTH TO DATE    4.38                      3.13   1.25     2.74
  SINCE SEP 1      4.38                      3.13   1.25     2.74
  SINCE JAN 1     27.98                     30.33  -2.35    32.08

SNOWFALL (IN)
  TODAY            0.0                       0.0    0.0      0.0
  MONTH TO DATE    0.0                       0.0    0.0      0.0
  SINCE SEP 1      0.0                       0.0    0.0      0.0
  SINCE JUL 1      0.0                       0.0    0.0      0.0
  SNOW DEPTH       0

DEGREE DAYS
 HEATING
  TODAY            6                         7     -1        0
  MONTH TO DATE   17                        94    -77       24
  SINCE SEP 1     17                        94    -77       24
  SINCE JUL 1     20                       114    -94       33

 COOLING
  TODAY            0                         1     -1        2
  MONTH TO DATE  155                        62     93      161
  SINCE SEP 1    155                        62     93      161
  SINCE JAN 1   1109                       644    465      945
..................................................................


WIND (MPH)
  HIGHEST WIND SPEED    26   HIGHEST WIND DIRECTION    SW (220)
  HIGHEST GUST SPEED    32   HIGHEST GUST DIRECTION    SW (220)


SKY COVER
  POSSIBLE SUNSHINE  MM
  AVERAGE SKY COVER 0.1


WEATHER CONDITIONS
 THE FOLLOWING WEATHER WAS RECORDED TODAY.
  NO SIGNIFICANT WEATHER WAS OBSERVED.


RELATIVE HUMIDITY (PERCENT)
 HIGHEST    93           600 AM
 LOWEST     31           200 PM
 AVERAGE    62

..........................................................


THE AKRON CANTON OH CLIMATE NORMALS FOR TOMORROW
                         NORMAL    RECORD    YEAR
 MAXIMUM TEMPERATURE (F)   68        88      1959
 MINIMUM TEMPERATURE (F)   49        33      1942


SUNRISE AND SUNSET
SEPTEMBER 27 2016.....SUNRISE   719 AM EDT   SUNSET   714 PM EDT
SEPTEMBER 28 2016.....SUNRISE   720 AM EDT   SUNSET   712 PM EDT


-  INDICATES NEGATIVE NUMBERS.
R  INDICATES RECORD WAS SET OR TIED.
MM INDICATES DATA IS MISSING.
T  INDICATES TRACE AMOUNT.




$$
