000
CDUS41 KCLE 012112
CLICAK


CLIMATE REPORT
NATIONAL WEATHER SERVICE CLEVELAND OH
511 PM EDT WED JUL 1 2015


...................................

...THE AKRON CANTON OH CLIMATE SUMMARY FOR JULY 1 2015...
VALID TODAY AS OF 0500 PM LOCAL TIME.

CLIMATE NORMAL PERIOD 1981 TO 2010
CLIMATE RECORD PERIOD 1887 TO 2015


WEATHER ITEM   OBSERVED TIME   RECORD YEAR NORMAL DEPARTURE LAST
                VALUE   (LST)  VALUE       VALUE  FROM      YEAR
                                                  NORMAL
..................................................................
TEMPERATURE (F)
 TODAY
  MAXIMUM         76    256 PM  97    1931  82     -6       90
  MINIMUM         62    538 AM  43    1988  61      1       74
  AVERAGE         69                        71     -2       82

PRECIPITATION (IN)
  TODAY            0.00                      0.13  -0.13     0.01
  MONTH TO DATE    0.00                      0.13  -0.13     0.01
  SINCE JUN 1      8.31                      3.96   4.35     9.29
  SINCE JAN 1     24.72                     19.69   5.03    25.92

SNOWFALL (IN)
  TODAY            0.0                       0.0    0.0      0.0
  MONTH TO DATE    0.0                       0.0    0.0      0.0
  SINCE JUN 1      0.0                       0.0    0.0      0.0
  SINCE JUL 1      0.0                       0.0    0.0      0.0
  SNOW DEPTH       0

DEGREE DAYS
 HEATING
  TODAY            0                         0      0        0
  MONTH TO DATE    0                         0      0        0
  SINCE JUN 1     25                        49    -24       15
  SINCE JUL 1      0                         0      0        0

 COOLING
  TODAY            4                         7     -3       17
  MONTH TO DATE    4                         7     -3       17
  SINCE JUN 1    190                       142     48      200
  SINCE JAN 1    334                       184    150      276
..................................................................


WIND (MPH)
  HIGHEST WIND SPEED    15   HIGHEST WIND DIRECTION     W (260)
  HIGHEST GUST SPEED    23   HIGHEST GUST DIRECTION    NW (330)


SKY COVER
  POSSIBLE SUNSHINE  MM
  AVERAGE SKY COVER 0.9


WEATHER CONDITIONS
 THE FOLLOWING WEATHER WAS RECORDED TODAY.
  FOG
  HAZE


RELATIVE HUMIDITY (PERCENT)
 HIGHEST    93           100 AM
 LOWEST     57           300 PM
 AVERAGE    75

..........................................................


THE AKRON CANTON OH CLIMATE NORMALS FOR TOMORROW
                         NORMAL    RECORD    YEAR
 MAXIMUM TEMPERATURE (F)   82        98      1931
 MINIMUM TEMPERATURE (F)   61        45      1943


SUNRISE AND SUNSET
JULY  1 2015..........SUNRISE   558 AM EDT   SUNSET   901 PM EDT
JULY  2 2015..........SUNRISE   558 AM EDT   SUNSET   901 PM EDT


-  INDICATES NEGATIVE NUMBERS.
R  INDICATES RECORD WAS SET OR TIED.
MM INDICATES DATA IS MISSING.
T  INDICATES TRACE AMOUNT.




$$
