000
CDUS41 KCLE 040527
CLICAK


CLIMATE REPORT
NATIONAL WEATHER SERVICE CLEVELAND OH
1227 AM EST WED MAR 4 2015


...................................

...THE AKRON CANTON OH CLIMATE SUMMARY FOR MARCH 3 2015...

CLIMATE NORMAL PERIOD 1981 TO 2010
CLIMATE RECORD PERIOD 1887 TO 2015


WEATHER ITEM   OBSERVED TIME   RECORD YEAR NORMAL DEPARTURE LAST
                VALUE   (LST)  VALUE       VALUE  FROM      YEAR
                                                  NORMAL
..................................................................
TEMPERATURE (F)
 YESTERDAY
  MAXIMUM         43    817 PM  74    1974  41      2       14
  MINIMUM         17   1206 AM  -2    1943  25     -8        2
  AVERAGE         30                        33     -3        8

PRECIPITATION (IN)
  YESTERDAY        0.21                      0.09   0.12     0.00
  MONTH TO DATE    0.61                      0.26   0.35     0.14
  SINCE MAR 1      0.61                      0.26   0.35     0.14
  SINCE JAN 1      6.09                      5.18   0.91     3.65

SNOWFALL (IN)
  YESTERDAY        T                         0.3   -0.3      0.0
  MONTH TO DATE    5.9                       1.0    4.9      2.6
  SINCE MAR 1      5.9                       1.0    4.9      2.6
  SINCE JUL 1     58.8                      37.5   21.3     61.9
  SNOW DEPTH      10

DEGREE DAYS
 HEATING
  YESTERDAY       35                        32      3       57
  MONTH TO DATE  119                        97     22      133
  SINCE MAR 1    119                        97     22      133
  SINCE JUL 1   4962                      4641    321     4956

 COOLING
  YESTERDAY        0                         0      0        0
  MONTH TO DATE    0                         0      0        0
  SINCE MAR 1      0                         0      0        0
  SINCE JAN 1      0                         0      0        0
..................................................................


WIND (MPH)
  HIGHEST WIND SPEED    24   HIGHEST WIND DIRECTION    SW (220)
  HIGHEST GUST SPEED    38   HIGHEST GUST DIRECTION    SW (220)
  AVERAGE WIND SPEED    11.9


SKY COVER
  POSSIBLE SUNSHINE  MM
  AVERAGE SKY COVER 1.0


WEATHER CONDITIONS
 THE FOLLOWING WEATHER WAS RECORDED YESTERDAY.
  LIGHT RAIN
  LT FREEZING RAIN
  SLEET
  FOG
  HAZE


RELATIVE HUMIDITY (PERCENT)
 HIGHEST    92           700 PM
 LOWEST     60           900 AM
 AVERAGE    76

..........................................................


THE AKRON CANTON OH CLIMATE NORMALS FOR TODAY
                         NORMAL    RECORD    YEAR
 MAXIMUM TEMPERATURE (F)   42        74      1983
 MINIMUM TEMPERATURE (F)   25        -1      1943


SUNRISE AND SUNSET
MARCH  4 2015.........SUNRISE   656 AM EST   SUNSET   620 PM EST
MARCH  5 2015.........SUNRISE   654 AM EST   SUNSET   621 PM EST


-  INDICATES NEGATIVE NUMBERS.
R  INDICATES RECORD WAS SET OR TIED.
MM INDICATES DATA IS MISSING.
T  INDICATES TRACE AMOUNT.




$$
