000
CDUS41 KCLE 160529
CLICAK


CLIMATE REPORT
NATIONAL WEATHER SERVICE CLEVELAND OH
1228 AM EST TUE DEC 16 2014


...................................

...THE AKRON CANTON OH CLIMATE SUMMARY FOR DECEMBER 15 2014...

CLIMATE NORMAL PERIOD 1981 TO 2010
CLIMATE RECORD PERIOD 1887 TO 2014


WEATHER ITEM   OBSERVED TIME   RECORD YEAR NORMAL DEPARTURE LAST
                VALUE   (LST)  VALUE       VALUE  FROM      YEAR
                                                  NORMAL
..................................................................
TEMPERATURE (F)
 YESTERDAY
  MAXIMUM         51    153 PM  63    1971  37     14       34
  MINIMUM         39    827 AM  -5    1914  24     15       15
  AVERAGE         45                        30     15       25

PRECIPITATION (IN)
  YESTERDAY        T                         0.09  -0.09     0.03
  MONTH TO DATE    1.18                      1.45  -0.27     0.98
  SINCE DEC 1      1.18                      1.45  -0.27     0.98
  SINCE JAN 1     44.56                     38.23   6.33    39.68

SNOWFALL (IN)
  YESTERDAY        0.0                       0.4   -0.4      0.6
  MONTH TO DATE    0.4                       4.5   -4.1      7.8
  SINCE DEC 1      0.4                       4.5   -4.1      7.8
  SINCE JUL 1      8.4                       7.9    0.5     18.5
  SNOW DEPTH       0

DEGREE DAYS
 HEATING
  YESTERDAY       20                        35    -15       40
  MONTH TO DATE  447                       484    -37      520
  SINCE DEC 1    447                       484    -37      520
  SINCE JUL 1   1730                      1743    -13     1770

 COOLING
  YESTERDAY        0                         0      0        0
  MONTH TO DATE    0                         0      0        0
  SINCE DEC 1      0                         0      0        0
  SINCE JAN 1    719                       652     67      829
..................................................................


WIND (MPH)
  HIGHEST WIND SPEED    18   HIGHEST WIND DIRECTION    SE (150)
  HIGHEST GUST SPEED    23   HIGHEST GUST DIRECTION    SE (140)
  AVERAGE WIND SPEED     6.2


SKY COVER
  POSSIBLE SUNSHINE  MM
  AVERAGE SKY COVER 0.8


WEATHER CONDITIONS
 THE FOLLOWING WEATHER WAS RECORDED YESTERDAY.
  LIGHT RAIN
  FOG
  HAZE


RELATIVE HUMIDITY (PERCENT)
 HIGHEST    93           700 AM
 LOWEST     71           100 PM
 AVERAGE    82

..........................................................


THE AKRON CANTON OH CLIMATE NORMALS FOR TODAY
                         NORMAL    RECORD    YEAR
 MAXIMUM TEMPERATURE (F)   37        62      1984
 MINIMUM TEMPERATURE (F)   24       -11      1951


SUNRISE AND SUNSET
DECEMBER 16 2014......SUNRISE   744 AM EST   SUNSET   459 PM EST
DECEMBER 17 2014......SUNRISE   745 AM EST   SUNSET   459 PM EST


-  INDICATES NEGATIVE NUMBERS.
R  INDICATES RECORD WAS SET OR TIED.
MM INDICATES DATA IS MISSING.
T  INDICATES TRACE AMOUNT.




$$
