000
CDUS41 KCLE 040527
CLICAK


CLIMATE REPORT
NATIONAL WEATHER SERVICE CLEVELAND OH
125 AM EDT TUE AUG 4 2015


...................................

...THE AKRON CANTON OH CLIMATE SUMMARY FOR AUGUST 3 2015...

CLIMATE NORMAL PERIOD 1981 TO 2010
CLIMATE RECORD PERIOD 1887 TO 2015


WEATHER ITEM   OBSERVED TIME   RECORD YEAR NORMAL DEPARTURE LAST
                VALUE   (LST)  VALUE       VALUE  FROM      YEAR
                                                  NORMAL
..................................................................
TEMPERATURE (F)
 YESTERDAY
  MAXIMUM         85    226 PM  97    1930  81      4       79
  MINIMUM         65    714 AM  47    1976  62      3       62
                                      1920
  AVERAGE         75                        72      3       71

PRECIPITATION (IN)
  YESTERDAY        T                         0.13  -0.13     0.49
  MONTH TO DATE    T                         0.37  -0.37     0.74
  SINCE JUN 1     12.17                      8.28   3.89    14.18
  SINCE JAN 1     28.58                     24.01   4.57    30.81

SNOWFALL (IN)
  YESTERDAY        0.0                       0.0    0.0      0.0
  MONTH TO DATE    0.0                       0.0    0.0      0.0
  SINCE JUN 1      0.0                       0.0    0.0      0.0
  SINCE JUL 1      0.0                       0.0    0.0      0.0
  SNOW DEPTH       0

DEGREE DAYS
 HEATING
  YESTERDAY        0                         0      0        0
  MONTH TO DATE    0                         0      0        0
  SINCE JUN 1     25                        55    -30       25
  SINCE JUL 1      0                         6     -6       10

 COOLING
  YESTERDAY       10                         7      3        6
  MONTH TO DATE   29                        21      8       19
  SINCE JUN 1    455                       378     77      379
  SINCE JAN 1    599                       420    179      455
..................................................................


WIND (MPH)
  HIGHEST WIND SPEED    25   HIGHEST WIND DIRECTION     N (350)
  HIGHEST GUST SPEED    36   HIGHEST GUST DIRECTION     N (340)
  AVERAGE WIND SPEED    11.2


SKY COVER
  POSSIBLE SUNSHINE  MM
  AVERAGE SKY COVER 0.5


WEATHER CONDITIONS
 THE FOLLOWING WEATHER WAS RECORDED YESTERDAY.
  NO SIGNIFICANT WEATHER WAS OBSERVED.


RELATIVE HUMIDITY (PERCENT)
 HIGHEST    78           500 AM
 LOWEST     49          1100 AM
 AVERAGE    64

..........................................................


THE AKRON CANTON OH CLIMATE NORMALS FOR TODAY
                         NORMAL    RECORD    YEAR
 MAXIMUM TEMPERATURE (F)   81       101      1930
 MINIMUM TEMPERATURE (F)   62        47      1951
                                             1912


SUNRISE AND SUNSET
AUGUST  4 2015........SUNRISE   625 AM EDT   SUNSET   838 PM EDT
AUGUST  5 2015........SUNRISE   626 AM EDT   SUNSET   837 PM EDT


-  INDICATES NEGATIVE NUMBERS.
R  INDICATES RECORD WAS SET OR TIED.
MM INDICATES DATA IS MISSING.
T  INDICATES TRACE AMOUNT.




$$
