000
CDUS41 KCLE 260526
CLICAK


CLIMATE REPORT
NATIONAL WEATHER SERVICE CLEVELAND OH
125 AM EDT TUE SEP 26 2017


...................................

...THE AKRON CANTON OH CLIMATE SUMMARY FOR SEPTEMBER 25 2017...

CLIMATE NORMAL PERIOD 1981 TO 2010
CLIMATE RECORD PERIOD 1887 TO 2017


WEATHER ITEM   OBSERVED TIME   RECORD YEAR NORMAL DEPARTURE LAST
                VALUE   (LST)  VALUE       VALUE  FROM      YEAR
                                                  NORMAL
..................................................................
TEMPERATURE (F)
 YESTERDAY
  MAXIMUM         90    312 PM  92    1908  69     21       75
  MINIMUM         68    559 AM  33    1942  50     18       47
  AVERAGE         79                        60     19       61

PRECIPITATION (IN)
  YESTERDAY        0.00                      0.11  -0.11     0.00
  MONTH TO DATE    2.01                      2.90  -0.89     4.35
  SINCE SEP 1      2.01                      2.90  -0.89     4.35
  SINCE JAN 1     36.68                     30.10   6.58    27.95

SNOWFALL (IN)
  YESTERDAY        0.0                       0.0    0.0      0.0
  MONTH TO DATE    0.0                       0.0    0.0      0.0
  SINCE SEP 1      0.0                       0.0    0.0      0.0
  SINCE JUL 1      0.0                       0.0    0.0      0.0
  SNOW DEPTH       0

DEGREE DAYS
 HEATING
  YESTERDAY        0                         6     -6        4
  MONTH TO DATE   49                        80    -31        6
  SINCE SEP 1     49                        80    -31        6
  SINCE JUL 1     55                       100    -45        9

 COOLING
  YESTERDAY       14                         1     13        0
  MONTH TO DATE  121                        60     61      155
  SINCE SEP 1    121                        60     61      155
  SINCE JAN 1    863                       642    221     1109
..................................................................


WIND (MPH)
  HIGHEST WIND SPEED    12   HIGHEST WIND DIRECTION     S (170)
  HIGHEST GUST SPEED    16   HIGHEST GUST DIRECTION     S (160)
  AVERAGE WIND SPEED     4.2


SKY COVER
  POSSIBLE SUNSHINE  MM
  AVERAGE SKY COVER 0.5


WEATHER CONDITIONS
 THE FOLLOWING WEATHER WAS RECORDED YESTERDAY.
  NO SIGNIFICANT WEATHER WAS OBSERVED.


RELATIVE HUMIDITY (PERCENT)
 HIGHEST    84           300 AM
 LOWEST     34           200 PM
 AVERAGE    59

..........................................................


THE AKRON CANTON OH CLIMATE NORMALS FOR TODAY
                         NORMAL    RECORD    YEAR
 MAXIMUM TEMPERATURE (F)   69        89      1900
 MINIMUM TEMPERATURE (F)   49        34      1928


SUNRISE AND SUNSET
SEPTEMBER 26 2017.....SUNRISE   717 AM EDT   SUNSET   716 PM EDT
SEPTEMBER 27 2017.....SUNRISE   718 AM EDT   SUNSET   714 PM EDT


-  INDICATES NEGATIVE NUMBERS.
R  INDICATES RECORD WAS SET OR TIED.
MM INDICATES DATA IS MISSING.
T  INDICATES TRACE AMOUNT.




$$
