000
CDUS41 KCLE 010545
CLICAK


CLIMATE REPORT
NATIONAL WEATHER SERVICE CLEVELAND OH
145 AM EDT FRI AUG 1 2014


...................................

...THE AKRON CANTON OH CLIMATE SUMMARY FOR JULY 31 2014...

CLIMATE NORMAL PERIOD 1981 TO 2010
CLIMATE RECORD PERIOD 1887 TO 2014


WEATHER ITEM   OBSERVED TIME   RECORD YEAR NORMAL DEPARTURE LAST
                VALUE   (LST)  VALUE       VALUE  FROM      YEAR
                                                  NORMAL
..................................................................
TEMPERATURE (F)
 YESTERDAY
  MAXIMUM         79    509 PM  97    1933  82     -3       76
                                      1917
  MINIMUM         57    555 AM  50    1964  62     -5       61
                                      1936
                                      1895
  AVERAGE         68                        72     -4       69

PRECIPITATION (IN)
  YESTERDAY        0.00                      0.13  -0.13     0.17
  MONTH TO DATE    4.16                      4.08   0.08     7.11
  SINCE JUN 1     13.44                      7.91   5.53    13.02
  SINCE JAN 1     30.07                     23.64   6.43    25.28

SNOWFALL (IN)
  YESTERDAY        0.0                       0.0    0.0      0.0
  MONTH TO DATE    0.0                       0.0    0.0      0.0
  SINCE JUN 1      0.0                       0.0    0.0      0.0
  SINCE JUL 1      0.0                       0.0    0.0      0.0
  SNOW DEPTH       0

DEGREE DAYS
 HEATING
  YESTERDAY        0                         0      0        0
  MONTH TO DATE   10                         0     10        5
  SINCE JUN 1     25                        55    -30       32
  SINCE JUL 1     10                         6      4        5

 COOLING
  YESTERDAY        3                         7     -4        4
  MONTH TO DATE  181                       222    -41      272
  SINCE JUN 1    364                       357      7      433
  SINCE JAN 1    440                       399     41      539
..................................................................


WIND (MPH)
  HIGHEST WIND SPEED    16   HIGHEST WIND DIRECTION     W (280)
  HIGHEST GUST SPEED    22   HIGHEST GUST DIRECTION     W (260)
  AVERAGE WIND SPEED     5.8


SKY COVER
  POSSIBLE SUNSHINE  MM
  AVERAGE SKY COVER 0.5


WEATHER CONDITIONS
 THE FOLLOWING WEATHER WAS RECORDED YESTERDAY.
  FOG
  HAZE


RELATIVE HUMIDITY (PERCENT)
 HIGHEST    93           300 AM
 LOWEST     45           300 PM
 AVERAGE    69

..........................................................


THE AKRON CANTON OH CLIMATE NORMALS FOR TODAY
                         NORMAL    RECORD    YEAR
 MAXIMUM TEMPERATURE (F)   82        96      1933
                                             1917
 MINIMUM TEMPERATURE (F)   62        48      1992
                                             1903


SUNRISE AND SUNSET
AUGUST  1 2014........SUNRISE   622 AM EDT   SUNSET   842 PM EDT
AUGUST  2 2014........SUNRISE   623 AM EDT   SUNSET   840 PM EDT


-  INDICATES NEGATIVE NUMBERS.
R  INDICATES RECORD WAS SET OR TIED.
MM INDICATES DATA IS MISSING.
T  INDICATES TRACE AMOUNT.




$$
