000
CDUS41 KCLE 220527
CLICAK


CLIMATE REPORT
NATIONAL WEATHER SERVICE CLEVELAND OH
1226 AM EST WED NOV 22 2017


...................................

...THE AKRON CANTON OH CLIMATE SUMMARY FOR NOVEMBER 21 2017...

CLIMATE NORMAL PERIOD 1981 TO 2010
CLIMATE RECORD PERIOD 1887 TO 2017


WEATHER ITEM   OBSERVED TIME   RECORD YEAR NORMAL DEPARTURE LAST
                VALUE   (LST)  VALUE       VALUE  FROM      YEAR
                                                  NORMAL
..................................................................
TEMPERATURE (F)
 YESTERDAY
  MAXIMUM         52    341 PM  73    1906  47      5       34
  MINIMUM         37    332 AM  13    1964  32      5       27
  AVERAGE         45                        40      5       31

PRECIPITATION (IN)
  YESTERDAY        T                         0.12  -0.12      T
  MONTH TO DATE    6.13                      2.31   3.82     1.20
  SINCE SEP 1     11.70                      8.59   3.11    11.50
  SINCE JAN 1     46.37                     35.79  10.58    35.10

SNOWFALL (IN)
  YESTERDAY        0.0                       0.1   -0.1       T
  MONTH TO DATE    0.1                       1.6   -1.5      2.1
  SINCE SEP 1      0.1                       2.0   -1.9      2.1
  SINCE JUL 1      0.1                       2.0   -1.9      2.1
  SNOW DEPTH       0

DEGREE DAYS
 HEATING
  YESTERDAY       20                        25     -5       34
  MONTH TO DATE  463                       456      7      360
  SINCE SEP 1    768                       991   -223      667
  SINCE JUL 1    774                      1011   -237      670

 COOLING
  YESTERDAY        0                         0      0        0
  MONTH TO DATE    0                         0      0        3
  SINCE SEP 1    184                        70    114      179
  SINCE JAN 1    926                       652    274     1133
..................................................................


WIND (MPH)
  HIGHEST WIND SPEED    31   HIGHEST WIND DIRECTION    SW (220)
  HIGHEST GUST SPEED    39   HIGHEST GUST DIRECTION    SW (220)
  AVERAGE WIND SPEED    15.9


SKY COVER
  POSSIBLE SUNSHINE  MM
  AVERAGE SKY COVER 0.6


WEATHER CONDITIONS
 THE FOLLOWING WEATHER WAS RECORDED YESTERDAY.
  LIGHT RAIN


RELATIVE HUMIDITY (PERCENT)
 HIGHEST    60          1000 PM
 LOWEST     38           100 PM
 AVERAGE    49

..........................................................


THE AKRON CANTON OH CLIMATE NORMALS FOR TODAY
                         NORMAL    RECORD    YEAR
 MAXIMUM TEMPERATURE (F)   46        70      1934
 MINIMUM TEMPERATURE (F)   32        10      1964


SUNRISE AND SUNSET
NOVEMBER 22 2017......SUNRISE   721 AM EST   SUNSET   502 PM EST
NOVEMBER 23 2017......SUNRISE   723 AM EST   SUNSET   502 PM EST


-  INDICATES NEGATIVE NUMBERS.
R  INDICATES RECORD WAS SET OR TIED.
MM INDICATES DATA IS MISSING.
T  INDICATES TRACE AMOUNT.




$$
