908
CDUS41 KCLE 230545
CLICAK


CLIMATE REPORT
NATIONAL WEATHER SERVICE CLEVELAND OH
145 AM EDT FRI JUN 23 2017


...................................

...THE AKRON CANTON OH CLIMATE SUMMARY FOR JUNE 22 2017...

CLIMATE NORMAL PERIOD 1981 TO 2010
CLIMATE RECORD PERIOD 1887 TO 2017


WEATHER ITEM   OBSERVED TIME   RECORD YEAR NORMAL DEPARTURE LAST
                VALUE   (LST)  VALUE       VALUE  FROM      YEAR
                                                  NORMAL
..................................................................
TEMPERATURE (F)
 YESTERDAY
  MAXIMUM         87    409 PM  97    1988  80      7       81
  MINIMUM         64    247 AM  38    1992  60      4       56
  AVERAGE         76                        70      6       69

PRECIPITATION (IN)
  YESTERDAY        0.00                      0.13  -0.13     0.20
  MONTH TO DATE    1.98                      2.81  -0.83     2.82
  SINCE JUN 1      1.98                      2.81  -0.83     2.82
  SINCE JAN 1     28.10                     18.54   9.56    17.49

SNOWFALL (IN)
  YESTERDAY        0.0                       0.0    0.0      0.0
  MONTH TO DATE    0.0                       0.0    0.0      0.0
  SINCE JUN 1      0.0                       0.0    0.0      0.0
  SINCE JUL 1     37.2                      47.5  -10.3     30.2
  SNOW DEPTH       0

DEGREE DAYS
 HEATING
  YESTERDAY        0                         1     -1        0
  MONTH TO DATE   18                        45    -27       17
  SINCE JUN 1     18                        45    -27       17
  SINCE JUL 1   4891                      6146  -1255     4998

 COOLING
  YESTERDAY       11                         6      5        4
  MONTH TO DATE  154                        85     69      142
  SINCE JUN 1    154                        85     69      142
  SINCE JAN 1    218                       127     91      203
..................................................................


WIND (MPH)
  HIGHEST WIND SPEED    23   HIGHEST WIND DIRECTION    SW (220)
  HIGHEST GUST SPEED    28   HIGHEST GUST DIRECTION    SW (220)
  AVERAGE WIND SPEED    10.3


SKY COVER
  POSSIBLE SUNSHINE  MM
  AVERAGE SKY COVER 0.7


WEATHER CONDITIONS
 THE FOLLOWING WEATHER WAS RECORDED YESTERDAY.
  NO SIGNIFICANT WEATHER WAS OBSERVED.


RELATIVE HUMIDITY (PERCENT)
 HIGHEST    74          1100 PM
 LOWEST     48           400 PM
 AVERAGE    61

..........................................................


THE AKRON CANTON OH CLIMATE NORMALS FOR TODAY
                         NORMAL    RECORD    YEAR
 MAXIMUM TEMPERATURE (F)   80        94      1923
 MINIMUM TEMPERATURE (F)   60        43      1902


SUNRISE AND SUNSET
JUNE 23 2017..........SUNRISE   555 AM EDT   SUNSET   901 PM EDT
JUNE 24 2017..........SUNRISE   555 AM EDT   SUNSET   902 PM EDT


-  INDICATES NEGATIVE NUMBERS.
R  INDICATES RECORD WAS SET OR TIED.
MM INDICATES DATA IS MISSING.
T  INDICATES TRACE AMOUNT.




$$
