000
CDUS41 KCLE 150526
CLICAK


CLIMATE REPORT
NATIONAL WEATHER SERVICE CLEVELAND OH
126 AM EDT FRI SEP 15 2017


...................................

...THE AKRON CANTON OH CLIMATE SUMMARY FOR SEPTEMBER 14 2017...

CLIMATE NORMAL PERIOD 1981 TO 2010
CLIMATE RECORD PERIOD 1887 TO 2017


WEATHER ITEM   OBSERVED TIME   RECORD YEAR NORMAL DEPARTURE LAST
                VALUE   (LST)  VALUE       VALUE  FROM      YEAR
                                                  NORMAL
..................................................................
TEMPERATURE (F)
 YESTERDAY
  MAXIMUM         70    452 PM  97    1939  74     -4       74
  MINIMUM         59   1034 PM  36    1902  54      5       57
  AVERAGE         65                        64      1       66

PRECIPITATION (IN)
  YESTERDAY        T                         0.12  -0.12     0.28
  MONTH TO DATE    2.01                      1.66   0.35     2.41
  SINCE SEP 1      2.01                      1.66   0.35     2.41
  SINCE JAN 1     36.68                     28.86   7.82    26.01

SNOWFALL (IN)
  YESTERDAY        0.0                       0.0    0.0      0.0
  MONTH TO DATE    0.0                       0.0    0.0      0.0
  SINCE SEP 1      0.0                       0.0    0.0      0.0
  SINCE JUL 1      0.0                       0.0    0.0      0.0
  SNOW DEPTH       0

DEGREE DAYS
 HEATING
  YESTERDAY        0                         3     -3        0
  MONTH TO DATE   49                        26     23        0
  SINCE SEP 1     49                        26     23        0
  SINCE JUL 1     55                        46      9        3

 COOLING
  YESTERDAY        0                         2     -2        1
  MONTH TO DATE   16                        44    -28       92
  SINCE SEP 1     16                        44    -28       92
  SINCE JAN 1    758                       626    132     1046
..................................................................


WIND (MPH)
  HIGHEST WIND SPEED    13   HIGHEST WIND DIRECTION     S (200)
  HIGHEST GUST SPEED    16   HIGHEST GUST DIRECTION     S (190)
  AVERAGE WIND SPEED     4.5


SKY COVER
  POSSIBLE SUNSHINE  MM
  AVERAGE SKY COVER 0.8


WEATHER CONDITIONS
 THE FOLLOWING WEATHER WAS RECORDED YESTERDAY.
  LIGHT RAIN


RELATIVE HUMIDITY (PERCENT)
 HIGHEST    90           200 AM
 LOWEST     66           400 PM
 AVERAGE    78

..........................................................


THE AKRON CANTON OH CLIMATE NORMALS FOR TODAY
                         NORMAL    RECORD    YEAR
 MAXIMUM TEMPERATURE (F)   74        95      1939
 MINIMUM TEMPERATURE (F)   54        37      1923
                                             1902


SUNRISE AND SUNSET
SEPTEMBER 15 2017.....SUNRISE   707 AM EDT   SUNSET   734 PM EDT
SEPTEMBER 16 2017.....SUNRISE   707 AM EDT   SUNSET   733 PM EDT


-  INDICATES NEGATIVE NUMBERS.
R  INDICATES RECORD WAS SET OR TIED.
MM INDICATES DATA IS MISSING.
T  INDICATES TRACE AMOUNT.




$$
