000
CDUS41 KCLE 130527
CLICAK


CLIMATE REPORT
NATIONAL WEATHER SERVICE CLEVELAND OH
127 AM EDT SUN APR 13 2014


...................................

...THE AKRON CANTON OH CLIMATE SUMMARY FOR APRIL 12 2014...

CLIMATE NORMAL PERIOD 1981 TO 2010
CLIMATE RECORD PERIOD 1887 TO 2014


WEATHER ITEM   OBSERVED TIME   RECORD YEAR NORMAL DEPARTURE LAST
                VALUE   (LST)  VALUE       VALUE  FROM      YEAR
                                                  NORMAL
..................................................................
TEMPERATURE (F)
 YESTERDAY
  MAXIMUM         73    359 PM  82    1977  58     15       60
  MINIMUM         39    633 AM  18    1976  38      1       40
  AVERAGE         56                        48      8       50

PRECIPITATION (IN)
  YESTERDAY        0.00                      0.13  -0.13     0.28
  MONTH TO DATE    2.67                      1.44   1.23     2.65
  SINCE MAR 1      5.25                      4.42   0.83     4.71
  SINCE JAN 1      8.76                      9.34  -0.58     8.90

SNOWFALL (IN)
  YESTERDAY        0.0                       0.1   -0.1      0.0
  MONTH TO DATE    0.0                       1.7   -1.7       T
  SINCE MAR 1      9.7                       9.9   -0.2     10.5
  SINCE JUL 1     69.0                      46.4   22.6     46.9
  SNOW DEPTH       0

DEGREE DAYS
 HEATING
  YESTERDAY        9                        17     -8       15
  MONTH TO DATE  176                       230    -54      210
  SINCE MAR 1   1192                      1081    111     1153
  SINCE JUL 1   6015                      5625    390     5414

 COOLING
  YESTERDAY        0                         0      0        0
  MONTH TO DATE    0                         0      0        0
  SINCE MAR 1      0                         0      0        0
  SINCE JAN 1      0                         0      0        0
..................................................................


WIND (MPH)
  HIGHEST WIND SPEED    17   HIGHEST WIND DIRECTION     S (190)
  HIGHEST GUST SPEED    17   HIGHEST GUST DIRECTION     S (190)
  AVERAGE WIND SPEED    10.2


SKY COVER
  POSSIBLE SUNSHINE  MM
  AVERAGE SKY COVER 0.5


WEATHER CONDITIONS
 THE FOLLOWING WEATHER WAS RECORDED YESTERDAY.
  FOG


RELATIVE HUMIDITY (PERCENT)
 HIGHEST    93           100 AM
 LOWEST     20           300 PM
 AVERAGE    57

..........................................................


THE AKRON CANTON OH CLIMATE NORMALS FOR TODAY
                         NORMAL    RECORD    YEAR
 MAXIMUM TEMPERATURE (F)   59        83      1941
 MINIMUM TEMPERATURE (F)   38        17      1950


SUNRISE AND SUNSET
APRIL 13 2014.........SUNRISE   650 AM EDT   SUNSET   803 PM EDT
APRIL 14 2014.........SUNRISE   648 AM EDT   SUNSET   804 PM EDT


-  INDICATES NEGATIVE NUMBERS.
R  INDICATES RECORD WAS SET OR TIED.
MM INDICATES DATA IS MISSING.
T  INDICATES TRACE AMOUNT.




$$
