000
CDUS41 KCLE 190545
CLICAK


CLIMATE REPORT
NATIONAL WEATHER SERVICE CLEVELAND OH
145 AM EDT WED APR 19 2017


...................................

...THE AKRON CANTON OH CLIMATE SUMMARY FOR APRIL 18 2017...

CLIMATE NORMAL PERIOD 1981 TO 2010
CLIMATE RECORD PERIOD 1887 TO 2017


WEATHER ITEM   OBSERVED TIME   RECORD YEAR NORMAL DEPARTURE LAST
                VALUE   (LST)  VALUE       VALUE  FROM      YEAR
                                                  NORMAL
..................................................................
TEMPERATURE (F)
 YESTERDAY
  MAXIMUM         73    416 PM  86    1896  61     12       80
  MINIMUM         42    606 AM  24    1983  40      2       47
                                      1953
  AVERAGE         58                        50      8       64

PRECIPITATION (IN)
  YESTERDAY        0.00                      0.12  -0.12     0.00
  MONTH TO DATE    1.37                      2.16  -0.79     2.03
  SINCE MAR 1      6.90                      5.14   1.76     6.61
  SINCE JAN 1     15.41                     10.06   5.35    11.20

SNOWFALL (IN)
  YESTERDAY        0.0                       0.1   -0.1      0.0
  MONTH TO DATE    2.5                       2.4    0.1      5.1
  SINCE MAR 1     16.0                      10.6    5.4      7.5
  SINCE JUL 1     37.2                      47.1   -9.9     30.2
  SNOW DEPTH       0

DEGREE DAYS
 HEATING
  YESTERDAY        7                        15     -8        1
  MONTH TO DATE  204                       325   -121      378
  SINCE MAR 1   1007                      1176   -169      980
  SINCE JUL 1   4607                      5720  -1113     4627

 COOLING
  YESTERDAY        0                         0      0        0
  MONTH TO DATE    9                         0      9        0
  SINCE MAR 1      9                         0      9        0
  SINCE JAN 1     11                         0     11        0
..................................................................


WIND (MPH)
  HIGHEST WIND SPEED    16   HIGHEST WIND DIRECTION    SE (140)
  HIGHEST GUST SPEED    21   HIGHEST GUST DIRECTION    SE (130)
  AVERAGE WIND SPEED     6.3


SKY COVER
  POSSIBLE SUNSHINE  MM
  AVERAGE SKY COVER 0.4


WEATHER CONDITIONS
 THE FOLLOWING WEATHER WAS RECORDED YESTERDAY.
  NO SIGNIFICANT WEATHER WAS OBSERVED.


RELATIVE HUMIDITY (PERCENT)
 HIGHEST    76           600 AM
 LOWEST     25           400 PM
 AVERAGE    51

..........................................................


THE AKRON CANTON OH CLIMATE NORMALS FOR TODAY
                         NORMAL    RECORD    YEAR
 MAXIMUM TEMPERATURE (F)   61        85      1941
 MINIMUM TEMPERATURE (F)   40        22      1983


SUNRISE AND SUNSET
APRIL 19 2017.........SUNRISE   640 AM EDT   SUNSET   810 PM EDT
APRIL 20 2017.........SUNRISE   639 AM EDT   SUNSET   811 PM EDT


-  INDICATES NEGATIVE NUMBERS.
R  INDICATES RECORD WAS SET OR TIED.
MM INDICATES DATA IS MISSING.
T  INDICATES TRACE AMOUNT.




$$
