000
CDUS41 KCLE 100530
CLICAK


CLIMATE REPORT
NATIONAL WEATHER SERVICE CLEVELAND OH
1229 AM EST WED JAN 10 2018


...................................

...THE AKRON CANTON OH CLIMATE SUMMARY FOR JANUARY 9 2018...

CLIMATE NORMAL PERIOD 1981 TO 2010
CLIMATE RECORD PERIOD 1887 TO 2018


WEATHER ITEM   OBSERVED TIME   RECORD YEAR NORMAL DEPARTURE LAST
                VALUE   (LST)  VALUE       VALUE  FROM      YEAR
                                                  NORMAL
..................................................................
TEMPERATURE (F)
 YESTERDAY
  MAXIMUM         34    842 AM  63    1946  33      1       28
  MINIMUM         27   1146 PM  -6    1979  19      8       11
                                      1970
  AVERAGE         31                        26      5       20

PRECIPITATION (IN)
  YESTERDAY        0.00                      0.08  -0.08      T
  MONTH TO DATE    0.26                      0.78  -0.52     1.25
  SINCE DEC 1      2.16                      3.62  -1.46     4.25
  SINCE JAN 1      0.26                      0.78  -0.52     1.25

SNOWFALL (IN)
  YESTERDAY        0.0                       0.4   -0.4       T
  MONTH TO DATE    2.3                       3.5   -1.2      3.2
  SINCE DEC 1     16.3                      13.7    2.6     10.7
  SINCE JUL 1     16.4                      17.1   -0.7     12.8
  SNOW DEPTH       2

DEGREE DAYS
 HEATING
  YESTERDAY       34                        39     -5       45
  MONTH TO DATE  470                       349    121      375
  SINCE DEC 1   1598                      1420    178     1441
  SINCE JUL 1   2588                      2679    -91     2319

 COOLING
  YESTERDAY        0                         0      0        0
  MONTH TO DATE    0                         0      0        0
  SINCE DEC 1      0                         0      0        0
  SINCE JAN 1      0                         0      0        0
..................................................................


WIND (MPH)
  HIGHEST WIND SPEED    12   HIGHEST WIND DIRECTION     W (280)
  HIGHEST GUST SPEED    15   HIGHEST GUST DIRECTION     W (290)
  AVERAGE WIND SPEED     5.7


SKY COVER
  POSSIBLE SUNSHINE  MM
  AVERAGE SKY COVER 0.7


WEATHER CONDITIONS
 THE FOLLOWING WEATHER WAS RECORDED YESTERDAY.
  FOG
  HAZE


RELATIVE HUMIDITY (PERCENT)
 HIGHEST    85           100 AM
 LOWEST     69           500 PM
 AVERAGE    77

..........................................................


THE AKRON CANTON OH CLIMATE NORMALS FOR TODAY
                         NORMAL    RECORD    YEAR
 MAXIMUM TEMPERATURE (F)   33        58      1975
 MINIMUM TEMPERATURE (F)   19       -10      1982


SUNRISE AND SUNSET
JANUARY 10 2018.......SUNRISE   750 AM EST   SUNSET   517 PM EST
JANUARY 11 2018.......SUNRISE   750 AM EST   SUNSET   518 PM EST


-  INDICATES NEGATIVE NUMBERS.
R  INDICATES RECORD WAS SET OR TIED.
MM INDICATES DATA IS MISSING.
T  INDICATES TRACE AMOUNT.




$$
