000
CDUS41 KCLE 222218
CLICAK


CLIMATE REPORT
NATIONAL WEATHER SERVICE CLEVELAND OH
518 PM EST WED FEB 22 2017


...................................

...THE AKRON CANTON OH CLIMATE SUMMARY FOR FEBRUARY 22 2017...
VALID TODAY AS OF 0500 PM LOCAL TIME.

CLIMATE NORMAL PERIOD 1981 TO 2010
CLIMATE RECORD PERIOD 1887 TO 2017


WEATHER ITEM   OBSERVED TIME   RECORD YEAR NORMAL DEPARTURE LAST
                VALUE   (LST)  VALUE       VALUE  FROM      YEAR
                                                  NORMAL
..................................................................
TEMPERATURE (F)
 TODAY
  MAXIMUM         59    358 PM  70    1930  38     21       45
  MINIMUM         51    404 AM  -9    1963  23     28       27
  AVERAGE         55                        30     25       36

PRECIPITATION (IN)
  TODAY            0.25                      0.09   0.16     0.00
  MONTH TO DATE    1.66                      1.79  -0.13     1.69
  SINCE DEC 1     10.80                      7.24   3.56     6.60
  SINCE JAN 1      7.80                      4.40   3.40     2.90

SNOWFALL (IN)
  TODAY            0.0                       0.3   -0.3      0.0
  MONTH TO DATE    4.2                       8.1   -3.9     14.3
  SINCE DEC 1     19.1                      30.7  -11.6     20.6
  SINCE JUL 1     21.2                      34.1  -12.9     20.6
  SNOW DEPTH       0

DEGREE DAYS
 HEATING
  TODAY           10                        35    -25       29
  MONTH TO DATE  596                       807   -211      768
  SINCE DEC 1   2622                      3084   -462     2588
  SINCE JUL 1   3500                      4343   -843     3468

 COOLING
  TODAY            0                         0      0        0
  MONTH TO DATE    0                         0      0        0
  SINCE DEC 1      0                         0      0        0
  SINCE JAN 1      0                         0      0        0
..................................................................


WIND (MPH)
  HIGHEST WIND SPEED    15   HIGHEST WIND DIRECTION    SW (210)
  HIGHEST GUST SPEED    18   HIGHEST GUST DIRECTION    SW (210)


SKY COVER
  POSSIBLE SUNSHINE  MM
  AVERAGE SKY COVER 1.0


WEATHER CONDITIONS
 THE FOLLOWING WEATHER WAS RECORDED TODAY.
  RAIN
  LIGHT RAIN
  FOG
  HAZE


RELATIVE HUMIDITY (PERCENT)
 HIGHEST    93           100 PM
 LOWEST     66          1200 AM
 AVERAGE    80

..........................................................


THE AKRON CANTON OH CLIMATE NORMALS FOR TOMORROW
                         NORMAL    RECORD    YEAR
 MAXIMUM TEMPERATURE (F)   39        63      1906
 MINIMUM TEMPERATURE (F)   23        -5      2015


SUNRISE AND SUNSET
FEBRUARY 22 2017......SUNRISE   710 AM EST   SUNSET   609 PM EST
FEBRUARY 23 2017......SUNRISE   708 AM EST   SUNSET   610 PM EST


-  INDICATES NEGATIVE NUMBERS.
R  INDICATES RECORD WAS SET OR TIED.
MM INDICATES DATA IS MISSING.
T  INDICATES TRACE AMOUNT.




$$
