000
CDUS41 KCLE 260527
CLICAK


CLIMATE REPORT
NATIONAL WEATHER SERVICE CLEVELAND OH
1226 AM EST THU FEB 26 2015


...................................

...THE AKRON CANTON OH CLIMATE SUMMARY FOR FEBRUARY 25 2015...

CLIMATE NORMAL PERIOD 1981 TO 2010
CLIMATE RECORD PERIOD 1887 TO 2015


WEATHER ITEM   OBSERVED TIME   RECORD YEAR NORMAL DEPARTURE LAST
                VALUE   (LST)  VALUE       VALUE  FROM      YEAR
                                                  NORMAL
..................................................................
TEMPERATURE (F)
 YESTERDAY
  MAXIMUM         28    350 PM  68    2000  39    -11       29
  MINIMUM         13   1159 PM  -6    1914  23    -10       19
                                      1900
  AVERAGE         21                        31    -10       24

PRECIPITATION (IN)
  YESTERDAY        T                         0.09  -0.09     0.05
  MONTH TO DATE    1.94                      2.05  -0.11     1.55
  SINCE DEC 1      7.74                      7.50   0.24     6.96
  SINCE JAN 1      5.43                      4.66   0.77     3.47

SNOWFALL (IN)
  YESTERDAY        T                         0.4   -0.4      1.0
  MONTH TO DATE   22.1                       9.3   12.8     16.1
  SINCE DEC 1     43.9                      31.9   12.0     47.7
  SINCE JUL 1     51.9                      35.3   16.6     58.4
  SNOW DEPTH       8

DEGREE DAYS
 HEATING
  YESTERDAY       44                        34     10       41
  MONTH TO DATE 1204                       909    295     1023
  SINCE DEC 1   3391                      3186    205     3418
  SINCE JUL 1   4674                      4445    229     4668

 COOLING
  YESTERDAY        0                         0      0        0
  MONTH TO DATE    0                         0      0        0
  SINCE DEC 1      0                         0      0        0
  SINCE JAN 1      0                         0      0        0
..................................................................


WIND (MPH)
  HIGHEST WIND SPEED    18   HIGHEST WIND DIRECTION    SW (240)
  HIGHEST GUST SPEED    23   HIGHEST GUST DIRECTION    SW (240)
  AVERAGE WIND SPEED     8.7


SKY COVER
  POSSIBLE SUNSHINE  MM
  AVERAGE SKY COVER 0.7


WEATHER CONDITIONS
 THE FOLLOWING WEATHER WAS RECORDED YESTERDAY.
  LIGHT SNOW
  HAZE


RELATIVE HUMIDITY (PERCENT)
 HIGHEST    73           600 AM
 LOWEST     42           400 PM
 AVERAGE    58

..........................................................


THE AKRON CANTON OH CLIMATE NORMALS FOR TODAY
                         NORMAL    RECORD    YEAR
 MAXIMUM TEMPERATURE (F)   40        72      2000
 MINIMUM TEMPERATURE (F)   23       -10      1963


SUNRISE AND SUNSET
FEBRUARY 26 2015......SUNRISE   705 AM EST   SUNSET   613 PM EST
FEBRUARY 27 2015......SUNRISE   703 AM EST   SUNSET   614 PM EST


-  INDICATES NEGATIVE NUMBERS.
R  INDICATES RECORD WAS SET OR TIED.
MM INDICATES DATA IS MISSING.
T  INDICATES TRACE AMOUNT.




$$
