000
CDUS41 KCLE 200528
CLICAK


CLIMATE REPORT
NATIONAL WEATHER SERVICE CLEVELAND OH
1227 AM EST MON NOV 20 2017


...................................

...THE AKRON CANTON OH CLIMATE SUMMARY FOR NOVEMBER 19 2017...

CLIMATE NORMAL PERIOD 1981 TO 2010
CLIMATE RECORD PERIOD 1887 TO 2017


WEATHER ITEM   OBSERVED TIME   RECORD YEAR NORMAL DEPARTURE LAST
                VALUE   (LST)  VALUE       VALUE  FROM      YEAR
                                                  NORMAL
..................................................................
TEMPERATURE (F)
 YESTERDAY
  MAXIMUM         40   1137 AM  72    1985  48     -8       61
  MINIMUM         31   1159 PM   7    2014  33     -2       31
  AVERAGE         36                        40     -4       46

PRECIPITATION (IN)
  YESTERDAY        0.04                      0.12  -0.08     0.44
  MONTH TO DATE    6.13                      2.08   4.05     1.10
  SINCE SEP 1     11.70                      8.36   3.34    11.40
  SINCE JAN 1     46.37                     35.56  10.81    35.00

SNOWFALL (IN)
  YESTERDAY        0.1                       0.1    0.0      1.0
  MONTH TO DATE    0.1                       1.4   -1.3      1.0
  SINCE SEP 1      0.1                       1.8   -1.7      1.0
  SINCE JUL 1      0.1                       1.8   -1.7      1.0
  SNOW DEPTH       0

DEGREE DAYS
 HEATING
  YESTERDAY       29                        25      4       19
  MONTH TO DATE  413                       406      7      291
  SINCE SEP 1    718                       941   -223      598
  SINCE JUL 1    724                       961   -237      601

 COOLING
  YESTERDAY        0                         0      0        0
  MONTH TO DATE    0                         0      0        3
  SINCE SEP 1    184                        70    114      179
  SINCE JAN 1    926                       652    274     1133
..................................................................


WIND (MPH)
  HIGHEST WIND SPEED    30   HIGHEST WIND DIRECTION    NW (300)
  HIGHEST GUST SPEED    41   HIGHEST GUST DIRECTION    NW (320)
  AVERAGE WIND SPEED    15.0


SKY COVER
  POSSIBLE SUNSHINE  MM
  AVERAGE SKY COVER 1.0


WEATHER CONDITIONS
 THE FOLLOWING WEATHER WAS RECORDED YESTERDAY.
  LIGHT RAIN
  SNOW
  LIGHT SNOW
  FOG


RELATIVE HUMIDITY (PERCENT)
 HIGHEST    85          1200 AM
 LOWEST     59          1200 PM
 AVERAGE    72

..........................................................


THE AKRON CANTON OH CLIMATE NORMALS FOR TODAY
                         NORMAL    RECORD    YEAR
 MAXIMUM TEMPERATURE (F)   47        74      1931
 MINIMUM TEMPERATURE (F)   33        13      1951


SUNRISE AND SUNSET
NOVEMBER 20 2017......SUNRISE   719 AM EST   SUNSET   503 PM EST
NOVEMBER 21 2017......SUNRISE   720 AM EST   SUNSET   503 PM EST


-  INDICATES NEGATIVE NUMBERS.
R  INDICATES RECORD WAS SET OR TIED.
MM INDICATES DATA IS MISSING.
T  INDICATES TRACE AMOUNT.




$$
