000
CDUS41 KCLE 230530
CLICAK


CLIMATE REPORT
NATIONAL WEATHER SERVICE CLEVELAND OH
1230 AM EST MON FEB 23 2015


...................................

...THE AKRON CANTON OH CLIMATE SUMMARY FOR FEBRUARY 22 2015...

CLIMATE NORMAL PERIOD 1981 TO 2010
CLIMATE RECORD PERIOD 1887 TO 2015


WEATHER ITEM   OBSERVED TIME   RECORD YEAR NORMAL DEPARTURE LAST
                VALUE   (LST)  VALUE       VALUE  FROM      YEAR
                                                  NORMAL
..................................................................
TEMPERATURE (F)
 YESTERDAY
  MAXIMUM         29    545 PM  70    1930  38     -9       48
  MINIMUM         15    806 AM  -9    1963  23     -8       32
  AVERAGE         22                        30     -8       40

PRECIPITATION (IN)
  YESTERDAY        T                         0.09  -0.09     0.00
  MONTH TO DATE    1.92                      1.79   0.13     1.50
  SINCE DEC 1      7.72                      7.24   0.48     6.91
  SINCE JAN 1      5.41                      4.40   1.01     3.42

SNOWFALL (IN)
  YESTERDAY        0.1                       0.3   -0.2      0.0
  MONTH TO DATE   21.7                       8.1   13.6     15.1
  SINCE DEC 1     43.5                      30.7   12.8     46.7
  SINCE JUL 1     51.5                      34.1   17.4     57.4
  SNOW DEPTH       9

DEGREE DAYS
 HEATING
  YESTERDAY       43                        35      8       25
  MONTH TO DATE 1044                       807    237      908
  SINCE DEC 1   3231                      3084    147     3303
  SINCE JUL 1   4514                      4343    171     4553

 COOLING
  YESTERDAY        0                         0      0        0
  MONTH TO DATE    0                         0      0        0
  SINCE DEC 1      0                         0      0        0
  SINCE JAN 1      0                         0      0        0
..................................................................


WIND (MPH)
  HIGHEST WIND SPEED    17   HIGHEST WIND DIRECTION    NW (330)
  HIGHEST GUST SPEED    22   HIGHEST GUST DIRECTION    NW (330)
  AVERAGE WIND SPEED     6.8


SKY COVER
  POSSIBLE SUNSHINE  MM
  AVERAGE SKY COVER 1.0


WEATHER CONDITIONS
 THE FOLLOWING WEATHER WAS RECORDED YESTERDAY.
  LIGHT SNOW
  FOG
  FOG W/VISIBILITY <= 1/4 MILE
  HAZE


RELATIVE HUMIDITY (PERCENT)
 HIGHEST    92           100 AM
 LOWEST     63           200 PM
 AVERAGE    78

..........................................................


THE AKRON CANTON OH CLIMATE NORMALS FOR TODAY
                         NORMAL    RECORD    YEAR
 MAXIMUM TEMPERATURE (F)   39        63      1906
 MINIMUM TEMPERATURE (F)   23        -4      1889


SUNRISE AND SUNSET
FEBRUARY 23 2015......SUNRISE   709 AM EST   SUNSET   610 PM EST
FEBRUARY 24 2015......SUNRISE   708 AM EST   SUNSET   611 PM EST


-  INDICATES NEGATIVE NUMBERS.
R  INDICATES RECORD WAS SET OR TIED.
MM INDICATES DATA IS MISSING.
T  INDICATES TRACE AMOUNT.




$$
