000
CDUS41 KCLE 190526
CLICAK


CLIMATE REPORT
NATIONAL WEATHER SERVICE CLEVELAND OH
126 AM EDT WED JUL 19 2017


...................................

...THE AKRON CANTON OH CLIMATE SUMMARY FOR JULY 18 2017...

CLIMATE NORMAL PERIOD 1981 TO 2010
CLIMATE RECORD PERIOD 1887 TO 2017


WEATHER ITEM   OBSERVED TIME   RECORD YEAR NORMAL DEPARTURE LAST
                VALUE   (LST)  VALUE       VALUE  FROM      YEAR
                                                  NORMAL
..................................................................
TEMPERATURE (F)
 YESTERDAY
  MAXIMUM         89    305 PM  96    1930  82      7       87
                                      1904
  MINIMUM         62    518 AM  50    1924  62      0       68
  AVERAGE         76                        72      4       78

PRECIPITATION (IN)
  YESTERDAY        0.00                      0.14  -0.14     0.34
  MONTH TO DATE    2.82                      2.39   0.43     1.40
  SINCE JUN 1      7.55                      6.22   1.33     4.91
  SINCE JAN 1     33.67                     21.95  11.72    19.58

SNOWFALL (IN)
  YESTERDAY        0.0                       0.0    0.0      0.0
  MONTH TO DATE    0.0                       0.0    0.0      0.0
  SINCE JUN 1      0.0                       0.0    0.0      0.0
  SINCE JUL 1      0.0                       0.0    0.0      0.0
  SNOW DEPTH       0

DEGREE DAYS
 HEATING
  YESTERDAY        0                         0      0        0
  MONTH TO DATE    0                         0      0        3
  SINCE JUN 1     23                        49    -26       22
  SINCE JUL 1      0                         0      0        3

 COOLING
  YESTERDAY       11                         7      4       13
  MONTH TO DATE  162                       126     36      163
  SINCE JUN 1    351                       261     90      357
  SINCE JAN 1    415                       303    112      418
..................................................................


WIND (MPH)
  HIGHEST WIND SPEED     9   HIGHEST WIND DIRECTION    SW (230)
  HIGHEST GUST SPEED    11   HIGHEST GUST DIRECTION     W (290)
  AVERAGE WIND SPEED     3.7


SKY COVER
  POSSIBLE SUNSHINE  MM
  AVERAGE SKY COVER 0.3


WEATHER CONDITIONS
 THE FOLLOWING WEATHER WAS RECORDED YESTERDAY.
  NO SIGNIFICANT WEATHER WAS OBSERVED.


RELATIVE HUMIDITY (PERCENT)
 HIGHEST    78           300 AM
 LOWEST     46           500 PM
 AVERAGE    62

..........................................................


THE AKRON CANTON OH CLIMATE NORMALS FOR TODAY
                         NORMAL    RECORD    YEAR
 MAXIMUM TEMPERATURE (F)   82        98      1930
 MINIMUM TEMPERATURE (F)   62        49      1924
                                             1909


SUNRISE AND SUNSET
JULY 19 2017..........SUNRISE   610 AM EDT   SUNSET   853 PM EDT
JULY 20 2017..........SUNRISE   611 AM EDT   SUNSET   853 PM EDT


-  INDICATES NEGATIVE NUMBERS.
R  INDICATES RECORD WAS SET OR TIED.
MM INDICATES DATA IS MISSING.
T  INDICATES TRACE AMOUNT.




$$
