000
CDUS41 KCLE 140528
CLICAK


CLIMATE REPORT
NATIONAL WEATHER SERVICE CLEVELAND OH
1227 AM EST SUN DEC 14 2014


...................................

...THE AKRON CANTON OH CLIMATE SUMMARY FOR DECEMBER 13 2014...

CLIMATE NORMAL PERIOD 1981 TO 2010
CLIMATE RECORD PERIOD 1887 TO 2014


WEATHER ITEM   OBSERVED TIME   RECORD YEAR NORMAL DEPARTURE LAST
                VALUE   (LST)  VALUE       VALUE  FROM      YEAR
                                                  NORMAL
..................................................................
TEMPERATURE (F)
 YESTERDAY
  MAXIMUM         42   1159 PM  64    1901  38      4       30
  MINIMUM         27    638 AM  -5    1962  25      2       16
  AVERAGE         35                        31      4       23

PRECIPITATION (IN)
  YESTERDAY        0.00                      0.09  -0.09     0.00
  MONTH TO DATE    1.17                      1.27  -0.10     0.47
  SINCE DEC 1      1.17                      1.27  -0.10     0.47
  SINCE JAN 1     44.55                     38.05   6.50    39.17

SNOWFALL (IN)
  YESTERDAY        0.0                       0.4   -0.4      0.0
  MONTH TO DATE    0.4                       3.8   -3.4      3.7
  SINCE DEC 1      0.4                       3.8   -3.4      3.7
  SINCE JUL 1      8.4                       7.2    1.2     14.4
  SNOW DEPTH       0

DEGREE DAYS
 HEATING
  YESTERDAY       30                        34     -4       42
  MONTH TO DATE  407                       415     -8      446
  SINCE DEC 1    407                       415     -8      446
  SINCE JUL 1   1690                      1674     16     1696

 COOLING
  YESTERDAY        0                         0      0        0
  MONTH TO DATE    0                         0      0        0
  SINCE DEC 1      0                         0      0        0
  SINCE JAN 1    719                       652     67      829
..................................................................


WIND (MPH)
  HIGHEST WIND SPEED    16   HIGHEST WIND DIRECTION    SW (240)
  HIGHEST GUST SPEED    22   HIGHEST GUST DIRECTION     W (250)
  AVERAGE WIND SPEED     8.4


SKY COVER
  POSSIBLE SUNSHINE  MM
  AVERAGE SKY COVER 1.0


WEATHER CONDITIONS
 THE FOLLOWING WEATHER WAS RECORDED YESTERDAY.
  FOG
  FOG W/VISIBILITY <= 1/4 MILE


RELATIVE HUMIDITY (PERCENT)
 HIGHEST    92           400 AM
 LOWEST     82           400 PM
 AVERAGE    87

..........................................................


THE AKRON CANTON OH CLIMATE NORMALS FOR TODAY
                         NORMAL    RECORD    YEAR
 MAXIMUM TEMPERATURE (F)   37        63      1975
 MINIMUM TEMPERATURE (F)   24         0      1898


SUNRISE AND SUNSET
DECEMBER 14 2014......SUNRISE   742 AM EST   SUNSET   458 PM EST
DECEMBER 15 2014......SUNRISE   743 AM EST   SUNSET   459 PM EST


-  INDICATES NEGATIVE NUMBERS.
R  INDICATES RECORD WAS SET OR TIED.
MM INDICATES DATA IS MISSING.
T  INDICATES TRACE AMOUNT.




$$
