000
CDUS41 KCLE 080525
CLICAK


CLIMATE REPORT
NATIONAL WEATHER SERVICE CLEVELAND OH
1225 AM EST MON FEB 8 2016


...................................

...THE AKRON CANTON OH CLIMATE SUMMARY FOR FEBRUARY 7 2016...

CLIMATE NORMAL PERIOD 1981 TO 2010
CLIMATE RECORD PERIOD 1887 TO 2016


WEATHER ITEM   OBSERVED TIME   RECORD YEAR NORMAL DEPARTURE LAST
                VALUE   (LST)  VALUE       VALUE  FROM      YEAR
                                                  NORMAL
..................................................................
TEMPERATURE (F)
 YESTERDAY
  MAXIMUM         51    308 PM  61    1925  35     16       42
  MINIMUM         24    648 AM  -5    1895  20      4       22
  AVERAGE         38                        28     10       32

PRECIPITATION (IN)
  YESTERDAY        0.00                      0.08  -0.08     0.00
  MONTH TO DATE    0.69                      0.57   0.12     1.10
  SINCE DEC 1      5.60                      6.02  -0.42     6.90
  SINCE JAN 1      1.90                      3.18  -1.28     4.59

SNOWFALL (IN)
  YESTERDAY        0.0                       0.3   -0.3      0.0
  MONTH TO DATE    0.3                       2.6   -2.3      8.2
  SINCE DEC 1      6.6                      25.2  -18.6     30.0
  SINCE JUL 1      6.6                      28.6  -22.0     38.0
  SNOW DEPTH       0

DEGREE DAYS
 HEATING
  YESTERDAY       27                        38    -11       33
  MONTH TO DATE  189                       266    -77      296
  SINCE DEC 1   2009                      2543   -534     2483
  SINCE JUL 1   2889                      3802   -913     3766

 COOLING
  YESTERDAY        0                         0      0        0
  MONTH TO DATE    0                         0      0        0
  SINCE DEC 1      0                         0      0        0
  SINCE JAN 1      0                         0      0        0
..................................................................


WIND (MPH)
  HIGHEST WIND SPEED    18   HIGHEST WIND DIRECTION    SW (220)
  HIGHEST GUST SPEED    23   HIGHEST GUST DIRECTION    SW (210)
  AVERAGE WIND SPEED     9.0


SKY COVER
  POSSIBLE SUNSHINE  MM
  AVERAGE SKY COVER 0.5


WEATHER CONDITIONS
 THE FOLLOWING WEATHER WAS RECORDED YESTERDAY.
  NO SIGNIFICANT WEATHER WAS OBSERVED.


RELATIVE HUMIDITY (PERCENT)
 HIGHEST    75           800 AM
 LOWEST     39           200 PM
 AVERAGE    57

..........................................................


THE AKRON CANTON OH CLIMATE NORMALS FOR TODAY
                         NORMAL    RECORD    YEAR
 MAXIMUM TEMPERATURE (F)   35        67      1900
 MINIMUM TEMPERATURE (F)   20       -10      1934


SUNRISE AND SUNSET
FEBRUARY  8 2016......SUNRISE   729 AM EST   SUNSET   551 PM EST
FEBRUARY  9 2016......SUNRISE   728 AM EST   SUNSET   552 PM EST


-  INDICATES NEGATIVE NUMBERS.
R  INDICATES RECORD WAS SET OR TIED.
MM INDICATES DATA IS MISSING.
T  INDICATES TRACE AMOUNT.




$$
