000
CDUS41 KCLE 250531
CLICAK


CLIMATE REPORT
NATIONAL WEATHER SERVICE CLEVELAND OH
130 AM EDT MON AUG 25 2014


...................................

...THE AKRON CANTON OH CLIMATE SUMMARY FOR AUGUST 24 2014...

CLIMATE NORMAL PERIOD 1981 TO 2010
CLIMATE RECORD PERIOD 1887 TO 2014


WEATHER ITEM   OBSERVED TIME   RECORD YEAR NORMAL DEPARTURE LAST
                VALUE   (LST)  VALUE       VALUE  FROM      YEAR
                                                  NORMAL
..................................................................
TEMPERATURE (F)
 YESTERDAY
  MAXIMUM         81    457 PM  94    1968  80      1       81
                                      1954
  MINIMUM         66    639 AM  43    1890  60      6       55
  AVERAGE         74                        70      4       68

PRECIPITATION (IN)
  YESTERDAY        0.00                      0.11  -0.11     0.00
  MONTH TO DATE    5.22                      2.77   2.45     1.19
  SINCE JUN 1     18.66                     10.68   7.98    14.21
  SINCE JAN 1     35.29                     26.41   8.88    26.47

SNOWFALL (IN)
  YESTERDAY        0.0                       0.0    0.0      0.0
  MONTH TO DATE    0.0                       0.0    0.0      0.0
  SINCE JUN 1      0.0                       0.0    0.0      0.0
  SINCE JUL 1      0.0                       0.0    0.0      0.0
  SNOW DEPTH       0

DEGREE DAYS
 HEATING
  YESTERDAY        0                         1     -1        0
  MONTH TO DATE    6                         3      3        8
  SINCE JUN 1     31                        58    -27       40
  SINCE JUL 1     16                         9      7       13

 COOLING
  YESTERDAY        9                         5      4        3
  MONTH TO DATE  145                       151     -6      112
  SINCE JUN 1    505                       508     -3      545
  SINCE JAN 1    581                       550     31      651
..................................................................


WIND (MPH)
  HIGHEST WIND SPEED    14   HIGHEST WIND DIRECTION     E (70)
  HIGHEST GUST SPEED    18   HIGHEST GUST DIRECTION     E (90)
  AVERAGE WIND SPEED     7.7


SKY COVER
  POSSIBLE SUNSHINE  MM
  AVERAGE SKY COVER 0.5


WEATHER CONDITIONS
 THE FOLLOWING WEATHER WAS RECORDED YESTERDAY.
  FOG
  HAZE


RELATIVE HUMIDITY (PERCENT)
 HIGHEST    87          1200 AM
 LOWEST     58           300 PM
 AVERAGE    73

..........................................................


THE AKRON CANTON OH CLIMATE NORMALS FOR TODAY
                         NORMAL    RECORD    YEAR
 MAXIMUM TEMPERATURE (F)   80        93      1993
                                             1948
 MINIMUM TEMPERATURE (F)   60        40      1942


SUNRISE AND SUNSET
AUGUST 25 2014........SUNRISE   646 AM EDT   SUNSET   809 PM EDT
AUGUST 26 2014........SUNRISE   647 AM EDT   SUNSET   808 PM EDT


-  INDICATES NEGATIVE NUMBERS.
R  INDICATES RECORD WAS SET OR TIED.
MM INDICATES DATA IS MISSING.
T  INDICATES TRACE AMOUNT.




$$
