000
CDUS41 KCLE 100527
CLICAK


CLIMATE REPORT
NATIONAL WEATHER SERVICE CLEVELAND OH
1226 AM EST SUN DEC 10 2017


...................................

...THE AKRON CANTON OH CLIMATE SUMMARY FOR DECEMBER 9 2017...

CLIMATE NORMAL PERIOD 1981 TO 2010
CLIMATE RECORD PERIOD 1887 TO 2017


WEATHER ITEM   OBSERVED TIME   RECORD YEAR NORMAL DEPARTURE LAST
                VALUE   (LST)  VALUE       VALUE  FROM      YEAR
                                                  NORMAL
..................................................................
TEMPERATURE (F)
 YESTERDAY
  MAXIMUM         33    317 PM  62    1952  39     -6       27
  MINIMUM         17    552 AM  -7    1917  26     -9       22
  AVERAGE         25                        32     -7       25

PRECIPITATION (IN)
  YESTERDAY        T                         0.10  -0.10     0.02
  MONTH TO DATE    0.16                      0.89  -0.73     0.61
  SINCE DEC 1      0.16                      0.89  -0.73     0.61
  SINCE JAN 1     46.74                     37.67   9.07    36.26

SNOWFALL (IN)
  YESTERDAY        T                         0.4   -0.4      0.6
  MONTH TO DATE    T                         2.5   -2.5      0.7
  SINCE DEC 1      T                         2.5   -2.5      0.7
  SINCE JUL 1      0.1                       5.9   -5.8      2.8
  SNOW DEPTH       T

DEGREE DAYS
 HEATING
  YESTERDAY       40                        33      7       40
  MONTH TO DATE  264                       281    -17      280
  SINCE DEC 1    264                       281    -17      280
  SINCE JUL 1   1254                      1540   -286     1158

 COOLING
  YESTERDAY        0                         0      0        0
  MONTH TO DATE    0                         0      0        0
  SINCE DEC 1      0                         0      0        0
  SINCE JAN 1    926                       652    274     1133
..................................................................


WIND (MPH)
  HIGHEST WIND SPEED    17   HIGHEST WIND DIRECTION     S (200)
  HIGHEST GUST SPEED    21   HIGHEST GUST DIRECTION    SW (210)
  AVERAGE WIND SPEED     9.3


SKY COVER
  POSSIBLE SUNSHINE  MM
  AVERAGE SKY COVER 0.7


WEATHER CONDITIONS
 THE FOLLOWING WEATHER WAS RECORDED YESTERDAY.
  LIGHT SNOW
  HAZE


RELATIVE HUMIDITY (PERCENT)
 HIGHEST    81          1000 PM
 LOWEST     35           300 PM
 AVERAGE    58

..........................................................


THE AKRON CANTON OH CLIMATE NORMALS FOR TODAY
                         NORMAL    RECORD    YEAR
 MAXIMUM TEMPERATURE (F)   39        67      1971
 MINIMUM TEMPERATURE (F)   26       -11      1958


SUNRISE AND SUNSET
DECEMBER 10 2017......SUNRISE   740 AM EST   SUNSET   458 PM EST
DECEMBER 11 2017......SUNRISE   740 AM EST   SUNSET   458 PM EST


-  INDICATES NEGATIVE NUMBERS.
R  INDICATES RECORD WAS SET OR TIED.
MM INDICATES DATA IS MISSING.
T  INDICATES TRACE AMOUNT.




$$
