000
CDUS41 KCLE 162134
CLICAK


CLIMATE REPORT
NATIONAL WEATHER SERVICE CLEVELAND OH
534 PM EDT TUE AUG 16 2016


...................................

...THE AKRON CANTON OH CLIMATE SUMMARY FOR AUGUST 16 2016...
VALID TODAY AS OF 0500 PM LOCAL TIME.

CLIMATE NORMAL PERIOD 1981 TO 2010
CLIMATE RECORD PERIOD 1887 TO 2016


WEATHER ITEM   OBSERVED TIME   RECORD YEAR NORMAL DEPARTURE LAST
                VALUE   (LST)  VALUE       VALUE  FROM      YEAR
                                                  NORMAL
..................................................................
TEMPERATURE (F)
 TODAY
  MAXIMUM         87    113 PM  93    1965  81      6       89
                                      1944
  MINIMUM         71    554 AM  44    1979  61     10       64
  AVERAGE         79                        71      8       77

PRECIPITATION (IN)
  TODAY            0.64                      0.11   0.53     0.00
  MONTH TO DATE    2.09                      1.87   0.22     0.06
  SINCE JUN 1      7.66                      9.78  -2.12    12.23
  SINCE JAN 1     22.33                     25.51  -3.18    28.64

SNOWFALL (IN)
  TODAY            0.0                       0.0    0.0      0.0
  MONTH TO DATE    0.0                       0.0    0.0      0.0
  SINCE JUN 1      0.0                       0.0    0.0      0.0
  SINCE JUL 1      0.0                       0.0    0.0      0.0
  SNOW DEPTH       0

DEGREE DAYS
 HEATING
  TODAY            0                         0      0        0
  MONTH TO DATE    0                         0      0        0
  SINCE JUN 1     22                        55    -33       25
  SINCE JUL 1      3                         6     -3        0

 COOLING
  TODAY           14                         6      8       12
  MONTH TO DATE  212                       105    107      117
  SINCE JUN 1    735                       462    273      543
  SINCE JAN 1    796                       504    292      687
..................................................................


WIND (MPH)
  HIGHEST WIND SPEED    28   HIGHEST WIND DIRECTION    SW (210)
  HIGHEST GUST SPEED    34   HIGHEST GUST DIRECTION    SW (240)


SKY COVER
  POSSIBLE SUNSHINE  MM
  AVERAGE SKY COVER 0.9


WEATHER CONDITIONS
 THE FOLLOWING WEATHER WAS RECORDED TODAY.
  HEAVY RAIN
  LIGHT RAIN
  FOG
  HAZE


RELATIVE HUMIDITY (PERCENT)
 HIGHEST    87          1200 AM
 LOWEST     65          1000 AM
 AVERAGE    76

..........................................................


THE AKRON CANTON OH CLIMATE NORMALS FOR TOMORROW
                         NORMAL    RECORD    YEAR
 MAXIMUM TEMPERATURE (F)   80        97      1988
 MINIMUM TEMPERATURE (F)   61        46      1902


SUNRISE AND SUNSET
AUGUST 16 2016........SUNRISE   637 AM EDT   SUNSET   822 PM EDT
AUGUST 17 2016........SUNRISE   638 AM EDT   SUNSET   820 PM EDT


-  INDICATES NEGATIVE NUMBERS.
R  INDICATES RECORD WAS SET OR TIED.
MM INDICATES DATA IS MISSING.
T  INDICATES TRACE AMOUNT.




$$
