000
CDUS41 KCLE 190538
CLICAK


CLIMATE REPORT
NATIONAL WEATHER SERVICE CLEVELAND OH
137 AM EDT MON JUN 19 2017


...................................

...THE AKRON CANTON OH CLIMATE SUMMARY FOR JUNE 18 2017...

CLIMATE NORMAL PERIOD 1981 TO 2010
CLIMATE RECORD PERIOD 1887 TO 2017


WEATHER ITEM   OBSERVED TIME   RECORD YEAR NORMAL DEPARTURE LAST
                VALUE   (LST)  VALUE       VALUE  FROM      YEAR
                                                  NORMAL
..................................................................
TEMPERATURE (F)
 YESTERDAY
  MAXIMUM         86   1158 AM  96    1944  79      7       86
  MINIMUM         70   1159 PM  39    1950  59     11       58
  AVERAGE         78                        69      9       72

PRECIPITATION (IN)
  YESTERDAY        1.32                      0.13   1.19     0.00
  MONTH TO DATE    1.96                      2.29  -0.33     2.62
  SINCE JUN 1      1.96                      2.29  -0.33     2.62
  SINCE JAN 1     28.08                     18.02  10.06    17.29

SNOWFALL (IN)
  YESTERDAY        0.0                       0.0    0.0      0.0
  MONTH TO DATE    0.0                       0.0    0.0      0.0
  SINCE JUN 1      0.0                       0.0    0.0      0.0
  SINCE JUL 1     37.2                      47.5  -10.3     30.2
  SNOW DEPTH       0

DEGREE DAYS
 HEATING
  YESTERDAY        0                         1     -1        0
  MONTH TO DATE   18                        41    -23       17
  SINCE JUN 1     18                        41    -23       17
  SINCE JUL 1   4891                      6142  -1251     4998

 COOLING
  YESTERDAY       13                         5      8        7
  MONTH TO DATE  128                        64     64      105
  SINCE JUN 1    128                        64     64      105
  SINCE JAN 1    192                       106     86      166
..................................................................


WIND (MPH)
  HIGHEST WIND SPEED    20   HIGHEST WIND DIRECTION    SW (220)
  HIGHEST GUST SPEED    33   HIGHEST GUST DIRECTION    SW (220)
  AVERAGE WIND SPEED    14.4


SKY COVER
  POSSIBLE SUNSHINE  MM
  AVERAGE SKY COVER 0.7


WEATHER CONDITIONS
 THE FOLLOWING WEATHER WAS RECORDED YESTERDAY.
  THUNDERSTORM
  HEAVY RAIN
  LIGHT RAIN
  FOG


RELATIVE HUMIDITY (PERCENT)
 HIGHEST    84          1000 PM
 LOWEST     57          1200 PM
 AVERAGE    71

..........................................................


THE AKRON CANTON OH CLIMATE NORMALS FOR TODAY
                         NORMAL    RECORD    YEAR
 MAXIMUM TEMPERATURE (F)   79        94      1994
 MINIMUM TEMPERATURE (F)   59        46      1947


SUNRISE AND SUNSET
JUNE 19 2017..........SUNRISE   554 AM EDT   SUNSET   901 PM EDT
JUNE 20 2017..........SUNRISE   554 AM EDT   SUNSET   901 PM EDT


-  INDICATES NEGATIVE NUMBERS.
R  INDICATES RECORD WAS SET OR TIED.
MM INDICATES DATA IS MISSING.
T  INDICATES TRACE AMOUNT.




$$
