000
CDUS41 KCLE 070533
CLICAK


CLIMATE REPORT
NATIONAL WEATHER SERVICE CLEVELAND OH
1231 AM EST WED DEC 7 2016


...................................

...THE AKRON CANTON OH CLIMATE SUMMARY FOR DECEMBER 6 2016...

CLIMATE NORMAL PERIOD 1981 TO 2010
CLIMATE RECORD PERIOD 1887 TO 2016


WEATHER ITEM   OBSERVED TIME   RECORD YEAR NORMAL DEPARTURE LAST
                VALUE   (LST)  VALUE       VALUE  FROM      YEAR
                                                  NORMAL
..................................................................
TEMPERATURE (F)
 YESTERDAY
  MAXIMUM         41    626 PM  67    1998  40      1       48
  MINIMUM         31   1255 AM   5    1977  27      4       22
  AVERAGE         36                        34      2       35

PRECIPITATION (IN)
  YESTERDAY        0.50                      0.10   0.40     0.00
  MONTH TO DATE    0.59                      0.59   0.00     0.15
  SINCE DEC 1      0.59                      0.59   0.00     0.15
  SINCE JAN 1     36.24                     37.37  -1.13    37.68

SNOWFALL (IN)
  YESTERDAY        0.0                       0.2   -0.2      0.0
  MONTH TO DATE    0.1                       1.5   -1.4      0.2
  SINCE DEC 1      0.1                       1.5   -1.4      0.2
  SINCE JUL 1      2.2                       4.9   -2.7      0.2
  SNOW DEPTH       0

DEGREE DAYS
 HEATING
  YESTERDAY       29                        32     -3       30
  MONTH TO DATE  171                       184    -13      157
  SINCE DEC 1    171                       184    -13      157
  SINCE JUL 1   1049                      1443   -394     1037

 COOLING
  YESTERDAY        0                         0      0        0
  MONTH TO DATE    0                         0      0        0
  SINCE DEC 1      0                         0      0        0
  SINCE JAN 1   1133                       652    481      958
..................................................................


WIND (MPH)
  HIGHEST WIND SPEED    23   HIGHEST WIND DIRECTION     W (280)
  HIGHEST GUST SPEED    30   HIGHEST GUST DIRECTION     W (270)
  AVERAGE WIND SPEED    11.1


SKY COVER
  POSSIBLE SUNSHINE  MM
  AVERAGE SKY COVER 0.8


WEATHER CONDITIONS
 THE FOLLOWING WEATHER WAS RECORDED YESTERDAY.
  RAIN
  LIGHT RAIN
  FOG
  HAZE


RELATIVE HUMIDITY (PERCENT)
 HIGHEST    92           500 PM
 LOWEST     64           900 AM
 AVERAGE    78

..........................................................


THE AKRON CANTON OH CLIMATE NORMALS FOR TODAY
                         NORMAL    RECORD    YEAR
 MAXIMUM TEMPERATURE (F)   40        66      1998
 MINIMUM TEMPERATURE (F)   27         3      1958


SUNRISE AND SUNSET
DECEMBER  7 2016......SUNRISE   737 AM EST   SUNSET   458 PM EST
DECEMBER  8 2016......SUNRISE   738 AM EST   SUNSET   458 PM EST


-  INDICATES NEGATIVE NUMBERS.
R  INDICATES RECORD WAS SET OR TIED.
MM INDICATES DATA IS MISSING.
T  INDICATES TRACE AMOUNT.




$$
