163
CDUS41 KCLE 280526
CLICAK


CLIMATE REPORT
NATIONAL WEATHER SERVICE CLEVELAND OH
125 AM EDT FRI APR 28 2017


...................................

...THE AKRON CANTON OH CLIMATE SUMMARY FOR APRIL 27 2017...

CLIMATE NORMAL PERIOD 1981 TO 2010
CLIMATE RECORD PERIOD 1887 TO 2017


WEATHER ITEM   OBSERVED TIME   RECORD YEAR NORMAL DEPARTURE LAST
                VALUE   (LST)  VALUE       VALUE  FROM      YEAR
                                                  NORMAL
..................................................................
TEMPERATURE (F)
 YESTERDAY
  MAXIMUM         79   1153 AM  87    1990  64     15       65
  MINIMUM         50   1159 PM  27    1993  43      7       39
                                      1971
  AVERAGE         65                        53     12       52

PRECIPITATION (IN)
  YESTERDAY        0.05                      0.12  -0.07     0.00
  MONTH TO DATE    3.61                      3.21   0.40     2.88
  SINCE MAR 1      9.14                      6.19   2.95     7.46
  SINCE JAN 1     17.65                     11.11   6.54    12.05

SNOWFALL (IN)
  YESTERDAY        0.0                       0.1   -0.1      0.0
  MONTH TO DATE    2.5                       2.7   -0.2      5.1
  SINCE MAR 1     16.0                      10.9    5.1      7.5
  SINCE JUL 1     37.2                      47.4  -10.2     30.2
  SNOW DEPTH       0

DEGREE DAYS
 HEATING
  YESTERDAY        0                        12    -12       13
  MONTH TO DATE  254                       445   -191      455
  SINCE MAR 1   1057                      1296   -239     1057
  SINCE JUL 1   4657                      5840  -1183     4704

 COOLING
  YESTERDAY        0                         0      0        0
  MONTH TO DATE   20                         0     20        0
  SINCE MAR 1     20                         0     20        0
  SINCE JAN 1     22                         0     22        0
..................................................................


WIND (MPH)
  HIGHEST WIND SPEED    31   HIGHEST WIND DIRECTION     W (280)
  HIGHEST GUST SPEED    44   HIGHEST GUST DIRECTION     S (180)
  AVERAGE WIND SPEED    14.6


SKY COVER
  POSSIBLE SUNSHINE  MM
  AVERAGE SKY COVER 0.5


WEATHER CONDITIONS
 THE FOLLOWING WEATHER WAS RECORDED YESTERDAY.
  THUNDERSTORM
  RAIN
  LIGHT RAIN


RELATIVE HUMIDITY (PERCENT)
 HIGHEST    67           500 AM
 LOWEST     42          1200 PM
 AVERAGE    55

..........................................................


THE AKRON CANTON OH CLIMATE NORMALS FOR TODAY
                         NORMAL    RECORD    YEAR
 MAXIMUM TEMPERATURE (F)   64        88      1986
 MINIMUM TEMPERATURE (F)   43        25      1947


SUNRISE AND SUNSET
APRIL 28 2017.........SUNRISE   628 AM EDT   SUNSET   819 PM EDT
APRIL 29 2017.........SUNRISE   626 AM EDT   SUNSET   820 PM EDT


-  INDICATES NEGATIVE NUMBERS.
R  INDICATES RECORD WAS SET OR TIED.
MM INDICATES DATA IS MISSING.
T  INDICATES TRACE AMOUNT.




$$
