000
CDUS41 KCLE 210527
CLICAK


CLIMATE REPORT
NATIONAL WEATHER SERVICE CLEVELAND OH
1227 AM EST WED JAN 21 2015


...................................

...THE AKRON CANTON OH CLIMATE SUMMARY FOR JANUARY 20 2015...

CLIMATE NORMAL PERIOD 1981 TO 2010
CLIMATE RECORD PERIOD 1887 TO 2015


WEATHER ITEM   OBSERVED TIME   RECORD YEAR NORMAL DEPARTURE LAST
                VALUE   (LST)  VALUE       VALUE  FROM      YEAR
                                                  NORMAL
..................................................................
TEMPERATURE (F)
 YESTERDAY
  MAXIMUM         35    457 PM  62    1974  33      2       35
  MINIMUM         30    915 AM -24    1985  19     11       21
  AVERAGE         33                        26      7       28

PRECIPITATION (IN)
  YESTERDAY        0.03                      0.08  -0.05      T
  MONTH TO DATE    2.50                      1.71   0.79     1.39
  SINCE DEC 1      4.81                      4.55   0.26     4.88
  SINCE JAN 1      2.50                      1.71   0.79     1.39

SNOWFALL (IN)
  YESTERDAY        0.3                       0.4   -0.1       T
  MONTH TO DATE   10.4                       8.0    2.4      9.0
  SINCE DEC 1     10.9                      18.2   -7.3     21.5
  SINCE JUL 1     18.9                      21.6   -2.7     32.2
  SNOW DEPTH       1

DEGREE DAYS
 HEATING
  YESTERDAY       32                        39     -7       37
  MONTH TO DATE  821                       778     43      795
  SINCE DEC 1   1743                      1849   -106     1824
  SINCE JUL 1   3026                      3108    -82     3074

 COOLING
  YESTERDAY        0                         0      0        0
  MONTH TO DATE    0                         0      0        0
  SINCE DEC 1      0                         0      0        0
  SINCE JAN 1      0                         0      0        0
..................................................................


WIND (MPH)
  HIGHEST WIND SPEED     8   HIGHEST WIND DIRECTION     E (100)
  HIGHEST GUST SPEED    14   HIGHEST GUST DIRECTION    NE (60)
  AVERAGE WIND SPEED     4.2


SKY COVER
  POSSIBLE SUNSHINE  MM
  AVERAGE SKY COVER 1.0


WEATHER CONDITIONS
 THE FOLLOWING WEATHER WAS RECORDED YESTERDAY.
  LIGHT SNOW
  FOG
  HAZE


RELATIVE HUMIDITY (PERCENT)
 HIGHEST    92          1200 PM
 LOWEST     75           300 PM
 AVERAGE    84

..........................................................


THE AKRON CANTON OH CLIMATE NORMALS FOR TODAY
                         NORMAL    RECORD    YEAR
 MAXIMUM TEMPERATURE (F)   33        69      1906
 MINIMUM TEMPERATURE (F)   19       -24      1985


SUNRISE AND SUNSET
JANUARY 21 2015.......SUNRISE   745 AM EST   SUNSET   529 PM EST
JANUARY 22 2015.......SUNRISE   745 AM EST   SUNSET   530 PM EST


-  INDICATES NEGATIVE NUMBERS.
R  INDICATES RECORD WAS SET OR TIED.
MM INDICATES DATA IS MISSING.
T  INDICATES TRACE AMOUNT.




$$
