000
CDUS41 KCLE 110535
CLICAK


CLIMATE REPORT
NATIONAL WEATHER SERVICE CLEVELAND OH
134 AM EDT FRI APR 11 2014


...................................

...THE AKRON CANTON OH CLIMATE SUMMARY FOR APRIL 10 2014...

CLIMATE NORMAL PERIOD 1981 TO 2010
CLIMATE RECORD PERIOD 1887 TO 2014


WEATHER ITEM   OBSERVED TIME   RECORD YEAR NORMAL DEPARTURE LAST
                VALUE   (LST)  VALUE       VALUE  FROM      YEAR
                                                  NORMAL
..................................................................
TEMPERATURE (F)
 YESTERDAY
  MAXIMUM         70    639 PM  81    1945  58     12       76
  MINIMUM         41    144 AM  18    1997  37      4       53
  AVERAGE         56                        47      9       65

PRECIPITATION (IN)
  YESTERDAY        0.03                      0.12  -0.09     2.11
  MONTH TO DATE    2.26                      1.19   1.07     2.12
  SINCE MAR 1      4.84                      4.17   0.67     4.18
  SINCE JAN 1      8.35                      9.09  -0.74     8.37

SNOWFALL (IN)
  YESTERDAY        0.0                       0.1   -0.1       T
  MONTH TO DATE    0.0                       1.5   -1.5       T
  SINCE MAR 1      9.7                       9.7    0.0     10.5
  SINCE JUL 1     69.0                      46.2   22.8     46.9
  SNOW DEPTH       0

DEGREE DAYS
 HEATING
  YESTERDAY        9                        18     -9        0
  MONTH TO DATE  156                       196    -40      183
  SINCE MAR 1   1172                      1047    125     1126
  SINCE JUL 1   5995                      5591    404     5387

 COOLING
  YESTERDAY        0                         0      0        0
  MONTH TO DATE    0                         0      0        0
  SINCE MAR 1      0                         0      0        0
  SINCE JAN 1      0                         0      0        0
..................................................................


WIND (MPH)
  HIGHEST WIND SPEED    28   HIGHEST WIND DIRECTION    SW (210)
  HIGHEST GUST SPEED    28   HIGHEST GUST DIRECTION    SW (210)
  AVERAGE WIND SPEED    16.1


SKY COVER
  POSSIBLE SUNSHINE  MM
  AVERAGE SKY COVER 0.5


WEATHER CONDITIONS
 THE FOLLOWING WEATHER WAS RECORDED YESTERDAY.
  LIGHT RAIN
  FOG


RELATIVE HUMIDITY (PERCENT)
 HIGHEST    65          1200 AM
 LOWEST     25           300 PM
 AVERAGE    45

..........................................................


THE AKRON CANTON OH CLIMATE NORMALS FOR TODAY
                         NORMAL    RECORD    YEAR
 MAXIMUM TEMPERATURE (F)   58        87      1930
 MINIMUM TEMPERATURE (F)   37        20      1909


SUNRISE AND SUNSET
APRIL 11 2014.........SUNRISE   653 AM EDT   SUNSET   801 PM EDT
APRIL 12 2014.........SUNRISE   651 AM EDT   SUNSET   802 PM EDT


-  INDICATES NEGATIVE NUMBERS.
R  INDICATES RECORD WAS SET OR TIED.
MM INDICATES DATA IS MISSING.
T  INDICATES TRACE AMOUNT.




$$
