000
CDUS41 KCLE 062123
CLICAK


CLIMATE REPORT
NATIONAL WEATHER SERVICE CLEVELAND OH
523 PM EDT SUN JUL 6 2014


...................................

...THE AKRON CANTON OH CLIMATE SUMMARY FOR JULY 6 2014...
VALID TODAY AS OF 0500 PM LOCAL TIME.

CLIMATE NORMAL PERIOD 1981 TO 2010
CLIMATE RECORD PERIOD 1887 TO 2014


WEATHER ITEM   OBSERVED TIME   RECORD YEAR NORMAL DEPARTURE LAST
                VALUE   (LST)  VALUE       VALUE  FROM      YEAR
                                                  NORMAL
..................................................................
TEMPERATURE (F)
 TODAY
  MAXIMUM         79    309 PM  99    2012  82     -3       86
  MINIMUM         59    509 AM  43    1979  62     -3       69
  AVERAGE         69                        72     -3       78

PRECIPITATION (IN)
  TODAY            T                         0.12  -0.12     0.13
  MONTH TO DATE    0.16                      0.78  -0.62     1.34
  SINCE JUN 1      9.44                      4.61   4.83     7.25
  SINCE JAN 1     26.07                     20.34   5.73    19.51

SNOWFALL (IN)
  TODAY            0.0                       0.0    0.0      0.0
  MONTH TO DATE    0.0                       0.0    0.0      0.0
  SINCE JUN 1      0.0                       0.0    0.0      0.0
  SINCE JUL 1      0.0                       0.0    0.0      0.0
  SNOW DEPTH       0

DEGREE DAYS
 HEATING
  TODAY            0                         0      0        0
  MONTH TO DATE    0                         0      0        0
  SINCE JUN 1     15                        49    -34       27
  SINCE JUL 1      0                         0      0        0

 COOLING
  TODAY            4                         7     -3       13
  MONTH TO DATE   38                        42     -4       60
  SINCE JUN 1    221                       177     44      221
  SINCE JAN 1    297                       219     78      327
..................................................................


WIND (MPH)
  HIGHEST WIND SPEED    20   HIGHEST WIND DIRECTION    SW (220)
  HIGHEST GUST SPEED    26   HIGHEST GUST DIRECTION    SW (210)


SKY COVER
  POSSIBLE SUNSHINE  MM
  AVERAGE SKY COVER 0.8


WEATHER CONDITIONS
 THE FOLLOWING WEATHER WAS RECORDED TODAY.
  NO SIGNIFICANT WEATHER WAS OBSERVED.


RELATIVE HUMIDITY (PERCENT)
 HIGHEST    78           600 AM
 LOWEST     50           400 PM
 AVERAGE    64

..........................................................


THE AKRON CANTON OH CLIMATE NORMALS FOR TOMORROW
                         NORMAL    RECORD    YEAR
 MAXIMUM TEMPERATURE (F)   82       101      2012
 MINIMUM TEMPERATURE (F)   62        47      1990


SUNRISE AND SUNSET
JULY  6 2014..........SUNRISE   600 AM EDT   SUNSET   900 PM EDT
JULY  7 2014..........SUNRISE   601 AM EDT   SUNSET   900 PM EDT


-  INDICATES NEGATIVE NUMBERS.
R  INDICATES RECORD WAS SET OR TIED.
MM INDICATES DATA IS MISSING.
T  INDICATES TRACE AMOUNT.




$$
