000
CDUS41 KCLE 230527
CLICAK


CLIMATE REPORT
NATIONAL WEATHER SERVICE CLEVELAND OH
1227 AM EST SUN NOV 23 2014


...................................

...THE AKRON CANTON OH CLIMATE SUMMARY FOR NOVEMBER 22 2014...

CLIMATE NORMAL PERIOD 1981 TO 2010
CLIMATE RECORD PERIOD 1887 TO 2014


WEATHER ITEM   OBSERVED TIME   RECORD YEAR NORMAL DEPARTURE LAST
                VALUE   (LST)  VALUE       VALUE  FROM      YEAR
                                                  NORMAL
..................................................................
TEMPERATURE (F)
 YESTERDAY
  MAXIMUM         47   1157 PM  70    1934  46      1       50
  MINIMUM         16   1205 AM  10    1964  32    -16       36
  AVERAGE         32                        39     -7       43

PRECIPITATION (IN)
  YESTERDAY        0.08                      0.11  -0.03     0.08
  MONTH TO DATE    1.78                      2.42  -0.64     2.41
  SINCE SEP 1      6.80                      8.70  -1.90    10.90
  SINCE JAN 1     42.59                     35.90   6.69    37.97

SNOWFALL (IN)
  YESTERDAY        0.0                       0.1   -0.1      0.0
  MONTH TO DATE    6.5                       1.7    4.8      3.2
  SINCE SEP 1      6.5                       2.1    4.4      3.2
  SINCE JUL 1      6.5                       2.1    4.4      3.2
  SNOW DEPTH       2

DEGREE DAYS
 HEATING
  YESTERDAY       33                        26      7       22
  MONTH TO DATE  628                       482    146      484
  SINCE SEP 1   1070                      1017     53      935
  SINCE JUL 1   1086                      1037     49      948

 COOLING
  YESTERDAY        0                         0      0        0
  MONTH TO DATE    0                         0      0        0
  SINCE SEP 1     83                        70     13      105
  SINCE JAN 1    719                       652     67      829
..................................................................


WIND (MPH)
  HIGHEST WIND SPEED    18   HIGHEST WIND DIRECTION    SW (220)
  HIGHEST GUST SPEED    24   HIGHEST GUST DIRECTION    SW (230)
  AVERAGE WIND SPEED    11.5


SKY COVER
  POSSIBLE SUNSHINE  MM
  AVERAGE SKY COVER 0.8


WEATHER CONDITIONS
 THE FOLLOWING WEATHER WAS RECORDED YESTERDAY.
  LIGHT RAIN
  FREEZING RAIN
  LT FREEZING RAIN
  FOG


RELATIVE HUMIDITY (PERCENT)
 HIGHEST    89          1200 PM
 LOWEST     50           600 AM
 AVERAGE    70

..........................................................


THE AKRON CANTON OH CLIMATE NORMALS FOR TODAY
                         NORMAL    RECORD    YEAR
 MAXIMUM TEMPERATURE (F)   46        74      1931
 MINIMUM TEMPERATURE (F)   32        10      2000
                                             1971


SUNRISE AND SUNSET
NOVEMBER 23 2014......SUNRISE   722 AM EST   SUNSET   502 PM EST
NOVEMBER 24 2014......SUNRISE   723 AM EST   SUNSET   501 PM EST


-  INDICATES NEGATIVE NUMBERS.
R  INDICATES RECORD WAS SET OR TIED.
MM INDICATES DATA IS MISSING.
T  INDICATES TRACE AMOUNT.




$$
