000
CDUS41 KCLE 190527
CLICAK


CLIMATE REPORT
NATIONAL WEATHER SERVICE CLEVELAND OH
1227 AM EST FRI DEC 19 2014


...................................

...THE AKRON CANTON OH CLIMATE SUMMARY FOR DECEMBER 18 2014...

CLIMATE NORMAL PERIOD 1981 TO 2010
CLIMATE RECORD PERIOD 1887 TO 2014


WEATHER ITEM   OBSERVED TIME   RECORD YEAR NORMAL DEPARTURE LAST
                VALUE   (LST)  VALUE       VALUE  FROM      YEAR
                                                  NORMAL
..................................................................
TEMPERATURE (F)
 YESTERDAY
  MAXIMUM         29   1159 PM  61    1967  36     -7       28
  MINIMUM         28   1142 PM  -4    1989  23      5       23
  AVERAGE         29                        30     -1       26

PRECIPITATION (IN)
  YESTERDAY        T                         0.09  -0.09      T
  MONTH TO DATE    1.53                      1.71  -0.18     1.09
  SINCE DEC 1      1.53                      1.71  -0.18     1.09
  SINCE JAN 1     44.91                     38.49   6.42    39.79

SNOWFALL (IN)
  YESTERDAY        T                         0.3   -0.3       T
  MONTH TO DATE    0.5                       5.5   -5.0      9.8
  SINCE DEC 1      0.5                       5.5   -5.0      9.8
  SINCE JUL 1      8.5                       8.9   -0.4     20.5
  SNOW DEPTH       T

DEGREE DAYS
 HEATING
  YESTERDAY       36                        36      0       39
  MONTH TO DATE  531                       590    -59      645
  SINCE DEC 1    531                       590    -59      645
  SINCE JUL 1   1814                      1849    -35     1895

 COOLING
  YESTERDAY        0                         0      0        0
  MONTH TO DATE    0                         0      0        0
  SINCE DEC 1      0                         0      0        0
  SINCE JAN 1    719                       652     67      829
..................................................................


WIND (MPH)
  HIGHEST WIND SPEED    20   HIGHEST WIND DIRECTION     W (280)
  HIGHEST GUST SPEED    24   HIGHEST GUST DIRECTION    NW (320)
  AVERAGE WIND SPEED     8.3


SKY COVER
  POSSIBLE SUNSHINE  MM
  AVERAGE SKY COVER 1.0


WEATHER CONDITIONS
 THE FOLLOWING WEATHER WAS RECORDED YESTERDAY.
  LIGHT SNOW
  FOG


RELATIVE HUMIDITY (PERCENT)
 HIGHEST    85          1000 PM
 LOWEST     63           100 AM
 AVERAGE    74

..........................................................


THE AKRON CANTON OH CLIMATE NORMALS FOR TODAY
                         NORMAL    RECORD    YEAR
 MAXIMUM TEMPERATURE (F)   36        58      1939
                                             1923
 MINIMUM TEMPERATURE (F)   23        -2      1963


SUNRISE AND SUNSET
DECEMBER 19 2014......SUNRISE   746 AM EST   SUNSET   500 PM EST
DECEMBER 20 2014......SUNRISE   746 AM EST   SUNSET   500 PM EST


-  INDICATES NEGATIVE NUMBERS.
R  INDICATES RECORD WAS SET OR TIED.
MM INDICATES DATA IS MISSING.
T  INDICATES TRACE AMOUNT.




$$
