000
CDUS41 KCLE 150528
CLICAK


CLIMATE REPORT
NATIONAL WEATHER SERVICE CLEVELAND OH
1228 AM EST WED FEB 15 2017


...................................

...THE AKRON CANTON OH CLIMATE SUMMARY FOR FEBRUARY 14 2017...

CLIMATE NORMAL PERIOD 1981 TO 2010
CLIMATE RECORD PERIOD 1887 TO 2017


WEATHER ITEM   OBSERVED TIME   RECORD YEAR NORMAL DEPARTURE LAST
                VALUE   (LST)  VALUE       VALUE  FROM      YEAR
                                                  NORMAL
..................................................................
TEMPERATURE (F)
 YESTERDAY
  MAXIMUM         50    450 PM  63    1918  36     14       17
  MINIMUM         26    123 AM  -7    1905  21      5       -3
  AVERAGE         38                        29      9        7

PRECIPITATION (IN)
  YESTERDAY        0.00                      0.08  -0.08      T
  MONTH TO DATE    1.31                      1.14   0.17     1.14
  SINCE DEC 1     10.45                      6.59   3.86     6.05
  SINCE JAN 1      7.45                      3.75   3.70     2.35

SNOWFALL (IN)
  YESTERDAY        0.0                       0.3   -0.3      0.1
  MONTH TO DATE    2.7                       5.1   -2.4      8.9
  SINCE DEC 1     17.6                      27.7  -10.1     15.2
  SINCE JUL 1     19.7                      31.1  -11.4     15.2
  SNOW DEPTH       0

DEGREE DAYS
 HEATING
  YESTERDAY       27                        36     -9       58
  MONTH TO DATE  437                       524    -87      521
  SINCE DEC 1   2463                      2801   -338     2341
  SINCE JUL 1   3341                      4060   -719     3221

 COOLING
  YESTERDAY        0                         0      0        0
  MONTH TO DATE    0                         0      0        0
  SINCE DEC 1      0                         0      0        0
  SINCE JAN 1      0                         0      0        0
..................................................................


WIND (MPH)
  HIGHEST WIND SPEED    26   HIGHEST WIND DIRECTION     W (260)
  HIGHEST GUST SPEED    33   HIGHEST GUST DIRECTION     W (260)
  AVERAGE WIND SPEED    11.9


SKY COVER
  POSSIBLE SUNSHINE  MM
  AVERAGE SKY COVER 0.5


WEATHER CONDITIONS
 THE FOLLOWING WEATHER WAS RECORDED YESTERDAY.
  NO SIGNIFICANT WEATHER WAS OBSERVED.


RELATIVE HUMIDITY (PERCENT)
 HIGHEST    75           400 AM
 LOWEST     36           300 PM
 AVERAGE    56

..........................................................


THE AKRON CANTON OH CLIMATE NORMALS FOR TODAY
                         NORMAL    RECORD    YEAR
 MAXIMUM TEMPERATURE (F)   37        66      1954
 MINIMUM TEMPERATURE (F)   21        -8      1943


SUNRISE AND SUNSET
FEBRUARY 15 2017......SUNRISE   720 AM EST   SUNSET   601 PM EST
FEBRUARY 16 2017......SUNRISE   718 AM EST   SUNSET   602 PM EST


-  INDICATES NEGATIVE NUMBERS.
R  INDICATES RECORD WAS SET OR TIED.
MM INDICATES DATA IS MISSING.
T  INDICATES TRACE AMOUNT.




$$
