000
CDUS41 KCLE 170532
CLICAK


CLIMATE REPORT
NATIONAL WEATHER SERVICE CLEVELAND OH
132 AM EDT TUE MAY 17 2016


...................................

...THE AKRON CANTON OH CLIMATE SUMMARY FOR MAY 16 2016...

CLIMATE NORMAL PERIOD 1981 TO 2010
CLIMATE RECORD PERIOD 1887 TO 2016


WEATHER ITEM   OBSERVED TIME   RECORD YEAR NORMAL DEPARTURE LAST
                VALUE   (LST)  VALUE       VALUE  FROM      YEAR
                                                  NORMAL
..................................................................
TEMPERATURE (F)
 YESTERDAY
  MAXIMUM         63    342 PM  90    1962  69     -6       78
  MINIMUM         31    503 AM  30    1910  49    -18       64
  AVERAGE         47                        59    -12       71

PRECIPITATION (IN)
  YESTERDAY        0.00                      0.14  -0.14     0.16
  MONTH TO DATE    1.33                      2.14  -0.81     0.38
  SINCE MAR 1      9.41                      8.67   0.74     6.98
  SINCE JAN 1     14.00                     13.59   0.41    12.46

SNOWFALL (IN)
  YESTERDAY        0.0                       0.0    0.0      0.0
  MONTH TO DATE    T                         0.1   -0.1      0.0
  SINCE MAR 1      7.5                      11.0   -3.5      6.9
  SINCE JUL 1     30.2                      47.5  -17.3     59.8
  SNOW DEPTH       0

DEGREE DAYS
 HEATING
  YESTERDAY       18                         7     11        0
  MONTH TO DATE  165                       143     22       53
  SINCE MAR 1   1278                      1475   -197     1383
  SINCE JUL 1   4925                      6019  -1094     6226

 COOLING
  YESTERDAY        0                         1     -1        6
  MONTH TO DATE    1                        10     -9       68
  SINCE MAR 1      1                        16    -15       70
  SINCE JAN 1      1                        16    -15       70
..................................................................


WIND (MPH)
  HIGHEST WIND SPEED    20   HIGHEST WIND DIRECTION     W (250)
  HIGHEST GUST SPEED    27   HIGHEST GUST DIRECTION    SW (210)
  AVERAGE WIND SPEED    10.1


SKY COVER
  POSSIBLE SUNSHINE  MM
  AVERAGE SKY COVER 0.3


WEATHER CONDITIONS
 THE FOLLOWING WEATHER WAS RECORDED YESTERDAY.
  NO SIGNIFICANT WEATHER WAS OBSERVED.


RELATIVE HUMIDITY (PERCENT)
 HIGHEST    75           100 AM
 LOWEST     29           500 PM
 AVERAGE    52

..........................................................


THE AKRON CANTON OH CLIMATE NORMALS FOR TODAY
                         NORMAL    RECORD    YEAR
 MAXIMUM TEMPERATURE (F)   70        90      1962
 MINIMUM TEMPERATURE (F)   49        30      1891


SUNRISE AND SUNSET
MAY 17 2016...........SUNRISE   606 AM EDT   SUNSET   839 PM EDT
MAY 18 2016...........SUNRISE   605 AM EDT   SUNSET   840 PM EDT


-  INDICATES NEGATIVE NUMBERS.
R  INDICATES RECORD WAS SET OR TIED.
MM INDICATES DATA IS MISSING.
T  INDICATES TRACE AMOUNT.




$$
