000
CDUS41 KCLE 290535
CLICAK


CLIMATE REPORT
NATIONAL WEATHER SERVICE CLEVELAND OH
132 AM EDT MON JUN 29 2015


...................................

...THE AKRON CANTON OH CLIMATE SUMMARY FOR JUNE 28 2015...

CLIMATE NORMAL PERIOD 1981 TO 2010
CLIMATE RECORD PERIOD 1887 TO 2015


WEATHER ITEM   OBSERVED TIME   RECORD YEAR NORMAL DEPARTURE LAST
                VALUE   (LST)  VALUE       VALUE  FROM      YEAR
                                                  NORMAL
..................................................................
TEMPERATURE (F)
 YESTERDAY
  MAXIMUM         69    550 PM  97    1971  81    -12       89
                                      1944
                                      1934
  MINIMUM         58   1131 PM  47    1950  61     -3       66
                                      1905
                                      1904
  AVERAGE         64                        71     -7       78

PRECIPITATION (IN)
  YESTERDAY        0.10                      0.13  -0.03     0.00
  MONTH TO DATE    7.68                      3.58   4.10     9.05
  SINCE JUN 1      7.68                      3.58   4.10     9.05
  SINCE JAN 1     24.09                     19.31   4.78    25.68

SNOWFALL (IN)
  YESTERDAY        0.0                       0.0    0.0      0.0
  MONTH TO DATE    0.0                       0.0    0.0      0.0
  SINCE JUN 1      0.0                       0.0    0.0      0.0
  SINCE JUL 1     59.8                      47.5   12.3     69.9
  SNOW DEPTH       0

DEGREE DAYS
 HEATING
  YESTERDAY        1                         1      0        0
  MONTH TO DATE   22                        51    -29       15
  SINCE JUN 1     22                        51    -29       15
  SINCE JUL 1   6298                      6152    146     6422

 COOLING
  YESTERDAY        0                         6     -6       13
  MONTH TO DATE  181                       121     60      155
  SINCE JUN 1    181                       121     60      155
  SINCE JAN 1    325                       163    162      231
..................................................................


WIND (MPH)
  HIGHEST WIND SPEED    24   HIGHEST WIND DIRECTION     N (340)
  HIGHEST GUST SPEED    31   HIGHEST GUST DIRECTION     N (340)
  AVERAGE WIND SPEED    10.5


SKY COVER
  POSSIBLE SUNSHINE  MM
  AVERAGE SKY COVER 0.8


WEATHER CONDITIONS
 THE FOLLOWING WEATHER WAS RECORDED YESTERDAY.
  LIGHT RAIN
  FOG


RELATIVE HUMIDITY (PERCENT)
 HIGHEST    97           100 AM
 LOWEST     51           500 PM
 AVERAGE    74

..........................................................


THE AKRON CANTON OH CLIMATE NORMALS FOR TODAY
                         NORMAL    RECORD    YEAR
 MAXIMUM TEMPERATURE (F)   81        98      1952
                                             1934
 MINIMUM TEMPERATURE (F)   61        47      1905


SUNRISE AND SUNSET
JUNE 29 2015..........SUNRISE   557 AM EDT   SUNSET   902 PM EDT
JUNE 30 2015..........SUNRISE   557 AM EDT   SUNSET   902 PM EDT


-  INDICATES NEGATIVE NUMBERS.
R  INDICATES RECORD WAS SET OR TIED.
MM INDICATES DATA IS MISSING.
T  INDICATES TRACE AMOUNT.




$$
