000
CDUS41 KCLE 090528
CLICAK


CLIMATE REPORT
NATIONAL WEATHER SERVICE CLEVELAND OH
127 AM EDT SAT SEP 9 2017


...................................

...THE AKRON CANTON OH CLIMATE SUMMARY FOR SEPTEMBER 8 2017...

CLIMATE NORMAL PERIOD 1981 TO 2010
CLIMATE RECORD PERIOD 1887 TO 2017


WEATHER ITEM   OBSERVED TIME   RECORD YEAR NORMAL DEPARTURE LAST
                VALUE   (LST)  VALUE       VALUE  FROM      YEAR
                                                  NORMAL
..................................................................
TEMPERATURE (F)
 YESTERDAY
  MAXIMUM         70    336 PM  95    1933  76     -6       87
  MINIMUM         50    621 AM  38    1951  56     -6       72
  AVERAGE         60                        66     -6       80

PRECIPITATION (IN)
  YESTERDAY        T                         0.12  -0.12     1.22
  MONTH TO DATE    1.96                      0.94   1.02     1.41
  SINCE SEP 1      1.96                      0.94   1.02     1.41
  SINCE JAN 1     36.63                     28.14   8.49    25.01

SNOWFALL (IN)
  YESTERDAY        0.0                       0.0    0.0      0.0
  MONTH TO DATE    0.0                       0.0    0.0      0.0
  SINCE SEP 1      0.0                       0.0    0.0      0.0
  SINCE JUL 1      0.0                       0.0    0.0      0.0
  SNOW DEPTH       0

DEGREE DAYS
 HEATING
  YESTERDAY        5                         2      3        0
  MONTH TO DATE   31                        11     20        0
  SINCE SEP 1     31                        11     20        0
  SINCE JUL 1     37                        31      6        3

 COOLING
  YESTERDAY        0                         3     -3       15
  MONTH TO DATE   10                        29    -19       59
  SINCE SEP 1     10                        29    -19       59
  SINCE JAN 1    752                       611    141     1013
..................................................................


WIND (MPH)
  HIGHEST WIND SPEED    18   HIGHEST WIND DIRECTION     N (340)
  HIGHEST GUST SPEED    24   HIGHEST GUST DIRECTION     N (340)
  AVERAGE WIND SPEED     8.2


SKY COVER
  POSSIBLE SUNSHINE  MM
  AVERAGE SKY COVER 0.5


WEATHER CONDITIONS
 THE FOLLOWING WEATHER WAS RECORDED YESTERDAY.
  LIGHT RAIN


RELATIVE HUMIDITY (PERCENT)
 HIGHEST    89          1200 AM
 LOWEST     48           400 PM
 AVERAGE    69

..........................................................


THE AKRON CANTON OH CLIMATE NORMALS FOR TODAY
                         NORMAL    RECORD    YEAR
 MAXIMUM TEMPERATURE (F)   76        92      1897
 MINIMUM TEMPERATURE (F)   56        42      1986
                                             1979


SUNRISE AND SUNSET
SEPTEMBER  9 2017.....SUNRISE   701 AM EDT   SUNSET   744 PM EDT
SEPTEMBER 10 2017.....SUNRISE   702 AM EDT   SUNSET   743 PM EDT


-  INDICATES NEGATIVE NUMBERS.
R  INDICATES RECORD WAS SET OR TIED.
MM INDICATES DATA IS MISSING.
T  INDICATES TRACE AMOUNT.




$$
