000
CDUS41 KCLE 080535
CLICAK


CLIMATE REPORT
NATIONAL WEATHER SERVICE CLEVELAND OH
134 AM EDT TUE APR 8 2014


...................................

...THE AKRON CANTON OH CLIMATE SUMMARY FOR APRIL 7 2014...

CLIMATE NORMAL PERIOD 1981 TO 2010
CLIMATE RECORD PERIOD 1887 TO 2014


WEATHER ITEM   OBSERVED TIME   RECORD YEAR NORMAL DEPARTURE LAST
                VALUE   (LST)  VALUE       VALUE  FROM      YEAR
                                                  NORMAL
..................................................................
TEMPERATURE (F)
 YESTERDAY
  MAXIMUM         54    149 PM  82    1929  56     -2       73
  MINIMUM         43    147 AM  16    1972  36      7       45
  AVERAGE         49                        46      3       59

PRECIPITATION (IN)
  YESTERDAY        0.48                      0.12   0.36     0.00
  MONTH TO DATE    2.13                      0.83   1.30      T
  SINCE MAR 1      4.71                      3.81   0.90     2.06
  SINCE JAN 1      8.22                      8.73  -0.51     6.25

SNOWFALL (IN)
  YESTERDAY        0.0                       0.1   -0.1      0.0
  MONTH TO DATE    0.0                       1.1   -1.1       T
  SINCE MAR 1      9.7                       9.3    0.4     10.5
  SINCE JUL 1     69.0                      45.8   23.2     46.9
  SNOW DEPTH       0

DEGREE DAYS
 HEATING
  YESTERDAY       16                        19     -3        6
  MONTH TO DATE  115                       141    -26      173
  SINCE MAR 1   1131                       992    139     1116
  SINCE JUL 1   5954                      5536    418     5377

 COOLING
  YESTERDAY        0                         0      0        0
  MONTH TO DATE    0                         0      0        0
  SINCE MAR 1      0                         0      0        0
  SINCE JAN 1      0                         0      0        0
..................................................................


WIND (MPH)
  HIGHEST WIND SPEED    10   HIGHEST WIND DIRECTION    SE (130)
  HIGHEST GUST SPEED    10   HIGHEST GUST DIRECTION    SE (130)
  AVERAGE WIND SPEED     5.7


SKY COVER
  POSSIBLE SUNSHINE  MM
  AVERAGE SKY COVER 1.0


WEATHER CONDITIONS
 THE FOLLOWING WEATHER WAS RECORDED YESTERDAY.
  LIGHT RAIN
  FOG
  FOG W/VISIBILITY <= 1/4 MILE


RELATIVE HUMIDITY (PERCENT)
 HIGHEST    93           300 PM
 LOWEST     41          1200 AM
 AVERAGE    67

..........................................................


THE AKRON CANTON OH CLIMATE NORMALS FOR TODAY
                         NORMAL    RECORD    YEAR
 MAXIMUM TEMPERATURE (F)   57        80      2001
 MINIMUM TEMPERATURE (F)   36        14      1972


SUNRISE AND SUNSET
APRIL  8 2014.........SUNRISE   658 AM EDT   SUNSET   758 PM EDT
APRIL  9 2014.........SUNRISE   656 AM EDT   SUNSET   759 PM EDT


-  INDICATES NEGATIVE NUMBERS.
R  INDICATES RECORD WAS SET OR TIED.
MM INDICATES DATA IS MISSING.
T  INDICATES TRACE AMOUNT.




$$
