136
CDUS41 KCLE 310531
CLICAK


CLIMATE REPORT
NATIONAL WEATHER SERVICE CLEVELAND OH
1230 AM EST SUN JAN 31 2016


...................................

...THE AKRON CANTON OH CLIMATE SUMMARY FOR JANUARY 30 2016...

CLIMATE NORMAL PERIOD 1981 TO 2010
CLIMATE RECORD PERIOD 1887 TO 2016


WEATHER ITEM   OBSERVED TIME   RECORD YEAR NORMAL DEPARTURE LAST
                VALUE   (LST)  VALUE       VALUE  FROM      YEAR
                                                  NORMAL
..................................................................
TEMPERATURE (F)
 YESTERDAY
  MAXIMUM         56    426 PM  66    2013  34     22       31
  MINIMUM         19   1238 AM  -6    1965  19      0        5
  AVERAGE         38                        26     12       18

PRECIPITATION (IN)
  YESTERDAY        0.00                      0.08  -0.08     0.08
  MONTH TO DATE    1.21                      2.53  -1.32     3.49
  SINCE DEC 1      4.91                      5.37  -0.46     5.80
  SINCE JAN 1      1.21                      2.53  -1.32     3.49

SNOWFALL (IN)
  YESTERDAY        0.0                       0.4   -0.4      1.1
  MONTH TO DATE    6.0                      12.0   -6.0     21.3
  SINCE DEC 1      6.2                      22.2  -16.0     21.8
  SINCE JUL 1      6.2                      25.6  -19.4     29.8
  SNOW DEPTH       0

DEGREE DAYS
 HEATING
  YESTERDAY       27                        39    -12       47
  MONTH TO DATE 1155                      1168    -13     1217
  SINCE DEC 1   1807                      2239   -432     2139
  SINCE JUL 1   2687                      3498   -811     3422

 COOLING
  YESTERDAY        0                         0      0        0
  MONTH TO DATE    0                         0      0        0
  SINCE DEC 1      0                         0      0        0
  SINCE JAN 1      0                         0      0        0
..................................................................


WIND (MPH)
  HIGHEST WIND SPEED    24   HIGHEST WIND DIRECTION    SW (210)
  HIGHEST GUST SPEED    31   HIGHEST GUST DIRECTION    SW (210)
  AVERAGE WIND SPEED    13.3


SKY COVER
  POSSIBLE SUNSHINE  MM
  AVERAGE SKY COVER 0.7


WEATHER CONDITIONS
 THE FOLLOWING WEATHER WAS RECORDED YESTERDAY.
  NO SIGNIFICANT WEATHER WAS OBSERVED.


RELATIVE HUMIDITY (PERCENT)
 HIGHEST    77           200 AM
 LOWEST     38           400 PM
 AVERAGE    58

..........................................................


THE AKRON CANTON OH CLIMATE NORMALS FOR TODAY
                         NORMAL    RECORD    YEAR
 MAXIMUM TEMPERATURE (F)   34        62      2002
 MINIMUM TEMPERATURE (F)   19        -5      1948


SUNRISE AND SUNSET
JANUARY 31 2016.......SUNRISE   738 AM EST   SUNSET   541 PM EST
FEBRUARY  1 2016......SUNRISE   737 AM EST   SUNSET   542 PM EST


-  INDICATES NEGATIVE NUMBERS.
R  INDICATES RECORD WAS SET OR TIED.
MM INDICATES DATA IS MISSING.
T  INDICATES TRACE AMOUNT.




$$
