000
CDUS41 KCLE 270530
CLICAK


CLIMATE REPORT
NATIONAL WEATHER SERVICE CLEVELAND OH
1230 AM EST FRI FEB 27 2015


...................................

...THE AKRON CANTON OH CLIMATE SUMMARY FOR FEBRUARY 26 2015...

CLIMATE NORMAL PERIOD 1981 TO 2010
CLIMATE RECORD PERIOD 1887 TO 2015


WEATHER ITEM   OBSERVED TIME   RECORD YEAR NORMAL DEPARTURE LAST
                VALUE   (LST)  VALUE       VALUE  FROM      YEAR
                                                  NORMAL
..................................................................
TEMPERATURE (F)
 YESTERDAY
  MAXIMUM         17    326 PM  72    2000  40    -23       20
  MINIMUM          5   1159 PM -10    1963  23    -18       12
  AVERAGE         11                        32    -21       16

PRECIPITATION (IN)
  YESTERDAY        0.05                      0.08  -0.03     0.02
  MONTH TO DATE    1.99                      2.13  -0.14     1.57
  SINCE DEC 1      7.79                      7.58   0.21     6.98
  SINCE JAN 1      5.48                      4.74   0.74     3.49

SNOWFALL (IN)
  YESTERDAY        1.0                       0.4    0.6      0.5
  MONTH TO DATE   23.1                       9.7   13.4     16.6
  SINCE DEC 1     44.9                      32.3   12.6     48.2
  SINCE JUL 1     52.9                      35.7   17.2     58.9
  SNOW DEPTH       7

DEGREE DAYS
 HEATING
  YESTERDAY       54                        33     21       49
  MONTH TO DATE 1258                       942    316     1072
  SINCE DEC 1   3445                      3219    226     3467
  SINCE JUL 1   4728                      4478    250     4717

 COOLING
  YESTERDAY        0                         0      0        0
  MONTH TO DATE    0                         0      0        0
  SINCE DEC 1      0                         0      0        0
  SINCE JAN 1      0                         0      0        0
..................................................................


WIND (MPH)
  HIGHEST WIND SPEED    17   HIGHEST WIND DIRECTION     N (10)
  HIGHEST GUST SPEED    22   HIGHEST GUST DIRECTION     N (10)
  AVERAGE WIND SPEED    11.6


SKY COVER
  POSSIBLE SUNSHINE  MM
  AVERAGE SKY COVER 1.0


WEATHER CONDITIONS
 THE FOLLOWING WEATHER WAS RECORDED YESTERDAY.
  LIGHT SNOW
  HAZE


RELATIVE HUMIDITY (PERCENT)
 HIGHEST    80           700 AM
 LOWEST     53           200 AM
 AVERAGE    67

..........................................................


THE AKRON CANTON OH CLIMATE NORMALS FOR TODAY
                         NORMAL    RECORD    YEAR
 MAXIMUM TEMPERATURE (F)   40        65      1996
 MINIMUM TEMPERATURE (F)   24        -9      1963


SUNRISE AND SUNSET
FEBRUARY 27 2015......SUNRISE   703 AM EST   SUNSET   614 PM EST
FEBRUARY 28 2015......SUNRISE   702 AM EST   SUNSET   615 PM EST


-  INDICATES NEGATIVE NUMBERS.
R  INDICATES RECORD WAS SET OR TIED.
MM INDICATES DATA IS MISSING.
T  INDICATES TRACE AMOUNT.




$$
