608
CDUS41 KCLE 150528
CLICAK


CLIMATE REPORT
NATIONAL WEATHER SERVICE CLEVELAND OH
125 AM EDT SUN OCT 15 2017


...................................

...THE AKRON CANTON OH CLIMATE SUMMARY FOR OCTOBER 14 2017...

CLIMATE NORMAL PERIOD 1981 TO 2010
CLIMATE RECORD PERIOD 1887 TO 2017


WEATHER ITEM   OBSERVED TIME   RECORD YEAR NORMAL DEPARTURE LAST
                VALUE   (LST)  VALUE       VALUE  FROM      YEAR
                                                  NORMAL
..................................................................
TEMPERATURE (F)
 YESTERDAY
  MAXIMUM         78    406 PM  83    1899  62     16       60
                                      1897
  MINIMUM         53    607 AM  23    1895  43     10       36
  AVERAGE         66                        52     14       48

PRECIPITATION (IN)
  YESTERDAY        0.00                      0.09  -0.09     0.00
  MONTH TO DATE    2.29                      1.29   1.00     0.10
  SINCE SEP 1      4.31                      4.74  -0.43     6.64
  SINCE JAN 1     38.98                     31.94   7.04    30.24

SNOWFALL (IN)
  YESTERDAY        0.0                       0.0    0.0      0.0
  MONTH TO DATE    0.0                       0.0    0.0      0.0
  SINCE SEP 1      0.0                       0.0    0.0      0.0
  SINCE JUL 1      0.0                       0.0    0.0      0.0
  SNOW DEPTH       0

DEGREE DAYS
 HEATING
  YESTERDAY        0                        13    -13       17
  MONTH TO DATE   12                       152   -140       95
  SINCE SEP 1     81                       271   -190      125
  SINCE JUL 1     87                       291   -204      128

 COOLING
  YESTERDAY        1                         0      1        0
  MONTH TO DATE   35                         3     32        4
  SINCE SEP 1    184                        67    117      159
  SINCE JAN 1    926                       649    277     1113
..................................................................


WIND (MPH)
  HIGHEST WIND SPEED    15   HIGHEST WIND DIRECTION     S (190)
  HIGHEST GUST SPEED    20   HIGHEST GUST DIRECTION     S (190)
  AVERAGE WIND SPEED     6.6


SKY COVER
  POSSIBLE SUNSHINE  MM
  AVERAGE SKY COVER 0.2


WEATHER CONDITIONS
 THE FOLLOWING WEATHER WAS RECORDED YESTERDAY.
  FOG
  HAZE


RELATIVE HUMIDITY (PERCENT)
 HIGHEST    93           400 AM
 LOWEST     40           300 PM
 AVERAGE    67

..........................................................


THE AKRON CANTON OH CLIMATE NORMALS FOR TODAY
                         NORMAL    RECORD    YEAR
 MAXIMUM TEMPERATURE (F)   61        85      1897
 MINIMUM TEMPERATURE (F)   43        29      1937
                                             1894


SUNRISE AND SUNSET
OCTOBER 15 2017.......SUNRISE   737 AM EDT   SUNSET   645 PM EDT
OCTOBER 16 2017.......SUNRISE   738 AM EDT   SUNSET   643 PM EDT


-  INDICATES NEGATIVE NUMBERS.
R  INDICATES RECORD WAS SET OR TIED.
MM INDICATES DATA IS MISSING.
T  INDICATES TRACE AMOUNT.




$$
