000
CDUS41 KCLE 300526
CLICAK


CLIMATE REPORT
NATIONAL WEATHER SERVICE CLEVELAND OH
125 AM EDT TUE JUN 30 2015


...................................

...THE AKRON CANTON OH CLIMATE SUMMARY FOR JUNE 29 2015...

CLIMATE NORMAL PERIOD 1981 TO 2010
CLIMATE RECORD PERIOD 1887 TO 2015


WEATHER ITEM   OBSERVED TIME   RECORD YEAR NORMAL DEPARTURE LAST
                VALUE   (LST)  VALUE       VALUE  FROM      YEAR
                                                  NORMAL
..................................................................
TEMPERATURE (F)
 YESTERDAY
  MAXIMUM         68   1233 PM  98    1952  81    -13       87
                                      1934
  MINIMUM         56    503 AM  47    1905  61     -5       72
  AVERAGE         62                        71     -9       80

PRECIPITATION (IN)
  YESTERDAY        0.20                      0.12   0.08     0.23
  MONTH TO DATE    7.88                      3.70   4.18     9.28
  SINCE JUN 1      7.88                      3.70   4.18     9.28
  SINCE JAN 1     24.29                     19.43   4.86    25.91

SNOWFALL (IN)
  YESTERDAY        0.0                       0.0    0.0      0.0
  MONTH TO DATE    0.0                       0.0    0.0      0.0
  SINCE JUN 1      0.0                       0.0    0.0      0.0
  SINCE JUL 1     59.8                      47.5   12.3     69.9
  SNOW DEPTH       0

DEGREE DAYS
 HEATING
  YESTERDAY        3                         0      3        0
  MONTH TO DATE   25                        51    -26       15
  SINCE JUN 1     25                        51    -26       15
  SINCE JUL 1   6301                      6152    149     6422

 COOLING
  YESTERDAY        0                         7     -7       15
  MONTH TO DATE  181                       128     53      170
  SINCE JUN 1    181                       128     53      170
  SINCE JAN 1    325                       170    155      246
..................................................................


WIND (MPH)
  HIGHEST WIND SPEED    13   HIGHEST WIND DIRECTION    SE (140)
  HIGHEST GUST SPEED    25   HIGHEST GUST DIRECTION     N (350)
  AVERAGE WIND SPEED     6.3


SKY COVER
  POSSIBLE SUNSHINE  MM
  AVERAGE SKY COVER 0.8


WEATHER CONDITIONS
 THE FOLLOWING WEATHER WAS RECORDED YESTERDAY.
  RAIN
  LIGHT RAIN
  FOG
  HAZE


RELATIVE HUMIDITY (PERCENT)
 HIGHEST    90          1100 PM
 LOWEST     68           900 AM
 AVERAGE    79

..........................................................


THE AKRON CANTON OH CLIMATE NORMALS FOR TODAY
                         NORMAL    RECORD    YEAR
 MAXIMUM TEMPERATURE (F)   81        96      1913
 MINIMUM TEMPERATURE (F)   61        46      1899


SUNRISE AND SUNSET
JUNE 30 2015..........SUNRISE   557 AM EDT   SUNSET   902 PM EDT
JULY  1 2015..........SUNRISE   558 AM EDT   SUNSET   901 PM EDT


-  INDICATES NEGATIVE NUMBERS.
R  INDICATES RECORD WAS SET OR TIED.
MM INDICATES DATA IS MISSING.
T  INDICATES TRACE AMOUNT.




$$
