000
CDUS41 KCLE 230545
CLICAK


CLIMATE REPORT
NATIONAL WEATHER SERVICE CLEVELAND OH
145 AM EDT SAT AUG 23 2014


...................................

...THE AKRON CANTON OH CLIMATE SUMMARY FOR AUGUST 22 2014...

CLIMATE NORMAL PERIOD 1981 TO 2010
CLIMATE RECORD PERIOD 1887 TO 2014


WEATHER ITEM   OBSERVED TIME   RECORD YEAR NORMAL DEPARTURE LAST
                VALUE   (LST)  VALUE       VALUE  FROM      YEAR
                                                  NORMAL
..................................................................
TEMPERATURE (F)
 YESTERDAY
  MAXIMUM         82    347 PM  95    1916  80      2       84
  MINIMUM         68    257 AM  40    1895  60      8       64
  AVERAGE         75                        70      5       74

PRECIPITATION (IN)
  YESTERDAY        0.03                      0.12  -0.09     0.21
  MONTH TO DATE    5.22                      2.55   2.67     1.16
  SINCE JUN 1     18.66                     10.46   8.20    14.18
  SINCE JAN 1     35.29                     26.19   9.10    26.44

SNOWFALL (IN)
  YESTERDAY        0.0                       0.0    0.0      0.0
  MONTH TO DATE    0.0                       0.0    0.0      0.0
  SINCE JUN 1      0.0                       0.0    0.0      0.0
  SINCE JUL 1      0.0                       0.0    0.0      0.0
  SNOW DEPTH       0

DEGREE DAYS
 HEATING
  YESTERDAY        0                         1     -1        0
  MONTH TO DATE    6                         1      5        8
  SINCE JUN 1     31                        56    -25       40
  SINCE JUL 1     16                         7      9       13

 COOLING
  YESTERDAY       10                         6      4        9
  MONTH TO DATE  126                       141    -15      103
  SINCE JUN 1    486                       498    -12      536
  SINCE JAN 1    562                       540     22      642
..................................................................


WIND (MPH)
  HIGHEST WIND SPEED    15   HIGHEST WIND DIRECTION    NE (40)
  HIGHEST GUST SPEED    18   HIGHEST GUST DIRECTION    NE (40)
  AVERAGE WIND SPEED     3.5


SKY COVER
  POSSIBLE SUNSHINE  MM
  AVERAGE SKY COVER 0.8


WEATHER CONDITIONS
 THE FOLLOWING WEATHER WAS RECORDED YESTERDAY.
  LIGHT RAIN
  FOG


RELATIVE HUMIDITY (PERCENT)
 HIGHEST    90           400 AM
 LOWEST     62           300 PM
 AVERAGE    76

..........................................................


THE AKRON CANTON OH CLIMATE NORMALS FOR TODAY
                         NORMAL    RECORD    YEAR
 MAXIMUM TEMPERATURE (F)   80        94      1936
 MINIMUM TEMPERATURE (F)   60        45      1973
                                             1923


SUNRISE AND SUNSET
AUGUST 23 2014........SUNRISE   644 AM EDT   SUNSET   812 PM EDT
AUGUST 24 2014........SUNRISE   645 AM EDT   SUNSET   811 PM EDT


-  INDICATES NEGATIVE NUMBERS.
R  INDICATES RECORD WAS SET OR TIED.
MM INDICATES DATA IS MISSING.
T  INDICATES TRACE AMOUNT.




$$
