187
CDUS41 KCLE 231113
CLICAK


CLIMATE REPORT
NATIONAL WEATHER SERVICE CLEVELAND OH
712 AM EDT SAT APR 23 2016


...................................

...THE AKRON CANTON OH CLIMATE SUMMARY FOR APRIL 22 2016...

CLIMATE NORMAL PERIOD 1981 TO 2010
CLIMATE RECORD PERIOD 1887 TO 2016


WEATHER ITEM   OBSERVED TIME   RECORD YEAR NORMAL DEPARTURE LAST
                VALUE   (LST)  VALUE       VALUE  FROM      YEAR
                                                  NORMAL
..................................................................
TEMPERATURE (F)
 YESTERDAY
  MAXIMUM         63    331 PM  85    1985  62      1       49
  MINIMUM         44   1159 PM  23    1978  41      3       37
  AVERAGE         54                        52      2       43

PRECIPITATION (IN)
  YESTERDAY        0.42                      0.11   0.31     0.12
  MONTH TO DATE    2.56                      2.63  -0.07     3.72
  SINCE MAR 1      7.14                      5.61   1.53     6.48
  SINCE JAN 1     11.73                     10.53   1.20    11.96

SNOWFALL (IN)
  YESTERDAY        0.0                       0.0    0.0       T
  MONTH TO DATE    5.1                       2.5    2.6       T
  SINCE MAR 1      7.5                      10.7   -3.2      6.9
  SINCE JUL 1     30.2                      47.2  -17.0     59.8
  SNOW DEPTH       0

DEGREE DAYS
 HEATING
  YESTERDAY       11                        14     -3       22
  MONTH TO DATE  405                       382     23      244
  SINCE MAR 1   1007                      1233   -226     1172
  SINCE JUL 1   4654                      5777  -1123     6015

 COOLING
  YESTERDAY        0                         0      0        0
  MONTH TO DATE    0                         0      0        2
  SINCE MAR 1      0                         0      0        2
  SINCE JAN 1      0                         0      0        2
..................................................................


WIND (MPH)
  HIGHEST WIND SPEED    16   HIGHEST WIND DIRECTION     N (350)
  HIGHEST GUST SPEED    34   HIGHEST GUST DIRECTION    NW (330)
  AVERAGE WIND SPEED     7.8


SKY COVER
  POSSIBLE SUNSHINE  MM
  AVERAGE SKY COVER 1.0


WEATHER CONDITIONS
 THE FOLLOWING WEATHER WAS RECORDED YESTERDAY.
  RAIN
  LIGHT RAIN
  FOG
  HAZE


RELATIVE HUMIDITY (PERCENT)
 HIGHEST    93           600 AM
 LOWEST     75           100 AM
 AVERAGE    84

..........................................................


THE AKRON CANTON OH CLIMATE NORMALS FOR TODAY
                         NORMAL    RECORD    YEAR
 MAXIMUM TEMPERATURE (F)   63        88      1925
 MINIMUM TEMPERATURE (F)   41        23      1936


SUNRISE AND SUNSET
APRIL 23 2016.........SUNRISE   634 AM EDT   SUNSET   814 PM EDT
APRIL 24 2016.........SUNRISE   633 AM EDT   SUNSET   815 PM EDT


-  INDICATES NEGATIVE NUMBERS.
R  INDICATES RECORD WAS SET OR TIED.
MM INDICATES DATA IS MISSING.
T  INDICATES TRACE AMOUNT.




$$
