000
CDUS41 KCLE 162245
CLICAK


CLIMATE REPORT
NATIONAL WEATHER SERVICE CLEVELAND OH
645 PM EDT WED JUL 16 2014


...................................

...THE AKRON CANTON OH CLIMATE SUMMARY FOR JULY 16 2014...
VALID TODAY AS OF 0500 PM LOCAL TIME.

CLIMATE NORMAL PERIOD 1981 TO 2010
CLIMATE RECORD PERIOD 1887 TO 2014


WEATHER ITEM   OBSERVED TIME   RECORD YEAR NORMAL DEPARTURE LAST
                VALUE   (LST)  VALUE       VALUE  FROM      YEAR
                                                  NORMAL
..................................................................
TEMPERATURE (F)
 TODAY
  MAXIMUM         72    315 PM 101    1988  82    -10       91
  MINIMUM         54    536 AM  48    1939  62     -8       73
  AVERAGE         63                        72     -9       82

PRECIPITATION (IN)
  TODAY            0.00                      0.14  -0.14     0.28
  MONTH TO DATE    1.99                      2.12  -0.13     5.27
  SINCE JUN 1     11.27                      5.95   5.32    11.18
  SINCE JAN 1     27.90                     21.68   6.22    23.44

SNOWFALL (IN)
  TODAY            0.0                       0.0    0.0      0.0
  MONTH TO DATE    0.0                       0.0    0.0      0.0
  SINCE JUN 1      0.0                       0.0    0.0      0.0
  SINCE JUL 1      0.0                       0.0    0.0      0.0
  SNOW DEPTH       0

DEGREE DAYS
 HEATING
  TODAY            2                         0      2        0
  MONTH TO DATE    2                         0      2        0
  SINCE JUN 1     17                        49    -32       27
  SINCE JUL 1      2                         0      2        0

 COOLING
  TODAY            0                         7     -7       17
  MONTH TO DATE  119                       112      7      169
  SINCE JUN 1    302                       247     55      330
  SINCE JAN 1    378                       289     89      436
..................................................................


WIND (MPH)
  HIGHEST WIND SPEED    17   HIGHEST WIND DIRECTION    NW (300)
  HIGHEST GUST SPEED    24   HIGHEST GUST DIRECTION     W (290)


SKY COVER
  POSSIBLE SUNSHINE  MM
  AVERAGE SKY COVER 0.3


WEATHER CONDITIONS
 THE FOLLOWING WEATHER WAS RECORDED TODAY.
  NO SIGNIFICANT WEATHER WAS OBSERVED.


RELATIVE HUMIDITY (PERCENT)
 HIGHEST    83           300 AM
 LOWEST     44           300 PM
 AVERAGE    64

..........................................................


THE AKRON CANTON OH CLIMATE NORMALS FOR TOMORROW
                         NORMAL    RECORD    YEAR
 MAXIMUM TEMPERATURE (F)   82        99      1931
 MINIMUM TEMPERATURE (F)   62        48      1939
                                             1892


SUNRISE AND SUNSET
JULY 16 2014..........SUNRISE   608 AM EDT   SUNSET   856 PM EDT
JULY 17 2014..........SUNRISE   608 AM EDT   SUNSET   855 PM EDT


-  INDICATES NEGATIVE NUMBERS.
R  INDICATES RECORD WAS SET OR TIED.
MM INDICATES DATA IS MISSING.
T  INDICATES TRACE AMOUNT.




$$
