000
CDUS41 KCLE 220532
CLICAK


CLIMATE REPORT
NATIONAL WEATHER SERVICE CLEVELAND OH
1231 AM EST THU JAN 22 2015


...................................

...THE AKRON CANTON OH CLIMATE SUMMARY FOR JANUARY 21 2015...

CLIMATE NORMAL PERIOD 1981 TO 2010
CLIMATE RECORD PERIOD 1887 TO 2015


WEATHER ITEM   OBSERVED TIME   RECORD YEAR NORMAL DEPARTURE LAST
                VALUE   (LST)  VALUE       VALUE  FROM      YEAR
                                                  NORMAL
..................................................................
TEMPERATURE (F)
 YESTERDAY
  MAXIMUM         35    548 PM  69    1906  33      2       21
  MINIMUM         30   1159 PM -24    1985  19     11        3
  AVERAGE         33                        26      7       12

PRECIPITATION (IN)
  YESTERDAY        0.26                      0.09   0.17     0.01
  MONTH TO DATE    2.76                      1.80   0.96     1.40
  SINCE DEC 1      5.07                      4.64   0.43     4.89
  SINCE JAN 1      2.76                      1.80   0.96     1.40

SNOWFALL (IN)
  YESTERDAY        2.6                       0.4    2.2      0.2
  MONTH TO DATE   13.0                       8.4    4.6      9.2
  SINCE DEC 1     13.5                      18.6   -5.1     21.7
  SINCE JUL 1     21.5                      22.0   -0.5     32.4
  SNOW DEPTH       1

DEGREE DAYS
 HEATING
  YESTERDAY       32                        39     -7       53
  MONTH TO DATE  853                       817     36      848
  SINCE DEC 1   1775                      1888   -113     1877
  SINCE JUL 1   3058                      3147    -89     3127

 COOLING
  YESTERDAY        0                         0      0        0
  MONTH TO DATE    0                         0      0        0
  SINCE DEC 1      0                         0      0        0
  SINCE JAN 1      0                         0      0        0
..................................................................


WIND (MPH)
  HIGHEST WIND SPEED    16   HIGHEST WIND DIRECTION     W (260)
  HIGHEST GUST SPEED    22   HIGHEST GUST DIRECTION     S (170)
  AVERAGE WIND SPEED     7.0


SKY COVER
  POSSIBLE SUNSHINE  MM
  AVERAGE SKY COVER 1.0


WEATHER CONDITIONS
 THE FOLLOWING WEATHER WAS RECORDED YESTERDAY.
  LIGHT RAIN
  HEAVY SNOW
  SNOW
  LIGHT SNOW
  FOG
  HAZE


RELATIVE HUMIDITY (PERCENT)
 HIGHEST    92          1000 AM
 LOWEST     78          1200 AM
 AVERAGE    85

..........................................................


THE AKRON CANTON OH CLIMATE NORMALS FOR TODAY
                         NORMAL    RECORD    YEAR
 MAXIMUM TEMPERATURE (F)   33        72      1906
 MINIMUM TEMPERATURE (F)   19       -13      1936


SUNRISE AND SUNSET
JANUARY 22 2015.......SUNRISE   745 AM EST   SUNSET   530 PM EST
JANUARY 23 2015.......SUNRISE   744 AM EST   SUNSET   532 PM EST


-  INDICATES NEGATIVE NUMBERS.
R  INDICATES RECORD WAS SET OR TIED.
MM INDICATES DATA IS MISSING.
T  INDICATES TRACE AMOUNT.




$$
