000
CDUS41 KCLE 181058
CLICAK


CLIMATE REPORT
NATIONAL WEATHER SERVICE CLEVELAND OH
658 AM EDT WED MAY 18 2016


...................................

...THE AKRON CANTON OH CLIMATE SUMMARY FOR MAY 17 2016...

CLIMATE NORMAL PERIOD 1981 TO 2010
CLIMATE RECORD PERIOD 1887 TO 2016


WEATHER ITEM   OBSERVED TIME   RECORD YEAR NORMAL DEPARTURE LAST
                VALUE   (LST)  VALUE       VALUE  FROM      YEAR
                                                  NORMAL
..................................................................
TEMPERATURE (F)
 YESTERDAY
  MAXIMUM         62   1033 AM  90    1962  70     -8       81
  MINIMUM         50    548 AM  30    1891  49      1       66
  AVERAGE         56                        59     -3       74

PRECIPITATION (IN)
  YESTERDAY        0.04                      0.14  -0.10     0.02
  MONTH TO DATE    1.37                      2.28  -0.91     0.40
  SINCE MAR 1      9.45                      8.81   0.64     7.00
  SINCE JAN 1     14.04                     13.73   0.31    12.48

SNOWFALL (IN)
  YESTERDAY        0.0                       0.0    0.0      0.0
  MONTH TO DATE    T                         0.1   -0.1      0.0
  SINCE MAR 1      7.5                      11.0   -3.5      6.9
  SINCE JUL 1     30.2                      47.5  -17.3     59.8
  SNOW DEPTH       0

DEGREE DAYS
 HEATING
  YESTERDAY        9                         7      2        0
  MONTH TO DATE  174                       150     24       53
  SINCE MAR 1   1287                      1482   -195     1383
  SINCE JUL 1   4934                      6026  -1092     6226

 COOLING
  YESTERDAY        0                         1     -1        9
  MONTH TO DATE    1                        11    -10       77
  SINCE MAR 1      1                        17    -16       79
  SINCE JAN 1      1                        17    -16       79
..................................................................


WIND (MPH)
  HIGHEST WIND SPEED    15   HIGHEST WIND DIRECTION    NW (300)
  HIGHEST GUST SPEED    20   HIGHEST GUST DIRECTION    NW (300)
  AVERAGE WIND SPEED     5.3


SKY COVER
  POSSIBLE SUNSHINE  MM
  AVERAGE SKY COVER 1.0


WEATHER CONDITIONS
 THE FOLLOWING WEATHER WAS RECORDED YESTERDAY.
  LIGHT RAIN


RELATIVE HUMIDITY (PERCENT)
 HIGHEST    83           900 PM
 LOWEST     50          1200 AM
 AVERAGE    67

..........................................................


THE AKRON CANTON OH CLIMATE NORMALS FOR TODAY
                         NORMAL    RECORD    YEAR
 MAXIMUM TEMPERATURE (F)   70        92      1962
 MINIMUM TEMPERATURE (F)   49        34      1941
                                             1925


SUNRISE AND SUNSET
MAY 18 2016...........SUNRISE   605 AM EDT   SUNSET   840 PM EDT
MAY 19 2016...........SUNRISE   604 AM EDT   SUNSET   841 PM EDT


-  INDICATES NEGATIVE NUMBERS.
R  INDICATES RECORD WAS SET OR TIED.
MM INDICATES DATA IS MISSING.
T  INDICATES TRACE AMOUNT.




$$
