000
CDUS41 KCLE 140545
CLICAK


CLIMATE REPORT
NATIONAL WEATHER SERVICE CLEVELAND OH
145 AM EDT WED JUN 14 2017


...................................

...THE AKRON CANTON OH CLIMATE SUMMARY FOR JUNE 13 2017...

CLIMATE NORMAL PERIOD 1981 TO 2010
CLIMATE RECORD PERIOD 1887 TO 2017


WEATHER ITEM   OBSERVED TIME   RECORD YEAR NORMAL DEPARTURE LAST
                VALUE   (LST)  VALUE       VALUE  FROM      YEAR
                                                  NORMAL
..................................................................
TEMPERATURE (F)
 YESTERDAY
  MAXIMUM         92R  1215 PM  91    1988  78     14       78
                                      1967
                                      1956
  MINIMUM         66   1140 PM  44    1985  57      9       48
                                      1979
                                      1978
  AVERAGE         79                        67     12       63

PRECIPITATION (IN)
  YESTERDAY        0.07                      0.13  -0.06     0.00
  MONTH TO DATE    0.60                      1.66  -1.06     0.74
  SINCE JUN 1      0.60                      1.66  -1.06     0.74
  SINCE JAN 1     26.72                     17.39   9.33    15.41

SNOWFALL (IN)
  YESTERDAY        0.0                       0.0    0.0      0.0
  MONTH TO DATE    0.0                       0.0    0.0      0.0
  SINCE JUN 1      0.0                       0.0    0.0      0.0
  SINCE JUL 1     37.2                      47.5  -10.3     30.2
  SNOW DEPTH       0

DEGREE DAYS
 HEATING
  YESTERDAY        0                         2     -2        2
  MONTH TO DATE   18                        35    -17       17
  SINCE JUN 1     18                        35    -17       17
  SINCE JUL 1   4891                      6136  -1245     4998

 COOLING
  YESTERDAY       14                         4     10        0
  MONTH TO DATE   61                        41     20       65
  SINCE JUN 1     61                        41     20       65
  SINCE JAN 1    125                        83     42      126
..................................................................


WIND (MPH)
  HIGHEST WIND SPEED    17   HIGHEST WIND DIRECTION     E (100)
  HIGHEST GUST SPEED    24   HIGHEST GUST DIRECTION    NE (60)
  AVERAGE WIND SPEED     6.5


SKY COVER
  POSSIBLE SUNSHINE  MM
  AVERAGE SKY COVER 0.4


WEATHER CONDITIONS
 THE FOLLOWING WEATHER WAS RECORDED YESTERDAY.
  THUNDERSTORM
  LIGHT RAIN
  HAZE


RELATIVE HUMIDITY (PERCENT)
 HIGHEST    84          1000 PM
 LOWEST     49          1200 PM
 AVERAGE    67

..........................................................


THE AKRON CANTON OH CLIMATE NORMALS FOR TODAY
                         NORMAL    RECORD    YEAR
 MAXIMUM TEMPERATURE (F)   78        93      1988
                                             1967
 MINIMUM TEMPERATURE (F)   58        43      1978
                                             1959
                                             1933


SUNRISE AND SUNSET
JUNE 14 2017..........SUNRISE   553 AM EDT   SUNSET   859 PM EDT
JUNE 15 2017..........SUNRISE   553 AM EDT   SUNSET   859 PM EDT


-  INDICATES NEGATIVE NUMBERS.
R  INDICATES RECORD WAS SET OR TIED.
MM INDICATES DATA IS MISSING.
T  INDICATES TRACE AMOUNT.




$$
