000
CDUS41 KCLE 140525
CLICAK


CLIMATE REPORT
NATIONAL WEATHER SERVICE CLEVELAND OH
125 AM EDT SAT MAY 14 2016


...................................

...THE AKRON CANTON OH CLIMATE SUMMARY FOR MAY 13 2016...

CLIMATE NORMAL PERIOD 1981 TO 2010
CLIMATE RECORD PERIOD 1887 TO 2016


WEATHER ITEM   OBSERVED TIME   RECORD YEAR NORMAL DEPARTURE LAST
                VALUE   (LST)  VALUE       VALUE  FROM      YEAR
                                                  NORMAL
..................................................................
TEMPERATURE (F)
 YESTERDAY
  MAXIMUM         68    447 PM  89    1991  69     -1       54
  MINIMUM         51   1052 PM  27    1996  48      3       40
  AVERAGE         60                        58      2       47

PRECIPITATION (IN)
  YESTERDAY        0.10                      0.14  -0.04      T
  MONTH TO DATE    0.99                      1.71  -0.72     0.22
  SINCE MAR 1      9.07                      8.24   0.83     6.82
  SINCE JAN 1     13.66                     13.16   0.50    12.30

SNOWFALL (IN)
  YESTERDAY        0.0                       0.0    0.0      0.0
  MONTH TO DATE    0.0                       0.1   -0.1      0.0
  SINCE MAR 1      7.5                      11.0   -3.5      6.9
  SINCE JUL 1     30.2                      47.5  -17.3     59.8
  SNOW DEPTH       0

DEGREE DAYS
 HEATING
  YESTERDAY        5                         8     -3       18
  MONTH TO DATE  107                       121    -14       40
  SINCE MAR 1   1220                      1453   -233     1370
  SINCE JUL 1   4867                      5997  -1130     6213

 COOLING
  YESTERDAY        0                         1     -1        0
  MONTH TO DATE    1                         7     -6       59
  SINCE MAR 1      1                        13    -12       61
  SINCE JAN 1      1                        13    -12       61
..................................................................


WIND (MPH)
  HIGHEST WIND SPEED    18   HIGHEST WIND DIRECTION     W (260)
  HIGHEST GUST SPEED    27   HIGHEST GUST DIRECTION     W (280)
  AVERAGE WIND SPEED     9.8


SKY COVER
  POSSIBLE SUNSHINE  MM
  AVERAGE SKY COVER 0.6


WEATHER CONDITIONS
 THE FOLLOWING WEATHER WAS RECORDED YESTERDAY.
  LIGHT RAIN
  FOG
  HAZE


RELATIVE HUMIDITY (PERCENT)
 HIGHEST    93           100 AM
 LOWEST     45           500 PM
 AVERAGE    69

..........................................................


THE AKRON CANTON OH CLIMATE NORMALS FOR TODAY
                         NORMAL    RECORD    YEAR
 MAXIMUM TEMPERATURE (F)   69        90      1991
                                             1962
 MINIMUM TEMPERATURE (F)   48        31      1996


SUNRISE AND SUNSET
MAY 14 2016...........SUNRISE   609 AM EDT   SUNSET   836 PM EDT
MAY 15 2016...........SUNRISE   608 AM EDT   SUNSET   837 PM EDT


-  INDICATES NEGATIVE NUMBERS.
R  INDICATES RECORD WAS SET OR TIED.
MM INDICATES DATA IS MISSING.
T  INDICATES TRACE AMOUNT.




$$
