833
CDUS41 KCLE 210539
CLICAK


CLIMATE REPORT
NATIONAL WEATHER SERVICE CLEVELAND OH
127 AM EDT THU MAY 21 2015


...................................

...THE AKRON CANTON OH CLIMATE SUMMARY FOR MAY 20 2015...

CLIMATE NORMAL PERIOD 1981 TO 2010
CLIMATE RECORD PERIOD 1887 TO 2015


WEATHER ITEM   OBSERVED TIME   RECORD YEAR NORMAL DEPARTURE LAST
                VALUE   (LST)  VALUE       VALUE  FROM      YEAR
                                                  NORMAL
..................................................................
TEMPERATURE (F)
 YESTERDAY
  MAXIMUM         56    427 PM  91    1934  70    -14       73
  MINIMUM         44    726 AM  33    1905  50     -6       54
                                      1888
  AVERAGE         50                        60    -10       64

PRECIPITATION (IN)
  YESTERDAY        T                         0.14  -0.14      T
  MONTH TO DATE    0.45                      2.70  -2.25     3.25
  SINCE MAR 1      7.05                      9.23  -2.18    12.07
  SINCE JAN 1     12.53                     14.15  -1.62    15.58

SNOWFALL (IN)
  YESTERDAY        0.0                       0.0    0.0      0.0
  MONTH TO DATE    0.0                       0.1   -0.1       T
  SINCE MAR 1      6.9                      11.0   -4.1     10.6
  SINCE JUL 1     59.8                      47.5   12.3     69.9
  SNOW DEPTH       0

DEGREE DAYS
 HEATING
  YESTERDAY       15                         6      9        1
  MONTH TO DATE   72                       170    -98      146
  SINCE MAR 1   1402                      1502   -100     1574
  SINCE JUL 1   6245                      6046    199     6397

 COOLING
  YESTERDAY        0                         1     -1        0
  MONTH TO DATE   86                        14     72       38
  SINCE MAR 1     88                        20     68       41
  SINCE JAN 1     88                        20     68       41
..................................................................


WIND (MPH)
  HIGHEST WIND SPEED    15   HIGHEST WIND DIRECTION     N (340)
  HIGHEST GUST SPEED    24   HIGHEST GUST DIRECTION     N (360)
  AVERAGE WIND SPEED     8.2


SKY COVER
  POSSIBLE SUNSHINE  MM
  AVERAGE SKY COVER 1.0


WEATHER CONDITIONS
 THE FOLLOWING WEATHER WAS RECORDED YESTERDAY.
  LIGHT RAIN


RELATIVE HUMIDITY (PERCENT)
 HIGHEST    71           500 AM
 LOWEST     47           400 PM
 AVERAGE    59

..........................................................


THE AKRON CANTON OH CLIMATE NORMALS FOR TODAY
                         NORMAL    RECORD    YEAR
 MAXIMUM TEMPERATURE (F)   71        91      1934
 MINIMUM TEMPERATURE (F)   50        31      1895


SUNRISE AND SUNSET
MAY 21 2015...........SUNRISE   603 AM EDT   SUNSET   842 PM EDT
MAY 22 2015...........SUNRISE   602 AM EDT   SUNSET   843 PM EDT


-  INDICATES NEGATIVE NUMBERS.
R  INDICATES RECORD WAS SET OR TIED.
MM INDICATES DATA IS MISSING.
T  INDICATES TRACE AMOUNT.




$$
