000
CDUS41 KCLE 160610
CLICAK


CLIMATE REPORT
NATIONAL WEATHER SERVICE CLEVELAND OH
127 AM EDT MON OCT 16 2017


...................................

...THE AKRON CANTON OH CLIMATE SUMMARY FOR OCTOBER 15 2017...

CLIMATE NORMAL PERIOD 1981 TO 2010
CLIMATE RECORD PERIOD 1887 TO 2017


WEATHER ITEM   OBSERVED TIME   RECORD YEAR NORMAL DEPARTURE LAST
                VALUE   (LST)  VALUE       VALUE  FROM      YEAR
                                                  NORMAL
..................................................................
TEMPERATURE (F)
 YESTERDAY
  MAXIMUM         78   1234 PM  85    1897  61     17       74
  MINIMUM         52   1159 PM  29    1937  43      9       41
                                      1894
  AVERAGE         65                        52     13       58

PRECIPITATION (IN)
  YESTERDAY        0.38                      0.09   0.29     0.00
  MONTH TO DATE    2.67                      1.38   1.29     0.10
  SINCE SEP 1      4.69                      4.83  -0.14     6.64
  SINCE JAN 1     39.36                     32.03   7.33    30.24

SNOWFALL (IN)
  YESTERDAY        0.0                       0.1   -0.1      0.0
  MONTH TO DATE    0.0                       0.1   -0.1      0.0
  SINCE SEP 1      0.0                       0.1   -0.1      0.0
  SINCE JUL 1      0.0                       0.1   -0.1      0.0
  SNOW DEPTH       0

DEGREE DAYS
 HEATING
  YESTERDAY        0                        13    -13        7
  MONTH TO DATE   12                       165   -153      102
  SINCE SEP 1     81                       284   -203      132
  SINCE JUL 1     87                       304   -217      135

 COOLING
  YESTERDAY        0                         0      0        0
  MONTH TO DATE   35                         3     32        4
  SINCE SEP 1    184                        67    117      159
  SINCE JAN 1    926                       649    277     1113
..................................................................


WIND (MPH)
  HIGHEST WIND SPEED    30   HIGHEST WIND DIRECTION     W (280)
  HIGHEST GUST SPEED    40   HIGHEST GUST DIRECTION     W (290)
  AVERAGE WIND SPEED    17.3


SKY COVER
  POSSIBLE SUNSHINE  MM
  AVERAGE SKY COVER 0.7


WEATHER CONDITIONS
 THE FOLLOWING WEATHER WAS RECORDED YESTERDAY.
  HEAVY RAIN
  RAIN
  LIGHT RAIN


RELATIVE HUMIDITY (PERCENT)
 HIGHEST    84           300 PM
 LOWEST     55          1200 AM
 AVERAGE    70

..........................................................


THE AKRON CANTON OH CLIMATE NORMALS FOR TODAY
                         NORMAL    RECORD    YEAR
 MAXIMUM TEMPERATURE (F)   61        84      1897
 MINIMUM TEMPERATURE (F)   42        24      1937


SUNRISE AND SUNSET
OCTOBER 16 2017.......SUNRISE   738 AM EDT   SUNSET   643 PM EDT
OCTOBER 17 2017.......SUNRISE   740 AM EDT   SUNSET   642 PM EDT


-  INDICATES NEGATIVE NUMBERS.
R  INDICATES RECORD WAS SET OR TIED.
MM INDICATES DATA IS MISSING.
T  INDICATES TRACE AMOUNT.




$$
