000
CDUS41 KCLE 232121
CLICAK


CLIMATE REPORT
NATIONAL WEATHER SERVICE CLEVELAND OH
518 PM EDT TUE SEP 23 2014


...................................

...THE AKRON CANTON OH CLIMATE SUMMARY FOR SEPTEMBER 23 2014...
VALID TODAY AS OF 0500 PM LOCAL TIME.

CLIMATE NORMAL PERIOD 1981 TO 2010
CLIMATE RECORD PERIOD 1887 TO 2014


WEATHER ITEM   OBSERVED TIME   RECORD YEAR NORMAL DEPARTURE LAST
                VALUE   (LST)  VALUE       VALUE  FROM      YEAR
                                                  NORMAL
..................................................................
TEMPERATURE (F)
 TODAY
  MAXIMUM         70    343 PM  91    1936  70      0       59
  MINIMUM         43    620 AM  35    1995  51     -8       44
                                      1974
                                      1947
  AVERAGE         57                        60     -3       52

PRECIPITATION (IN)
  TODAY            0.00                      0.11  -0.11     0.00
  MONTH TO DATE    0.88                      2.69  -1.81     2.90
  SINCE SEP 1      0.88                      2.69  -1.81     2.90
  SINCE JAN 1     36.67                     29.89   6.78    29.97

SNOWFALL (IN)
  TODAY            0.0                       0.0    0.0      0.0
  MONTH TO DATE    0.0                       0.0    0.0      0.0
  SINCE SEP 1      0.0                       0.0    0.0      0.0
  SINCE JUL 1      0.0                       0.0    0.0      0.0
  SNOW DEPTH       0

DEGREE DAYS
 HEATING
  TODAY            8                         6      2       13
  MONTH TO DATE   78                        68     10       76
  SINCE SEP 1     78                        68     10       76
  SINCE JUL 1     94                        88      6       89

 COOLING
  TODAY            0                         1     -1        0
  MONTH TO DATE   75                        58     17       77
  SINCE SEP 1     75                        58     17       77
  SINCE JAN 1    711                       640     71      801
..................................................................


WIND (MPH)
  HIGHEST WIND SPEED     8   HIGHEST WIND DIRECTION    SW (230)
  HIGHEST GUST SPEED    10   HIGHEST GUST DIRECTION     S (160)


SKY COVER
  POSSIBLE SUNSHINE  MM
  AVERAGE SKY COVER 0.0


WEATHER CONDITIONS
 THE FOLLOWING WEATHER WAS RECORDED TODAY.
  NO SIGNIFICANT WEATHER WAS OBSERVED.


RELATIVE HUMIDITY (PERCENT)
 HIGHEST    83           200 AM
 LOWEST     36           300 PM
 AVERAGE    60

..........................................................


THE AKRON CANTON OH CLIMATE NORMALS FOR TOMORROW
                         NORMAL    RECORD    YEAR
 MAXIMUM TEMPERATURE (F)   70        92      1908
 MINIMUM TEMPERATURE (F)   50        34      1944


SUNRISE AND SUNSET
SEPTEMBER 23 2014.....SUNRISE   714 AM EDT   SUNSET   721 PM EDT
SEPTEMBER 24 2014.....SUNRISE   715 AM EDT   SUNSET   720 PM EDT


-  INDICATES NEGATIVE NUMBERS.
R  INDICATES RECORD WAS SET OR TIED.
MM INDICATES DATA IS MISSING.
T  INDICATES TRACE AMOUNT.




$$
