000
CDUS41 KCLE 100531
CLICAK


CLIMATE REPORT
NATIONAL WEATHER SERVICE CLEVELAND OH
1230 AM EST FRI FEB 10 2017


...................................

...THE AKRON CANTON OH CLIMATE SUMMARY FOR FEBRUARY 9 2017...

CLIMATE NORMAL PERIOD 1981 TO 2010
CLIMATE RECORD PERIOD 1887 TO 2017


WEATHER ITEM   OBSERVED TIME   RECORD YEAR NORMAL DEPARTURE LAST
                VALUE   (LST)  VALUE       VALUE  FROM      YEAR
                                                  NORMAL
..................................................................
TEMPERATURE (F)
 YESTERDAY
  MAXIMUM         27   1232 AM  65    1925  35     -8       32
  MINIMUM         17   1159 PM -15    1934  20     -3       24
                                      1899
  AVERAGE         22                        28     -6       28

PRECIPITATION (IN)
  YESTERDAY        0.08                      0.08   0.00     0.05
  MONTH TO DATE    1.12                      0.74   0.38     0.87
  SINCE DEC 1     10.26                      6.19   4.07     5.78
  SINCE JAN 1      7.26                      3.35   3.91     2.08

SNOWFALL (IN)
  YESTERDAY        1.2                       0.4    0.8      0.6
  MONTH TO DATE    2.7                       3.4   -0.7      2.1
  SINCE DEC 1     17.6                      26.0   -8.4      8.4
  SINCE JUL 1     19.7                      29.4   -9.7      8.4
  SNOW DEPTH       2

DEGREE DAYS
 HEATING
  YESTERDAY       43                        37      6       37
  MONTH TO DATE  288                       340    -52      256
  SINCE DEC 1   2314                      2617   -303     2076
  SINCE JUL 1   3192                      3876   -684     2956

 COOLING
  YESTERDAY        0                         0      0        0
  MONTH TO DATE    0                         0      0        0
  SINCE DEC 1      0                         0      0        0
  SINCE JAN 1      0                         0      0        0
..................................................................


WIND (MPH)
  HIGHEST WIND SPEED    26   HIGHEST WIND DIRECTION    NW (300)
  HIGHEST GUST SPEED    34   HIGHEST GUST DIRECTION    NW (310)
  AVERAGE WIND SPEED    15.0


SKY COVER
  POSSIBLE SUNSHINE  MM
  AVERAGE SKY COVER 0.9


WEATHER CONDITIONS
 THE FOLLOWING WEATHER WAS RECORDED YESTERDAY.
  HEAVY SNOW
  SNOW
  LIGHT SNOW
  BLOWING SNOW


RELATIVE HUMIDITY (PERCENT)
 HIGHEST    81          1200 AM
 LOWEST     56           600 PM
 AVERAGE    69

..........................................................


THE AKRON CANTON OH CLIMATE NORMALS FOR TODAY
                         NORMAL    RECORD    YEAR
 MAXIMUM TEMPERATURE (F)   36        63      1932
 MINIMUM TEMPERATURE (F)   20       -20      1899


SUNRISE AND SUNSET
FEBRUARY 10 2017......SUNRISE   726 AM EST   SUNSET   554 PM EST
FEBRUARY 11 2017......SUNRISE   725 AM EST   SUNSET   556 PM EST


-  INDICATES NEGATIVE NUMBERS.
R  INDICATES RECORD WAS SET OR TIED.
MM INDICATES DATA IS MISSING.
T  INDICATES TRACE AMOUNT.




$$
