000
CDUS41 KCLE 100539
CLICAK


CLIMATE REPORT
NATIONAL WEATHER SERVICE CLEVELAND OH
138 AM EDT WED SEP 10 2014


...................................

...THE AKRON CANTON OH CLIMATE SUMMARY FOR SEPTEMBER 9 2014...

CLIMATE NORMAL PERIOD 1981 TO 2010
CLIMATE RECORD PERIOD 1887 TO 2014


WEATHER ITEM   OBSERVED TIME   RECORD YEAR NORMAL DEPARTURE LAST
                VALUE   (LST)  VALUE       VALUE  FROM      YEAR
                                                  NORMAL
..................................................................
TEMPERATURE (F)
 YESTERDAY
  MAXIMUM         76    558 PM  92    1897  76      0       83
  MINIMUM         63    652 AM  42    1986  56      7       53
                                      1979
  AVERAGE         70                        66      4       68

PRECIPITATION (IN)
  YESTERDAY        0.00                      0.12  -0.12     0.02
  MONTH TO DATE    0.30                      1.06  -0.76     0.65
  SINCE SEP 1      0.30                      1.06  -0.76     0.65
  SINCE JAN 1     36.09                     28.26   7.83    27.72

SNOWFALL (IN)
  YESTERDAY        0.0                       0.0    0.0      0.0
  MONTH TO DATE    0.0                       0.0    0.0      0.0
  SINCE SEP 1      0.0                       0.0    0.0      0.0
  SINCE JUL 1      0.0                       0.0    0.0      0.0
  SNOW DEPTH       0

DEGREE DAYS
 HEATING
  YESTERDAY        0                         2     -2        0
  MONTH TO DATE    2                        13    -11        9
  SINCE SEP 1      2                        13    -11        9
  SINCE JUL 1     18                        33    -15       22

 COOLING
  YESTERDAY        5                         3      2        3
  MONTH TO DATE   58                        32     26       28
  SINCE SEP 1     58                        32     26       28
  SINCE JAN 1    694                       614     80      752
..................................................................


WIND (MPH)
  HIGHEST WIND SPEED    16   HIGHEST WIND DIRECTION    SE (150)
  HIGHEST GUST SPEED    18   HIGHEST GUST DIRECTION     S (160)
  AVERAGE WIND SPEED     7.1


SKY COVER
  POSSIBLE SUNSHINE  MM
  AVERAGE SKY COVER 0.7


WEATHER CONDITIONS
 THE FOLLOWING WEATHER WAS RECORDED YESTERDAY.
  NO SIGNIFICANT WEATHER WAS OBSERVED.


RELATIVE HUMIDITY (PERCENT)
 HIGHEST    84           600 AM
 LOWEST     60           600 PM
 AVERAGE    72

..........................................................


THE AKRON CANTON OH CLIMATE NORMALS FOR TODAY
                         NORMAL    RECORD    YEAR
 MAXIMUM TEMPERATURE (F)   75        93      2013
                                             1983
                                             1964
 MINIMUM TEMPERATURE (F)   56        39      1914


SUNRISE AND SUNSET
SEPTEMBER 10 2014.....SUNRISE   701 AM EDT   SUNSET   743 PM EDT
SEPTEMBER 11 2014.....SUNRISE   702 AM EDT   SUNSET   742 PM EDT


-  INDICATES NEGATIVE NUMBERS.
R  INDICATES RECORD WAS SET OR TIED.
MM INDICATES DATA IS MISSING.
T  INDICATES TRACE AMOUNT.




$$
