000
CDUS41 KCLE 122114
CLICAK


CLIMATE REPORT
NATIONAL WEATHER SERVICE CLEVELAND OH
513 PM EDT MON SEP 12 2016


...................................

...THE AKRON CANTON OH CLIMATE SUMMARY FOR SEPTEMBER 12 2016...
VALID TODAY AS OF 0500 PM LOCAL TIME.

CLIMATE NORMAL PERIOD 1981 TO 2010
CLIMATE RECORD PERIOD 1887 TO 2016


WEATHER ITEM   OBSERVED TIME   RECORD YEAR NORMAL DEPARTURE LAST
                VALUE   (LST)  VALUE       VALUE  FROM      YEAR
                                                  NORMAL
..................................................................
TEMPERATURE (F)
 TODAY
  MAXIMUM         79    329 PM  94    1931  75      4       61
  MINIMUM         54    625 AM  38    1943  55     -1       55
  AVERAGE         67                        65      2       58

PRECIPITATION (IN)
  TODAY            0.00                      0.12  -0.12     1.55
  MONTH TO DATE    2.13                      1.42   0.71     2.18
  SINCE SEP 1      2.13                      1.42   0.71     2.18
  SINCE JAN 1     25.73                     28.62  -2.89    31.52

SNOWFALL (IN)
  TODAY            0.0                       0.0    0.0      0.0
  MONTH TO DATE    0.0                       0.0    0.0      0.0
  SINCE SEP 1      0.0                       0.0    0.0      0.0
  SINCE JUL 1      0.0                       0.0    0.0      0.0
  SNOW DEPTH       0

DEGREE DAYS
 HEATING
  TODAY            0                         3     -3        7
  MONTH TO DATE    0                        20    -20        7
  SINCE SEP 1      0                        20    -20        7
  SINCE JUL 1      3                        40    -37       16

 COOLING
  TODAY            2                         2      0        0
  MONTH TO DATE   87                        40     47      125
  SINCE SEP 1     87                        40     47      125
  SINCE JAN 1   1041                       622    419      909
..................................................................


WIND (MPH)
  HIGHEST WIND SPEED    12   HIGHEST WIND DIRECTION     S (180)
  HIGHEST GUST SPEED    16   HIGHEST GUST DIRECTION     S (180)


SKY COVER
  POSSIBLE SUNSHINE  MM
  AVERAGE SKY COVER 0.1


WEATHER CONDITIONS
 THE FOLLOWING WEATHER WAS RECORDED TODAY.
  NO SIGNIFICANT WEATHER WAS OBSERVED.


RELATIVE HUMIDITY (PERCENT)
 HIGHEST    83           200 AM
 LOWEST     39           400 PM
 AVERAGE    61

..........................................................


THE AKRON CANTON OH CLIMATE NORMALS FOR TOMORROW
                         NORMAL    RECORD    YEAR
 MAXIMUM TEMPERATURE (F)   74        93      1897
 MINIMUM TEMPERATURE (F)   54        37      1975


SUNRISE AND SUNSET
SEPTEMBER 12 2016.....SUNRISE   704 AM EDT   SUNSET   739 PM EDT
SEPTEMBER 13 2016.....SUNRISE   705 AM EDT   SUNSET   737 PM EDT


-  INDICATES NEGATIVE NUMBERS.
R  INDICATES RECORD WAS SET OR TIED.
MM INDICATES DATA IS MISSING.
T  INDICATES TRACE AMOUNT.




$$
