000
CDUS41 KCLE 100551
CLICAK


CLIMATE REPORT
NATIONAL WEATHER SERVICE CLEVELAND OH
149 AM EDT SUN JUL 10 2016


...................................

...THE AKRON CANTON OH CLIMATE SUMMARY FOR JULY 9 2016...

CLIMATE NORMAL PERIOD 1981 TO 2010
CLIMATE RECORD PERIOD 1887 TO 2016


WEATHER ITEM   OBSERVED TIME   RECORD YEAR NORMAL DEPARTURE LAST
                VALUE   (LST)  VALUE       VALUE  FROM      YEAR
                                                  NORMAL
..................................................................
TEMPERATURE (F)
 YESTERDAY
  MAXIMUM         81    226 PM 101    1936  82     -1       78
  MINIMUM         63   1159 PM  43    1963  62      1       65
  AVERAGE         72                        72      0       72

PRECIPITATION (IN)
  YESTERDAY        T                         0.14  -0.14     0.36
  MONTH TO DATE    0.53                      1.18  -0.65     1.49
  SINCE JUN 1      4.04                      5.01  -0.97     9.80
  SINCE JAN 1     18.71                     20.74  -2.03    26.21

SNOWFALL (IN)
  YESTERDAY        0.0                       0.0    0.0      0.0
  MONTH TO DATE    0.0                       0.0    0.0      0.0
  SINCE JUN 1      0.0                       0.0    0.0      0.0
  SINCE JUL 1      0.0                       0.0    0.0      0.0
  SNOW DEPTH       0

DEGREE DAYS
 HEATING
  YESTERDAY        0                         0      0        0
  MONTH TO DATE    3                         0      3        0
  SINCE JUN 1     22                        49    -27       25
  SINCE JUL 1      3                         0      3        0

 COOLING
  YESTERDAY        7                         7      0        7
  MONTH TO DATE   64                        63      1       47
  SINCE JUN 1    258                       198     60      233
  SINCE JAN 1    319                       240     79      377
..................................................................


WIND (MPH)
  HIGHEST WIND SPEED    20   HIGHEST WIND DIRECTION    NW (320)
  HIGHEST GUST SPEED    26   HIGHEST GUST DIRECTION     N (340)
  AVERAGE WIND SPEED     9.7


SKY COVER
  POSSIBLE SUNSHINE  MM
  AVERAGE SKY COVER 0.4


WEATHER CONDITIONS
 THE FOLLOWING WEATHER WAS RECORDED YESTERDAY.
  THUNDERSTORM
  RAIN
  LIGHT RAIN
  FOG


RELATIVE HUMIDITY (PERCENT)
 HIGHEST    93           300 AM
 LOWEST     51           100 PM
 AVERAGE    72

..........................................................


THE AKRON CANTON OH CLIMATE NORMALS FOR TODAY
                         NORMAL    RECORD    YEAR
 MAXIMUM TEMPERATURE (F)   82        98      1936
 MINIMUM TEMPERATURE (F)   62        45      1963


SUNRISE AND SUNSET
JULY 10 2016..........SUNRISE   603 AM EDT   SUNSET   859 PM EDT
JULY 11 2016..........SUNRISE   604 AM EDT   SUNSET   858 PM EDT


-  INDICATES NEGATIVE NUMBERS.
R  INDICATES RECORD WAS SET OR TIED.
MM INDICATES DATA IS MISSING.
T  INDICATES TRACE AMOUNT.




$$
