563
CDUS41 KCLE 152115
CLICAK


CLIMATE REPORT
NATIONAL WEATHER SERVICE CLEVELAND OH
515 PM EDT FRI SEP 15 2017


...................................

...THE AKRON CANTON OH CLIMATE SUMMARY FOR SEPTEMBER 15 2017...
VALID TODAY AS OF 0500 PM LOCAL TIME.

CLIMATE NORMAL PERIOD 1981 TO 2010
CLIMATE RECORD PERIOD 1887 TO 2017


WEATHER ITEM   OBSERVED TIME   RECORD YEAR NORMAL DEPARTURE LAST
                VALUE   (LST)  VALUE       VALUE  FROM      YEAR
                                                  NORMAL
..................................................................
TEMPERATURE (F)
 TODAY
  MAXIMUM         78    351 PM  95    1939  74      4       74
  MINIMUM         56    620 AM  37    1923  54      2       53
                                      1902
  AVERAGE         67                        64      3       64

PRECIPITATION (IN)
  TODAY            0.00                      0.12  -0.12     0.00
  MONTH TO DATE    2.01                      1.78   0.23     2.41
  SINCE SEP 1      2.01                      1.78   0.23     2.41
  SINCE JAN 1     36.68                     28.98   7.70    26.01

SNOWFALL (IN)
  TODAY            0.0                       0.0    0.0      0.0
  MONTH TO DATE    0.0                       0.0    0.0      0.0
  SINCE SEP 1      0.0                       0.0    0.0      0.0
  SINCE JUL 1      0.0                       0.0    0.0      0.0
  SNOW DEPTH       0

DEGREE DAYS
 HEATING
  TODAY            0                         3     -3        1
  MONTH TO DATE   49                        29     20        1
  SINCE SEP 1     49                        29     20        1
  SINCE JUL 1     55                        49      6        4

 COOLING
  TODAY            2                         2      0        0
  MONTH TO DATE   18                        46    -28       92
  SINCE SEP 1     18                        46    -28       92
  SINCE JAN 1    760                       628    132     1046
..................................................................


WIND (MPH)
  HIGHEST WIND SPEED     8   HIGHEST WIND DIRECTION     S (180)
  HIGHEST GUST SPEED    13   HIGHEST GUST DIRECTION     S (190)


SKY COVER
  POSSIBLE SUNSHINE  MM
  AVERAGE SKY COVER 0.7


WEATHER CONDITIONS
 THE FOLLOWING WEATHER WAS RECORDED TODAY.
  FOG
  FOG W/VISIBILITY <= 1/4 MILE
  HAZE


RELATIVE HUMIDITY (PERCENT)
 HIGHEST    93           200 AM
 LOWEST     48           400 PM
 AVERAGE    71

..........................................................


THE AKRON CANTON OH CLIMATE NORMALS FOR TOMORROW
                         NORMAL    RECORD    YEAR
 MAXIMUM TEMPERATURE (F)   73        95      1939
                                             1897
 MINIMUM TEMPERATURE (F)   53        37      1923


SUNRISE AND SUNSET
SEPTEMBER 15 2017.....SUNRISE   707 AM EDT   SUNSET   734 PM EDT
SEPTEMBER 16 2017.....SUNRISE   707 AM EDT   SUNSET   733 PM EDT


-  INDICATES NEGATIVE NUMBERS.
R  INDICATES RECORD WAS SET OR TIED.
MM INDICATES DATA IS MISSING.
T  INDICATES TRACE AMOUNT.




$$
