000
CDUS41 KCLE 220546
CLICAK


CLIMATE REPORT
NATIONAL WEATHER SERVICE CLEVELAND OH
145 AM EDT SUN MAR 22 2015


...................................

...THE AKRON CANTON OH CLIMATE SUMMARY FOR MARCH 21 2015...

CLIMATE NORMAL PERIOD 1981 TO 2010
CLIMATE RECORD PERIOD 1887 TO 2015


WEATHER ITEM   OBSERVED TIME   RECORD YEAR NORMAL DEPARTURE LAST
                VALUE   (LST)  VALUE       VALUE  FROM      YEAR
                                                  NORMAL
..................................................................
TEMPERATURE (F)
 YESTERDAY
  MAXIMUM         54   1155 AM  80    2012  49      5       46
  MINIMUM         35   1159 PM   8    1986  30      5       23
  AVERAGE         45                        39      6       35

PRECIPITATION (IN)
  YESTERDAY        0.00                      0.10  -0.10     0.14
  MONTH TO DATE    1.94                      1.92   0.02     1.27
  SINCE MAR 1      1.94                      1.92   0.02     1.27
  SINCE JAN 1      7.42                      6.84   0.58     4.78

SNOWFALL (IN)
  YESTERDAY        0.0                       0.3   -0.3      1.4
  MONTH TO DATE    6.6                       6.3    0.3      6.6
  SINCE MAR 1      6.6                       6.3    0.3      6.6
  SINCE JUL 1     59.5                      42.8   16.7     65.9
  SNOW DEPTH       0

DEGREE DAYS
 HEATING
  YESTERDAY       20                        26     -6       30
  MONTH TO DATE  630                       615     15      710
  SINCE MAR 1    630                       615     15      710
  SINCE JUL 1   5473                      5159    314     5533

 COOLING
  YESTERDAY        0                         0      0        0
  MONTH TO DATE    0                         0      0        0
  SINCE MAR 1      0                         0      0        0
  SINCE JAN 1      0                         0      0        0
..................................................................


WIND (MPH)
  HIGHEST WIND SPEED    23   HIGHEST WIND DIRECTION     W (290)
  HIGHEST GUST SPEED    29   HIGHEST GUST DIRECTION    NW (310)
  AVERAGE WIND SPEED    11.3


SKY COVER
  POSSIBLE SUNSHINE  MM
  AVERAGE SKY COVER 0.8


WEATHER CONDITIONS
 THE FOLLOWING WEATHER WAS RECORDED YESTERDAY.
  FOG
  HAZE


RELATIVE HUMIDITY (PERCENT)
 HIGHEST    92          1100 PM
 LOWEST     59          1200 PM
 AVERAGE    76

..........................................................


THE AKRON CANTON OH CLIMATE NORMALS FOR TODAY
                         NORMAL    RECORD    YEAR
 MAXIMUM TEMPERATURE (F)   49        83      2012
 MINIMUM TEMPERATURE (F)   30        10      1906
                                             1888


SUNRISE AND SUNSET
MARCH 22 2015.........SUNRISE   726 AM EDT   SUNSET   740 PM EDT
MARCH 23 2015.........SUNRISE   725 AM EDT   SUNSET   741 PM EDT


-  INDICATES NEGATIVE NUMBERS.
R  INDICATES RECORD WAS SET OR TIED.
MM INDICATES DATA IS MISSING.
T  INDICATES TRACE AMOUNT.




$$
