000
CDUS41 KCLE 082111
CLICAK


CLIMATE REPORT
NATIONAL WEATHER SERVICE CLEVELAND OH
510 PM EDT THU JUN 8 2017


...................................

...THE AKRON CANTON OH CLIMATE SUMMARY FOR JUNE 8 2017...
VALID TODAY AS OF 0500 PM LOCAL TIME.

CLIMATE NORMAL PERIOD 1981 TO 2010
CLIMATE RECORD PERIOD 1887 TO 2017


WEATHER ITEM   OBSERVED TIME   RECORD YEAR NORMAL DEPARTURE LAST
                VALUE   (LST)  VALUE       VALUE  FROM      YEAR
                                                  NORMAL
..................................................................
TEMPERATURE (F)
 TODAY
  MAXIMUM         70    236 PM  99    1933  76     -6       67
  MINIMUM         49    449 AM  36    1912  56     -7       49
  AVERAGE         60                        66     -6       58

PRECIPITATION (IN)
  TODAY            0.00                      0.13  -0.13      T
  MONTH TO DATE    0.53                      1.04  -0.51     0.74
  SINCE JUN 1      0.53                      1.04  -0.51     0.74
  SINCE JAN 1     26.65                     16.77   9.88    15.41

SNOWFALL (IN)
  TODAY            0.0                       0.0    0.0      0.0
  MONTH TO DATE    0.0                       0.0    0.0      0.0
  SINCE JUN 1      0.0                       0.0    0.0      0.0
  SINCE JUL 1     37.2                      47.5  -10.3     30.2
  SNOW DEPTH       0

DEGREE DAYS
 HEATING
  TODAY            5                         2      3        7
  MONTH TO DATE   19                        25     -6        9
  SINCE JUN 1     19                        25     -6        9
  SINCE JUL 1   4892                      6126  -1234     4990

 COOLING
  TODAY            0                         3     -3        0
  MONTH TO DATE   13                        23    -10       42
  SINCE JUN 1     13                        23    -10       42
  SINCE JAN 1     77                        65     12      103
..................................................................


WIND (MPH)
  HIGHEST WIND SPEED    14   HIGHEST WIND DIRECTION     E (100)
  HIGHEST GUST SPEED    19   HIGHEST GUST DIRECTION     E (110)


SKY COVER
  POSSIBLE SUNSHINE  MM
  AVERAGE SKY COVER 0.5


WEATHER CONDITIONS
 THE FOLLOWING WEATHER WAS RECORDED TODAY.
  FOG


RELATIVE HUMIDITY (PERCENT)
 HIGHEST    89          1200 AM
 LOWEST     45           100 PM
 AVERAGE    67

..........................................................


THE AKRON CANTON OH CLIMATE NORMALS FOR TOMORROW
                         NORMAL    RECORD    YEAR
 MAXIMUM TEMPERATURE (F)   76        93      1914
 MINIMUM TEMPERATURE (F)   56        39      1913


SUNRISE AND SUNSET
JUNE  8 2017..........SUNRISE   554 AM EDT   SUNSET   856 PM EDT
JUNE  9 2017..........SUNRISE   554 AM EDT   SUNSET   857 PM EDT


-  INDICATES NEGATIVE NUMBERS.
R  INDICATES RECORD WAS SET OR TIED.
MM INDICATES DATA IS MISSING.
T  INDICATES TRACE AMOUNT.




$$
