000
CDUS41 KCLE 280525
CLICAK


CLIMATE REPORT
NATIONAL WEATHER SERVICE CLEVELAND OH
1225 AM EST TUE NOV 28 2017


...................................

...THE AKRON CANTON OH CLIMATE SUMMARY FOR NOVEMBER 27 2017...

CLIMATE NORMAL PERIOD 1981 TO 2010
CLIMATE RECORD PERIOD 1887 TO 2017


WEATHER ITEM   OBSERVED TIME   RECORD YEAR NORMAL DEPARTURE LAST
                VALUE   (LST)  VALUE       VALUE  FROM      YEAR
                                                  NORMAL
..................................................................
TEMPERATURE (F)
 YESTERDAY
  MAXIMUM         53    316 PM  71    1990  44      9       47
  MINIMUM         31    806 AM   7    1930  30      1       36
  AVERAGE         42                        37      5       42

PRECIPITATION (IN)
  YESTERDAY        0.00                      0.11  -0.11     0.00
  MONTH TO DATE    6.21                      2.98   3.23     1.39
  SINCE SEP 1     11.78                      9.26   2.52    11.69
  SINCE JAN 1     46.45                     36.46   9.99    35.29

SNOWFALL (IN)
  YESTERDAY        0.0                       0.2   -0.2      0.0
  MONTH TO DATE    0.1                       2.5   -2.4      2.1
  SINCE SEP 1      0.1                       2.9   -2.8      2.1
  SINCE JUL 1      0.1                       2.9   -2.8      2.1
  SNOW DEPTH       0

DEGREE DAYS
 HEATING
  YESTERDAY       23                        28     -5       23
  MONTH TO DATE  621                       618      3      520
  SINCE SEP 1    926                      1153   -227      827
  SINCE JUL 1    932                      1173   -241      830

 COOLING
  YESTERDAY        0                         0      0        0
  MONTH TO DATE    0                         0      0        3
  SINCE SEP 1    184                        70    114      179
  SINCE JAN 1    926                       652    274     1133
..................................................................


WIND (MPH)
  HIGHEST WIND SPEED    10   HIGHEST WIND DIRECTION     S (190)
  HIGHEST GUST SPEED    14   HIGHEST GUST DIRECTION    SW (240)
  AVERAGE WIND SPEED     6.8


SKY COVER
  POSSIBLE SUNSHINE  MM
  AVERAGE SKY COVER 0.4


WEATHER CONDITIONS
 THE FOLLOWING WEATHER WAS RECORDED YESTERDAY.
  NO SIGNIFICANT WEATHER WAS OBSERVED.


RELATIVE HUMIDITY (PERCENT)
 HIGHEST    78           800 AM
 LOWEST     46           300 PM
 AVERAGE    62

..........................................................


THE AKRON CANTON OH CLIMATE NORMALS FOR TODAY
                         NORMAL    RECORD    YEAR
 MAXIMUM TEMPERATURE (F)   44        68      1990
 MINIMUM TEMPERATURE (F)   30         5      1930


SUNRISE AND SUNSET
NOVEMBER 28 2017......SUNRISE   728 AM EST   SUNSET   459 PM EST
NOVEMBER 29 2017......SUNRISE   729 AM EST   SUNSET   459 PM EST


-  INDICATES NEGATIVE NUMBERS.
R  INDICATES RECORD WAS SET OR TIED.
MM INDICATES DATA IS MISSING.
T  INDICATES TRACE AMOUNT.




$$
