000
CDUS41 KCLE 120527
CLICAK


CLIMATE REPORT
NATIONAL WEATHER SERVICE CLEVELAND OH
1227 AM EST FRI DEC 12 2014


...................................

...THE AKRON CANTON OH CLIMATE SUMMARY FOR DECEMBER 11 2014...

CLIMATE NORMAL PERIOD 1981 TO 2010
CLIMATE RECORD PERIOD 1887 TO 2014


WEATHER ITEM   OBSERVED TIME   RECORD YEAR NORMAL DEPARTURE LAST
                VALUE   (LST)  VALUE       VALUE  FROM      YEAR
                                                  NORMAL
..................................................................
TEMPERATURE (F)
 YESTERDAY
  MAXIMUM         34    424 PM  62    2007  38     -4       24
                                      1979
  MINIMUM         24   1006 AM  -5    1917  25     -1       17
  AVERAGE         29                        32     -3       21

PRECIPITATION (IN)
  YESTERDAY        T                         0.10  -0.10     0.01
  MONTH TO DATE    1.17                      1.09   0.08     0.47
  SINCE DEC 1      1.17                      1.09   0.08     0.47
  SINCE JAN 1     44.55                     37.87   6.68    39.17

SNOWFALL (IN)
  YESTERDAY        T                         0.3   -0.3      0.2
  MONTH TO DATE    0.4                       3.1   -2.7      3.6
  SINCE DEC 1      0.4                       3.1   -2.7      3.6
  SINCE JUL 1      8.4                       6.5    1.9     14.3
  SNOW DEPTH       0

DEGREE DAYS
 HEATING
  YESTERDAY       36                        33      3       44
  MONTH TO DATE  339                       347     -8      353
  SINCE DEC 1    339                       347     -8      353
  SINCE JUL 1   1622                      1606     16     1603

 COOLING
  YESTERDAY        0                         0      0        0
  MONTH TO DATE    0                         0      0        0
  SINCE DEC 1      0                         0      0        0
  SINCE JAN 1    719                       652     67      829
..................................................................


WIND (MPH)
  HIGHEST WIND SPEED    20   HIGHEST WIND DIRECTION     W (280)
  HIGHEST GUST SPEED    25   HIGHEST GUST DIRECTION     W (280)
  AVERAGE WIND SPEED    13.5


SKY COVER
  POSSIBLE SUNSHINE  MM
  AVERAGE SKY COVER 0.9


WEATHER CONDITIONS
 THE FOLLOWING WEATHER WAS RECORDED YESTERDAY.
  LIGHT SNOW
  HAZE


RELATIVE HUMIDITY (PERCENT)
 HIGHEST    81          1200 AM
 LOWEST     41           300 PM
 AVERAGE    61

..........................................................


THE AKRON CANTON OH CLIMATE NORMALS FOR TODAY
                         NORMAL    RECORD    YEAR
 MAXIMUM TEMPERATURE (F)   38        62      1899
 MINIMUM TEMPERATURE (F)   25        -5      1962


SUNRISE AND SUNSET
DECEMBER 12 2014......SUNRISE   741 AM EST   SUNSET   458 PM EST
DECEMBER 13 2014......SUNRISE   742 AM EST   SUNSET   458 PM EST


-  INDICATES NEGATIVE NUMBERS.
R  INDICATES RECORD WAS SET OR TIED.
MM INDICATES DATA IS MISSING.
T  INDICATES TRACE AMOUNT.




$$
