000
CDUS41 KCLE 200535
CLICAK


CLIMATE REPORT
NATIONAL WEATHER SERVICE CLEVELAND OH
134 AM EDT SUN JUL 20 2014


...................................

...THE AKRON CANTON OH CLIMATE SUMMARY FOR JULY 19 2014...

CLIMATE NORMAL PERIOD 1981 TO 2010
CLIMATE RECORD PERIOD 1887 TO 2014


WEATHER ITEM   OBSERVED TIME   RECORD YEAR NORMAL DEPARTURE LAST
                VALUE   (LST)  VALUE       VALUE  FROM      YEAR
                                                  NORMAL
..................................................................
TEMPERATURE (F)
 YESTERDAY
  MAXIMUM         70    306 PM  98    1930  82    -12       91
  MINIMUM         63    707 AM  49    1924  62      1       75
                                      1909
  AVERAGE         67                        72     -5       83

PRECIPITATION (IN)
  YESTERDAY        0.72                      0.13   0.59     0.00
  MONTH TO DATE    2.73                      2.52   0.21     5.27
  SINCE JUN 1     12.01                      6.35   5.66    11.18
  SINCE JAN 1     28.64                     22.08   6.56    23.44

SNOWFALL (IN)
  YESTERDAY        0.0                       0.0    0.0      0.0
  MONTH TO DATE    0.0                       0.0    0.0      0.0
  SINCE JUN 1      0.0                       0.0    0.0      0.0
  SINCE JUL 1      0.0                       0.0    0.0      0.0
  SNOW DEPTH       0

DEGREE DAYS
 HEATING
  YESTERDAY        0                         0      0        0
  MONTH TO DATE    2                         0      2        0
  SINCE JUN 1     17                        49    -32       27
  SINCE JUL 1      2                         0      2        0

 COOLING
  YESTERDAY        2                         7     -5       18
  MONTH TO DATE  123                       133    -10      224
  SINCE JUN 1    306                       268     38      385
  SINCE JAN 1    382                       310     72      491
..................................................................


WIND (MPH)
  HIGHEST WIND SPEED    15   HIGHEST WIND DIRECTION     S (190)
  HIGHEST GUST SPEED    20   HIGHEST GUST DIRECTION     S (190)
  AVERAGE WIND SPEED     7.8


SKY COVER
  POSSIBLE SUNSHINE  MM
  AVERAGE SKY COVER 1.0


WEATHER CONDITIONS
 THE FOLLOWING WEATHER WAS RECORDED YESTERDAY.
  RAIN
  LIGHT RAIN
  FOG
  HAZE


RELATIVE HUMIDITY (PERCENT)
 HIGHEST    93           200 AM
 LOWEST     81          1200 AM
 AVERAGE    87

..........................................................


THE AKRON CANTON OH CLIMATE NORMALS FOR TODAY
                         NORMAL    RECORD    YEAR
 MAXIMUM TEMPERATURE (F)   82       100      1980
                                             1930
 MINIMUM TEMPERATURE (F)   62        45      1965


SUNRISE AND SUNSET
JULY 20 2014..........SUNRISE   611 AM EDT   SUNSET   853 PM EDT
JULY 21 2014..........SUNRISE   612 AM EDT   SUNSET   852 PM EDT


-  INDICATES NEGATIVE NUMBERS.
R  INDICATES RECORD WAS SET OR TIED.
MM INDICATES DATA IS MISSING.
T  INDICATES TRACE AMOUNT.




$$
