000
CDUS41 KCLE 010529
CLICAK


CLIMATE REPORT
NATIONAL WEATHER SERVICE CLEVELAND OH
1228 AM EST THU FEB 1 2018


...................................

...THE AKRON CANTON OH CLIMATE SUMMARY FOR JANUARY 31 2018...

CLIMATE NORMAL PERIOD 1981 TO 2010
CLIMATE RECORD PERIOD 1887 TO 2018


WEATHER ITEM   OBSERVED TIME   RECORD YEAR NORMAL DEPARTURE LAST
                VALUE   (LST)  VALUE       VALUE  FROM      YEAR
                                                  NORMAL
..................................................................
TEMPERATURE (F)
 YESTERDAY
  MAXIMUM         42    431 PM  62    2002  34      8       38
  MINIMUM         12    157 AM  -5    1948  19     -7       24
  AVERAGE         27                        27      0       31

PRECIPITATION (IN)
  YESTERDAY        T                         0.08  -0.08     0.19
  MONTH TO DATE    2.19                      2.61  -0.42     6.14
  SINCE DEC 1      4.09                      5.45  -1.36     9.14
  SINCE JAN 1      2.19                      2.61  -0.42     6.14

SNOWFALL (IN)
  YESTERDAY        T                         0.4   -0.4      0.9
  MONTH TO DATE   12.2                      12.4   -0.2      7.4
  SINCE DEC 1     26.2                      22.6    3.6     14.9
  SINCE JUL 1     26.3                      26.0    0.3     17.0
  SNOW DEPTH       1

DEGREE DAYS
 HEATING
  YESTERDAY       38                        38      0       34
  MONTH TO DATE 1227                      1206     21      960
  SINCE DEC 1   2355                      2277     78     2026
  SINCE JUL 1   3345                      3536   -191     2904

 COOLING
  YESTERDAY        0                         0      0        0
  MONTH TO DATE    0                         0      0        0
  SINCE DEC 1      0                         0      0        0
  SINCE JAN 1      0                         0      0        0
..................................................................


WIND (MPH)
  HIGHEST WIND SPEED    30   HIGHEST WIND DIRECTION     S (190)
  HIGHEST GUST SPEED    37   HIGHEST GUST DIRECTION     S (190)
  AVERAGE WIND SPEED    14.9


SKY COVER
  POSSIBLE SUNSHINE  MM
  AVERAGE SKY COVER 0.8


WEATHER CONDITIONS
 THE FOLLOWING WEATHER WAS RECORDED YESTERDAY.
  LIGHT SNOW


RELATIVE HUMIDITY (PERCENT)
 HIGHEST    76          1200 AM
 LOWEST     40           300 PM
 AVERAGE    58

..........................................................


THE AKRON CANTON OH CLIMATE NORMALS FOR TODAY
                         NORMAL    RECORD    YEAR
 MAXIMUM TEMPERATURE (F)   34        61      1989
 MINIMUM TEMPERATURE (F)   19        -5      1971


SUNRISE AND SUNSET
FEBRUARY  1 2018......SUNRISE   736 AM EST   SUNSET   543 PM EST
FEBRUARY  2 2018......SUNRISE   735 AM EST   SUNSET   544 PM EST


-  INDICATES NEGATIVE NUMBERS.
R  INDICATES RECORD WAS SET OR TIED.
MM INDICATES DATA IS MISSING.
T  INDICATES TRACE AMOUNT.




$$
