000
CDUS41 KCLE 150545
CLICAK


CLIMATE REPORT
NATIONAL WEATHER SERVICE CLEVELAND OH
145 AM EDT MON MAY 15 2017


...................................

...THE AKRON CANTON OH CLIMATE SUMMARY FOR MAY 14 2017...

CLIMATE NORMAL PERIOD 1981 TO 2010
CLIMATE RECORD PERIOD 1887 TO 2017


WEATHER ITEM   OBSERVED TIME   RECORD YEAR NORMAL DEPARTURE LAST
                VALUE   (LST)  VALUE       VALUE  FROM      YEAR
                                                  NORMAL
..................................................................
TEMPERATURE (F)
 YESTERDAY
  MAXIMUM         70   1208 PM  90    1991  69      1       54
                                      1962
  MINIMUM         47   1159 PM  31    1996  48     -1       40
  AVERAGE         59                        58      1       47

PRECIPITATION (IN)
  YESTERDAY        0.00                      0.14  -0.14     0.34
  MONTH TO DATE    3.23                      1.85   1.38     1.33
  SINCE MAR 1     13.34                      8.38   4.96     9.41
  SINCE JAN 1     21.85                     13.30   8.55    14.00

SNOWFALL (IN)
  YESTERDAY        0.0                       0.0    0.0      0.0
  MONTH TO DATE    0.0                       0.1   -0.1      0.0
  SINCE MAR 1     16.0                      11.0    5.0      7.5
  SINCE JUL 1     37.2                      47.5  -10.3     30.2
  SNOW DEPTH       0

DEGREE DAYS
 HEATING
  YESTERDAY        6                         8     -2       18
  MONTH TO DATE  162                       129     33      125
  SINCE MAR 1   1240                      1461   -221     1238
  SINCE JUL 1   4840                      6005  -1165     4885

 COOLING
  YESTERDAY        0                         1     -1        0
  MONTH TO DATE    0                         8     -8        1
  SINCE MAR 1     22                        14      8        1
  SINCE JAN 1     24                        14     10        1
..................................................................


WIND (MPH)
  HIGHEST WIND SPEED    21   HIGHEST WIND DIRECTION     N (340)
  HIGHEST GUST SPEED    26   HIGHEST GUST DIRECTION    NW (330)
  AVERAGE WIND SPEED     9.4


SKY COVER
  POSSIBLE SUNSHINE  MM
  AVERAGE SKY COVER 0.5


WEATHER CONDITIONS
 THE FOLLOWING WEATHER WAS RECORDED YESTERDAY.
  NO SIGNIFICANT WEATHER WAS OBSERVED.


RELATIVE HUMIDITY (PERCENT)
 HIGHEST    83          1200 AM
 LOWEST     43           600 PM
 AVERAGE    63

..........................................................


THE AKRON CANTON OH CLIMATE NORMALS FOR TODAY
                         NORMAL    RECORD    YEAR
 MAXIMUM TEMPERATURE (F)   69        91      1991
 MINIMUM TEMPERATURE (F)   48        30      1910


SUNRISE AND SUNSET
MAY 15 2017...........SUNRISE   608 AM EDT   SUNSET   837 PM EDT
MAY 16 2017...........SUNRISE   607 AM EDT   SUNSET   838 PM EDT


-  INDICATES NEGATIVE NUMBERS.
R  INDICATES RECORD WAS SET OR TIED.
MM INDICATES DATA IS MISSING.
T  INDICATES TRACE AMOUNT.




$$
