391
CDUS41 KCLE 110534
CLICAK


CLIMATE REPORT
NATIONAL WEATHER SERVICE CLEVELAND OH
1234 AM EST WED JAN 11 2017


...................................

...THE AKRON CANTON OH CLIMATE SUMMARY FOR JANUARY 10 2017...

CLIMATE NORMAL PERIOD 1981 TO 2010
CLIMATE RECORD PERIOD 1887 TO 2017


WEATHER ITEM   OBSERVED TIME   RECORD YEAR NORMAL DEPARTURE LAST
                VALUE   (LST)  VALUE       VALUE  FROM      YEAR
                                                  NORMAL
..................................................................
TEMPERATURE (F)
 YESTERDAY
  MAXIMUM         49   1159 PM  58    1975  33     16       48
  MINIMUM         27    433 AM -10    1982  19      8       19
  AVERAGE         38                        26     12       34

PRECIPITATION (IN)
  YESTERDAY        0.24                      0.09   0.15     0.46
  MONTH TO DATE    1.49                      0.87   0.62     0.79
  SINCE DEC 1      4.49                      3.71   0.78     4.49
  SINCE JAN 1      1.49                      0.87   0.62     0.79

SNOWFALL (IN)
  YESTERDAY        0.6                       0.4    0.2      0.6
  MONTH TO DATE    3.8                       3.9   -0.1      1.4
  SINCE DEC 1     11.3                      14.1   -2.8      1.6
  SINCE JUL 1     13.4                      17.5   -4.1      1.6
  SNOW DEPTH       2

DEGREE DAYS
 HEATING
  YESTERDAY       27                        39    -12       31
  MONTH TO DATE  402                       388     14      344
  SINCE DEC 1   1468                      1459      9      996
  SINCE JUL 1   2346                      2718   -372     1876

 COOLING
  YESTERDAY        0                         0      0        0
  MONTH TO DATE    0                         0      0        0
  SINCE DEC 1      0                         0      0        0
  SINCE JAN 1      0                         0      0        0
..................................................................


WIND (MPH)
  HIGHEST WIND SPEED    36   HIGHEST WIND DIRECTION     W (270)
  HIGHEST GUST SPEED    50   HIGHEST GUST DIRECTION     W (280)
  AVERAGE WIND SPEED    21.8


SKY COVER
  POSSIBLE SUNSHINE  MM
  AVERAGE SKY COVER 1.0


WEATHER CONDITIONS
 THE FOLLOWING WEATHER WAS RECORDED YESTERDAY.
  RAIN
  LIGHT RAIN
  LT FREEZING RAIN
  SNOW
  LIGHT SNOW
  SLEET
  FOG
  HAZE


RELATIVE HUMIDITY (PERCENT)
 HIGHEST    85           300 PM
 LOWEST     47           200 AM
 AVERAGE    66

..........................................................


THE AKRON CANTON OH CLIMATE NORMALS FOR TODAY
                         NORMAL    RECORD    YEAR
 MAXIMUM TEMPERATURE (F)   33        63      1890
 MINIMUM TEMPERATURE (F)   19        -9      1982
                                             1979


SUNRISE AND SUNSET
JANUARY 11 2017.......SUNRISE   749 AM EST   SUNSET   518 PM EST
JANUARY 12 2017.......SUNRISE   749 AM EST   SUNSET   519 PM EST


-  INDICATES NEGATIVE NUMBERS.
R  INDICATES RECORD WAS SET OR TIED.
MM INDICATES DATA IS MISSING.
T  INDICATES TRACE AMOUNT.




$$
