000
CDUS41 KCLE 192211
CLICAK


CLIMATE REPORT
NATIONAL WEATHER SERVICE CLEVELAND OH
511 PM EST SAT NOV 19 2016


...................................

...THE AKRON CANTON OH CLIMATE SUMMARY FOR NOVEMBER 19 2016...
VALID TODAY AS OF 0500 PM LOCAL TIME.

CLIMATE NORMAL PERIOD 1981 TO 2010
CLIMATE RECORD PERIOD 1887 TO 2016


WEATHER ITEM   OBSERVED TIME   RECORD YEAR NORMAL DEPARTURE LAST
                VALUE   (LST)  VALUE       VALUE  FROM      YEAR
                                                  NORMAL
..................................................................
TEMPERATURE (F)
 TODAY
  MAXIMUM         61    444 AM  72    1985  48     13       63
  MINIMUM         34    949 AM   7    2014  33      1       39
  AVERAGE         48                        40      8       51

PRECIPITATION (IN)
  TODAY            0.35                      0.12   0.23     0.11
  MONTH TO DATE    1.01                      2.08  -1.07     1.07
  SINCE SEP 1     11.31                      8.36   2.95     7.50
  SINCE JAN 1     34.91                     35.56  -0.65    36.84

SNOWFALL (IN)
  TODAY            0.1                       0.1    0.0      0.0
  MONTH TO DATE    0.1                       1.4   -1.3       T
  SINCE SEP 1      0.1                       1.8   -1.7       T
  SINCE JUL 1      0.1                       1.8   -1.7       T
  SNOW DEPTH       0

DEGREE DAYS
 HEATING
  TODAY           17                        25     -8       14
  MONTH TO DATE  289                       406   -117      231
  SINCE SEP 1    596                       941   -345      600
  SINCE JUL 1    599                       961   -362      609

 COOLING
  TODAY            0                         0      0        0
  MONTH TO DATE    3                         0      3        5
  SINCE SEP 1    179                        70    109      174
  SINCE JAN 1   1133                       652    481      958
..................................................................


WIND (MPH)
  HIGHEST WIND SPEED    29   HIGHEST WIND DIRECTION     W (280)
  HIGHEST GUST SPEED    39   HIGHEST GUST DIRECTION    NW (300)


SKY COVER
  POSSIBLE SUNSHINE  MM
  AVERAGE SKY COVER 0.9


WEATHER CONDITIONS
 THE FOLLOWING WEATHER WAS RECORDED TODAY.
  HEAVY RAIN
  RAIN
  LIGHT RAIN
  SNOW
  LIGHT SNOW
  FOG


RELATIVE HUMIDITY (PERCENT)
 HIGHEST    86           800 AM
 LOWEST     46           300 AM
 AVERAGE    66

..........................................................


THE AKRON CANTON OH CLIMATE NORMALS FOR TOMORROW
                         NORMAL    RECORD    YEAR
 MAXIMUM TEMPERATURE (F)   47        74      1931
 MINIMUM TEMPERATURE (F)   33        13      1951


SUNRISE AND SUNSET
NOVEMBER 19 2016......SUNRISE   718 AM EST   SUNSET   504 PM EST
NOVEMBER 20 2016......SUNRISE   719 AM EST   SUNSET   503 PM EST


-  INDICATES NEGATIVE NUMBERS.
R  INDICATES RECORD WAS SET OR TIED.
MM INDICATES DATA IS MISSING.
T  INDICATES TRACE AMOUNT.




$$
