000
CDUS41 KCLE 262214
CLICAK


CLIMATE REPORT
NATIONAL WEATHER SERVICE CLEVELAND OH
514 PM EST SUN NOV 26 2017


...................................

...THE AKRON CANTON OH CLIMATE SUMMARY FOR NOVEMBER 26 2017...
VALID TODAY AS OF 0500 PM LOCAL TIME.

CLIMATE NORMAL PERIOD 1981 TO 2010
CLIMATE RECORD PERIOD 1887 TO 2017


WEATHER ITEM   OBSERVED TIME   RECORD YEAR NORMAL DEPARTURE LAST
                VALUE   (LST)  VALUE       VALUE  FROM      YEAR
                                                  NORMAL
..................................................................
TEMPERATURE (F)
 TODAY
  MAXIMUM         42    359 PM  70    1896  44     -2       43
  MINIMUM         32    808 AM   8    1950  31      1       36
  AVERAGE         37                        38     -1       40

PRECIPITATION (IN)
  TODAY            0.00                      0.11  -0.11     0.01
  MONTH TO DATE    6.21                      2.87   3.34     1.39
  SINCE SEP 1     11.78                      9.15   2.63    11.69
  SINCE JAN 1     46.45                     36.35  10.10    35.29

SNOWFALL (IN)
  TODAY            0.0                       0.1   -0.1      0.0
  MONTH TO DATE    0.1                       2.3   -2.2      2.1
  SINCE SEP 1      0.1                       2.7   -2.6      2.1
  SINCE JUL 1      0.1                       2.7   -2.6      2.1
  SNOW DEPTH       0

DEGREE DAYS
 HEATING
  TODAY           28                        28      0       25
  MONTH TO DATE  598                       590      8      497
  SINCE SEP 1    903                      1125   -222      804
  SINCE JUL 1    909                      1145   -236      807

 COOLING
  TODAY            0                         0      0        0
  MONTH TO DATE    0                         0      0        3
  SINCE SEP 1    184                        70    114      179
  SINCE JAN 1    926                       652    274     1133
..................................................................


WIND (MPH)
  HIGHEST WIND SPEED    16   HIGHEST WIND DIRECTION     W (260)
  HIGHEST GUST SPEED    22   HIGHEST GUST DIRECTION     W (280)


SKY COVER
  POSSIBLE SUNSHINE  MM
  AVERAGE SKY COVER 0.7


WEATHER CONDITIONS
 THE FOLLOWING WEATHER WAS RECORDED TODAY.
  NO SIGNIFICANT WEATHER WAS OBSERVED.


RELATIVE HUMIDITY (PERCENT)
 HIGHEST    70           400 AM
 LOWEST     45           300 PM
 AVERAGE    58

..........................................................


THE AKRON CANTON OH CLIMATE NORMALS FOR TOMORROW
                         NORMAL    RECORD    YEAR
 MAXIMUM TEMPERATURE (F)   44        71      1990
 MINIMUM TEMPERATURE (F)   30         7      1930


SUNRISE AND SUNSET
NOVEMBER 26 2017......SUNRISE   726 AM EST   SUNSET   500 PM EST
NOVEMBER 27 2017......SUNRISE   727 AM EST   SUNSET   500 PM EST


-  INDICATES NEGATIVE NUMBERS.
R  INDICATES RECORD WAS SET OR TIED.
MM INDICATES DATA IS MISSING.
T  INDICATES TRACE AMOUNT.




$$
