000
CDUS41 KCLE 080527
CLICAK


CLIMATE REPORT
NATIONAL WEATHER SERVICE CLEVELAND OH
126 AM EDT FRI JUL 8 2016


...................................

...THE AKRON CANTON OH CLIMATE SUMMARY FOR JULY 7 2016...

CLIMATE NORMAL PERIOD 1981 TO 2010
CLIMATE RECORD PERIOD 1887 TO 2016


WEATHER ITEM   OBSERVED TIME   RECORD YEAR NORMAL DEPARTURE LAST
                VALUE   (LST)  VALUE       VALUE  FROM      YEAR
                                                  NORMAL
..................................................................
TEMPERATURE (F)
 YESTERDAY
  MAXIMUM         90    334 PM 101    2012  82      8       86
  MINIMUM         67    413 AM  47    1990  62      5       64
  AVERAGE         79                        72      7       75

PRECIPITATION (IN)
  YESTERDAY        T                         0.13  -0.13     1.07
  MONTH TO DATE    0.07                      0.91  -0.84     1.07
  SINCE JUN 1      3.58                      4.74  -1.16     9.38
  SINCE JAN 1     18.25                     20.47  -2.22    25.79

SNOWFALL (IN)
  YESTERDAY        0.0                       0.0    0.0      0.0
  MONTH TO DATE    0.0                       0.0    0.0      0.0
  SINCE JUN 1      0.0                       0.0    0.0      0.0
  SINCE JUL 1      0.0                       0.0    0.0      0.0
  SNOW DEPTH       0

DEGREE DAYS
 HEATING
  YESTERDAY        0                         0      0        0
  MONTH TO DATE    3                         0      3        0
  SINCE JUN 1     22                        49    -27       25
  SINCE JUL 1      3                         0      3        0

 COOLING
  YESTERDAY       14                         7      7       10
  MONTH TO DATE   44                        49     -5       36
  SINCE JUN 1    238                       184     54      222
  SINCE JAN 1    299                       226     73      366
..................................................................


WIND (MPH)
  HIGHEST WIND SPEED    20   HIGHEST WIND DIRECTION     N (350)
  HIGHEST GUST SPEED    34   HIGHEST GUST DIRECTION    SW (210)
  AVERAGE WIND SPEED     7.7


SKY COVER
  POSSIBLE SUNSHINE  MM
  AVERAGE SKY COVER 0.6


WEATHER CONDITIONS
 THE FOLLOWING WEATHER WAS RECORDED YESTERDAY.
  FOG
  HAZE


RELATIVE HUMIDITY (PERCENT)
 HIGHEST    93           300 AM
 LOWEST     47           300 PM
 AVERAGE    70

..........................................................


THE AKRON CANTON OH CLIMATE NORMALS FOR TODAY
                         NORMAL    RECORD    YEAR
 MAXIMUM TEMPERATURE (F)   82        99      1988
 MINIMUM TEMPERATURE (F)   62        47      1954


SUNRISE AND SUNSET
JULY  8 2016..........SUNRISE   602 AM EDT   SUNSET   859 PM EDT
JULY  9 2016..........SUNRISE   603 AM EDT   SUNSET   859 PM EDT


-  INDICATES NEGATIVE NUMBERS.
R  INDICATES RECORD WAS SET OR TIED.
MM INDICATES DATA IS MISSING.
T  INDICATES TRACE AMOUNT.




$$
