000
CDUS41 KCLE 120527
CLICAK


CLIMATE REPORT
NATIONAL WEATHER SERVICE CLEVELAND OH
126 AM EDT FRI SEP 12 2014


...................................

...THE AKRON CANTON OH CLIMATE SUMMARY FOR SEPTEMBER 11 2014...

CLIMATE NORMAL PERIOD 1981 TO 2010
CLIMATE RECORD PERIOD 1887 TO 2014


WEATHER ITEM   OBSERVED TIME   RECORD YEAR NORMAL DEPARTURE LAST
                VALUE   (LST)  VALUE       VALUE  FROM      YEAR
                                                  NORMAL
..................................................................
TEMPERATURE (F)
 YESTERDAY
  MAXIMUM         76   1211 AM  94    1931  75      1       92
                                      1925
  MINIMUM         57   1159 PM  38    1995  55      2       71
  AVERAGE         67                        65      2       82

PRECIPITATION (IN)
  YESTERDAY        0.25                      0.12   0.13     0.00
  MONTH TO DATE    0.68                      1.30  -0.62     0.65
  SINCE SEP 1      0.68                      1.30  -0.62     0.65
  SINCE JAN 1     36.47                     28.50   7.97    27.72

SNOWFALL (IN)
  YESTERDAY        0.0                       0.0    0.0      0.0
  MONTH TO DATE    0.0                       0.0    0.0      0.0
  SINCE SEP 1      0.0                       0.0    0.0      0.0
  SINCE JUL 1      0.0                       0.0    0.0      0.0
  SNOW DEPTH       0

DEGREE DAYS
 HEATING
  YESTERDAY        0                         2     -2        0
  MONTH TO DATE    2                        17    -15        9
  SINCE SEP 1      2                        17    -15        9
  SINCE JUL 1     18                        37    -19       22

 COOLING
  YESTERDAY        2                         3     -1       17
  MONTH TO DATE   69                        38     31       63
  SINCE SEP 1     69                        38     31       63
  SINCE JAN 1    705                       620     85      787
..................................................................


WIND (MPH)
  HIGHEST WIND SPEED    22   HIGHEST WIND DIRECTION    NW (310)
  HIGHEST GUST SPEED    30   HIGHEST GUST DIRECTION    SW (220)
  AVERAGE WIND SPEED    10.3


SKY COVER
  POSSIBLE SUNSHINE  MM
  AVERAGE SKY COVER 0.9


WEATHER CONDITIONS
 THE FOLLOWING WEATHER WAS RECORDED YESTERDAY.
  HEAVY RAIN
  LIGHT RAIN
  FOG
  HAZE


RELATIVE HUMIDITY (PERCENT)
 HIGHEST    87           600 AM
 LOWEST     74          1200 AM
 AVERAGE    81

..........................................................


THE AKRON CANTON OH CLIMATE NORMALS FOR TODAY
                         NORMAL    RECORD    YEAR
 MAXIMUM TEMPERATURE (F)   75        94      1931
 MINIMUM TEMPERATURE (F)   55        38      1943


SUNRISE AND SUNSET
SEPTEMBER 12 2014.....SUNRISE   703 AM EDT   SUNSET   740 PM EDT
SEPTEMBER 13 2014.....SUNRISE   704 AM EDT   SUNSET   738 PM EDT


-  INDICATES NEGATIVE NUMBERS.
R  INDICATES RECORD WAS SET OR TIED.
MM INDICATES DATA IS MISSING.
T  INDICATES TRACE AMOUNT.




$$
