000
CDUS41 KCLE 090527
CLICAK


CLIMATE REPORT
NATIONAL WEATHER SERVICE CLEVELAND OH
1227 AM EST THU FEB 9 2017


...................................

...THE AKRON CANTON OH CLIMATE SUMMARY FOR FEBRUARY 8 2017...

CLIMATE NORMAL PERIOD 1981 TO 2010
CLIMATE RECORD PERIOD 1887 TO 2017


WEATHER ITEM   OBSERVED TIME   RECORD YEAR NORMAL DEPARTURE LAST
                VALUE   (LST)  VALUE       VALUE  FROM      YEAR
                                                  NORMAL
..................................................................
TEMPERATURE (F)
 YESTERDAY
  MAXIMUM         54   1207 AM  67    1900  35     19       40
  MINIMUM         27   1159 PM -10    1934  20      7       29
  AVERAGE         41                        28     13       35

PRECIPITATION (IN)
  YESTERDAY        0.15                      0.09   0.06     0.13
  MONTH TO DATE    1.04                      0.66   0.38     0.82
  SINCE DEC 1     10.18                      6.11   4.07     5.73
  SINCE JAN 1      7.18                      3.27   3.91     2.03

SNOWFALL (IN)
  YESTERDAY        1.5                       0.4    1.1      1.2
  MONTH TO DATE    1.5                       3.0   -1.5      1.5
  SINCE DEC 1     16.4                      25.6   -9.2      7.8
  SINCE JUL 1     18.5                      29.0  -10.5      7.8
  SNOW DEPTH       0

DEGREE DAYS
 HEATING
  YESTERDAY       24                        37    -13       30
  MONTH TO DATE  245                       303    -58      219
  SINCE DEC 1   2271                      2580   -309     2039
  SINCE JUL 1   3149                      3839   -690     2919

 COOLING
  YESTERDAY        0                         0      0        0
  MONTH TO DATE    0                         0      0        0
  SINCE DEC 1      0                         0      0        0
  SINCE JAN 1      0                         0      0        0
..................................................................


WIND (MPH)
  HIGHEST WIND SPEED    24   HIGHEST WIND DIRECTION    NW (330)
  HIGHEST GUST SPEED    28   HIGHEST GUST DIRECTION    NW (330)
  AVERAGE WIND SPEED    11.8


SKY COVER
  POSSIBLE SUNSHINE  MM
  AVERAGE SKY COVER 1.0


WEATHER CONDITIONS
 THE FOLLOWING WEATHER WAS RECORDED YESTERDAY.
  LIGHT RAIN
  LIGHT SNOW
  FOG
  HAZE


RELATIVE HUMIDITY (PERCENT)
 HIGHEST    85           600 PM
 LOWEST     70           200 PM
 AVERAGE    78

..........................................................


THE AKRON CANTON OH CLIMATE NORMALS FOR TODAY
                         NORMAL    RECORD    YEAR
 MAXIMUM TEMPERATURE (F)   35        65      1925
 MINIMUM TEMPERATURE (F)   20       -15      1934
                                             1899


SUNRISE AND SUNSET
FEBRUARY  9 2017......SUNRISE   727 AM EST   SUNSET   553 PM EST
FEBRUARY 10 2017......SUNRISE   726 AM EST   SUNSET   554 PM EST


-  INDICATES NEGATIVE NUMBERS.
R  INDICATES RECORD WAS SET OR TIED.
MM INDICATES DATA IS MISSING.
T  INDICATES TRACE AMOUNT.




$$
