000
CDUS41 KCLE 200526
CLICAK


CLIMATE REPORT
NATIONAL WEATHER SERVICE CLEVELAND OH
125 AM EDT SAT JUN 20 2015


...................................

...THE AKRON CANTON OH CLIMATE SUMMARY FOR JUNE 19 2015...

CLIMATE NORMAL PERIOD 1981 TO 2010
CLIMATE RECORD PERIOD 1887 TO 2015


WEATHER ITEM   OBSERVED TIME   RECORD YEAR NORMAL DEPARTURE LAST
                VALUE   (LST)  VALUE       VALUE  FROM      YEAR
                                                  NORMAL
..................................................................
TEMPERATURE (F)
 YESTERDAY
  MAXIMUM         75    415 PM  94    1994  79     -4       75
  MINIMUM         66   1150 PM  46    1947  59      7       63
  AVERAGE         71                        69      2       69

PRECIPITATION (IN)
  YESTERDAY        T                         0.13  -0.13     0.97
  MONTH TO DATE    5.49                      2.42   3.07     7.47
  SINCE JUN 1      5.49                      2.42   3.07     7.47
  SINCE JAN 1     21.90                     18.15   3.75    24.10

SNOWFALL (IN)
  YESTERDAY        0.0                       0.0    0.0      0.0
  MONTH TO DATE    0.0                       0.0    0.0      0.0
  SINCE JUN 1      0.0                       0.0    0.0      0.0
  SINCE JUL 1     59.8                      47.5   12.3     69.9
  SNOW DEPTH       0

DEGREE DAYS
 HEATING
  YESTERDAY        0                         1     -1        0
  MONTH TO DATE   21                        42    -21       15
  SINCE JUN 1     21                        42    -21       15
  SINCE JUL 1   6297                      6143    154     6422

 COOLING
  YESTERDAY        6                         5      1        4
  MONTH TO DATE  128                        69     59       85
  SINCE JUN 1    128                        69     59       85
  SINCE JAN 1    272                       111    161      161
..................................................................


WIND (MPH)
  HIGHEST WIND SPEED    13   HIGHEST WIND DIRECTION     N (340)
  HIGHEST GUST SPEED    27   HIGHEST GUST DIRECTION     W (280)
  AVERAGE WIND SPEED     6.5


SKY COVER
  POSSIBLE SUNSHINE  MM
  AVERAGE SKY COVER 0.9


WEATHER CONDITIONS
 THE FOLLOWING WEATHER WAS RECORDED YESTERDAY.
  LIGHT RAIN
  FOG
  HAZE


RELATIVE HUMIDITY (PERCENT)
 HIGHEST    93           700 AM
 LOWEST     64          1100 AM
 AVERAGE    79

..........................................................


THE AKRON CANTON OH CLIMATE NORMALS FOR TODAY
                         NORMAL    RECORD    YEAR
 MAXIMUM TEMPERATURE (F)   79        95      1933
                                             1931
 MINIMUM TEMPERATURE (F)   59        41      1914


SUNRISE AND SUNSET
JUNE 20 2015..........SUNRISE   554 AM EDT   SUNSET   901 PM EDT
JUNE 21 2015..........SUNRISE   554 AM EDT   SUNSET   901 PM EDT


-  INDICATES NEGATIVE NUMBERS.
R  INDICATES RECORD WAS SET OR TIED.
MM INDICATES DATA IS MISSING.
T  INDICATES TRACE AMOUNT.




$$
