000
CDUS41 KCLE 150545
CLICAK


CLIMATE REPORT
NATIONAL WEATHER SERVICE CLEVELAND OH
145 AM EDT WED OCT 15 2014


...................................

...THE AKRON CANTON OH CLIMATE SUMMARY FOR OCTOBER 14 2014...

CLIMATE NORMAL PERIOD 1981 TO 2010
CLIMATE RECORD PERIOD 1887 TO 2014


WEATHER ITEM   OBSERVED TIME   RECORD YEAR NORMAL DEPARTURE LAST
                VALUE   (LST)  VALUE       VALUE  FROM      YEAR
                                                  NORMAL
..................................................................
TEMPERATURE (F)
 YESTERDAY
  MAXIMUM         78    318 PM  83    1899  62     16       68
                                      1897
  MINIMUM         58   1159 PM  23    1895  43     15       48
  AVERAGE         68                        52     16       58

PRECIPITATION (IN)
  YESTERDAY        0.47                      0.09   0.38     0.00
  MONTH TO DATE    1.51                      1.29   0.22     3.76
  SINCE SEP 1      2.71                      4.74  -2.03     6.66
  SINCE JAN 1     38.50                     31.94   6.56    33.73

SNOWFALL (IN)
  YESTERDAY        0.0                       0.0    0.0      0.0
  MONTH TO DATE    0.0                       0.0    0.0      0.0
  SINCE SEP 1      0.0                       0.0    0.0      0.0
  SINCE JUL 1      0.0                       0.0    0.0      0.0
  SNOW DEPTH       0

DEGREE DAYS
 HEATING
  YESTERDAY        0                        13    -13        7
  MONTH TO DATE  135                       152    -17       52
  SINCE SEP 1    222                       271    -49      154
  SINCE JUL 1    238                       291    -53      167

 COOLING
  YESTERDAY        3                         0      3        0
  MONTH TO DATE    4                         3      1       28
  SINCE SEP 1     83                        67     16      105
  SINCE JAN 1    719                       649     70      829
..................................................................


WIND (MPH)
  HIGHEST WIND SPEED    31   HIGHEST WIND DIRECTION     S (170)
  HIGHEST GUST SPEED    38   HIGHEST GUST DIRECTION     S (170)
  AVERAGE WIND SPEED    15.4


SKY COVER
  POSSIBLE SUNSHINE  MM
  AVERAGE SKY COVER 0.9


WEATHER CONDITIONS
 THE FOLLOWING WEATHER WAS RECORDED YESTERDAY.
  HEAVY RAIN
  RAIN
  LIGHT RAIN
  FOG


RELATIVE HUMIDITY (PERCENT)
 HIGHEST    93          1000 PM
 LOWEST     42           300 PM
 AVERAGE    68

..........................................................


THE AKRON CANTON OH CLIMATE NORMALS FOR TODAY
                         NORMAL    RECORD    YEAR
 MAXIMUM TEMPERATURE (F)   61        85      1897
 MINIMUM TEMPERATURE (F)   43        29      1937
                                             1894


SUNRISE AND SUNSET
OCTOBER 15 2014.......SUNRISE   737 AM EDT   SUNSET   645 PM EDT
OCTOBER 16 2014.......SUNRISE   738 AM EDT   SUNSET   644 PM EDT


-  INDICATES NEGATIVE NUMBERS.
R  INDICATES RECORD WAS SET OR TIED.
MM INDICATES DATA IS MISSING.
T  INDICATES TRACE AMOUNT.




$$
