000
CDUS41 KCLE 050530
CLICAK


CLIMATE REPORT
NATIONAL WEATHER SERVICE CLEVELAND OH
1230 AM EST FRI JAN 5 2018


...................................

...THE AKRON CANTON OH CLIMATE SUMMARY FOR JANUARY 4 2018...

CLIMATE NORMAL PERIOD 1981 TO 2010
CLIMATE RECORD PERIOD 1887 TO 2018


WEATHER ITEM   OBSERVED TIME   RECORD YEAR NORMAL DEPARTURE LAST
                VALUE   (LST)  VALUE       VALUE  FROM      YEAR
                                                  NORMAL
..................................................................
TEMPERATURE (F)
 YESTERDAY
  MAXIMUM         16    505 AM  64    1997  33    -17       42
  MINIMUM          2   1159 PM  -6    1981  20    -18       20
  AVERAGE          9                        26    -17       31

PRECIPITATION (IN)
  YESTERDAY        0.03                      0.09  -0.06     0.07
  MONTH TO DATE    0.05                      0.36  -0.31     1.06
  SINCE DEC 1      1.95                      3.20  -1.25     4.06
  SINCE JAN 1      0.05                      0.36  -0.31     1.06

SNOWFALL (IN)
  YESTERDAY        1.0                       0.4    0.6       T
  MONTH TO DATE    1.5                       1.6   -0.1       T
  SINCE DEC 1     15.5                      11.8    3.7      7.5
  SINCE JUL 1     15.6                      15.2    0.4      9.6
  SNOW DEPTH       2

DEGREE DAYS
 HEATING
  YESTERDAY       56                        39     17       34
  MONTH TO DATE  228                       154     74      110
  SINCE DEC 1   1356                      1225    131     1176
  SINCE JUL 1   2346                      2484   -138     2054

 COOLING
  YESTERDAY        0                         0      0        0
  MONTH TO DATE    0                         0      0        0
  SINCE DEC 1      0                         0      0        0
  SINCE JAN 1      0                         0      0        0
..................................................................


WIND (MPH)
  HIGHEST WIND SPEED    22   HIGHEST WIND DIRECTION    NW (310)
  HIGHEST GUST SPEED    29   HIGHEST GUST DIRECTION    NW (300)
  AVERAGE WIND SPEED    13.3


SKY COVER
  POSSIBLE SUNSHINE  MM
  AVERAGE SKY COVER 0.9


WEATHER CONDITIONS
 THE FOLLOWING WEATHER WAS RECORDED YESTERDAY.
  LIGHT SNOW
  BLOWING SNOW


RELATIVE HUMIDITY (PERCENT)
 HIGHEST    80           300 AM
 LOWEST     60           900 PM
 AVERAGE    70

..........................................................


THE AKRON CANTON OH CLIMATE NORMALS FOR TODAY
                         NORMAL    RECORD    YEAR
 MAXIMUM TEMPERATURE (F)   33        64      1997
 MINIMUM TEMPERATURE (F)   20       -10      1904


SUNRISE AND SUNSET
JANUARY  5 2018.......SUNRISE   750 AM EST   SUNSET   512 PM EST
JANUARY  6 2018.......SUNRISE   750 AM EST   SUNSET   513 PM EST


-  INDICATES NEGATIVE NUMBERS.
R  INDICATES RECORD WAS SET OR TIED.
MM INDICATES DATA IS MISSING.
T  INDICATES TRACE AMOUNT.




$$
