525
CDUS41 KCLE 120528
CLICAK


CLIMATE REPORT
NATIONAL WEATHER SERVICE CLEVELAND OH
1227 AM EST SUN FEB 12 2017


...................................

...THE AKRON CANTON OH CLIMATE SUMMARY FOR FEBRUARY 11 2017...

CLIMATE NORMAL PERIOD 1981 TO 2010
CLIMATE RECORD PERIOD 1887 TO 2017


WEATHER ITEM   OBSERVED TIME   RECORD YEAR NORMAL DEPARTURE LAST
                VALUE   (LST)  VALUE       VALUE  FROM      YEAR
                                                  NORMAL
..................................................................
TEMPERATURE (F)
 YESTERDAY
  MAXIMUM         52    507 PM  71    1932  36     16       18
  MINIMUM         32    124 AM -11    1899  21     11        8
  AVERAGE         42                        28     14       13

PRECIPITATION (IN)
  YESTERDAY        0.00                      0.08  -0.08     0.04
  MONTH TO DATE    1.12                      0.90   0.22     1.03
  SINCE DEC 1     10.26                      6.35   3.91     5.94
  SINCE JAN 1      7.26                      3.51   3.75     2.24

SNOWFALL (IN)
  YESTERDAY        0.0                       0.4   -0.4      1.3
  MONTH TO DATE    2.7                       4.1   -1.4      6.0
  SINCE DEC 1     17.6                      26.7   -9.1     12.3
  SINCE JUL 1     19.7                      30.1  -10.4     12.3
  SNOW DEPTH       1

DEGREE DAYS
 HEATING
  YESTERDAY       23                        37    -14       52
  MONTH TO DATE  355                       414    -59      354
  SINCE DEC 1   2381                      2691   -310     2174
  SINCE JUL 1   3259                      3950   -691     3054

 COOLING
  YESTERDAY        0                         0      0        0
  MONTH TO DATE    0                         0      0        0
  SINCE DEC 1      0                         0      0        0
  SINCE JAN 1      0                         0      0        0
..................................................................


WIND (MPH)
  HIGHEST WIND SPEED    17   HIGHEST WIND DIRECTION    SW (220)
  HIGHEST GUST SPEED    24   HIGHEST GUST DIRECTION    SW (210)
  AVERAGE WIND SPEED     7.8


SKY COVER
  POSSIBLE SUNSHINE  MM
  AVERAGE SKY COVER 1.0


WEATHER CONDITIONS
 THE FOLLOWING WEATHER WAS RECORDED YESTERDAY.
  NO SIGNIFICANT WEATHER WAS OBSERVED.


RELATIVE HUMIDITY (PERCENT)
 HIGHEST    76           900 PM
 LOWEST     52           300 AM
 AVERAGE    64

..........................................................


THE AKRON CANTON OH CLIMATE NORMALS FOR TODAY
                         NORMAL    RECORD    YEAR
 MAXIMUM TEMPERATURE (F)   36        65      1999
                                             1984
 MINIMUM TEMPERATURE (F)   21       -12      1917


SUNRISE AND SUNSET
FEBRUARY 12 2017......SUNRISE   723 AM EST   SUNSET   557 PM EST
FEBRUARY 13 2017......SUNRISE   722 AM EST   SUNSET   558 PM EST


-  INDICATES NEGATIVE NUMBERS.
R  INDICATES RECORD WAS SET OR TIED.
MM INDICATES DATA IS MISSING.
T  INDICATES TRACE AMOUNT.




$$
