000
CDUS41 KCLE 140528
CLICAK


CLIMATE REPORT
NATIONAL WEATHER SERVICE CLEVELAND OH
128 AM EDT THU MAY 14 2015


...................................

...THE AKRON CANTON OH CLIMATE SUMMARY FOR MAY 13 2015...

CLIMATE NORMAL PERIOD 1981 TO 2010
CLIMATE RECORD PERIOD 1887 TO 2015


WEATHER ITEM   OBSERVED TIME   RECORD YEAR NORMAL DEPARTURE LAST
                VALUE   (LST)  VALUE       VALUE  FROM      YEAR
                                                  NORMAL
..................................................................
TEMPERATURE (F)
 YESTERDAY
  MAXIMUM         54    128 PM  89    1991  69    -15       86
  MINIMUM         40   1159 PM  27    1996  48     -8       64
  AVERAGE         47                        58    -11       75

PRECIPITATION (IN)
  YESTERDAY        T                         0.14  -0.14     0.12
  MONTH TO DATE    0.22                      1.71  -1.49     2.19
  SINCE MAR 1      6.82                      8.24  -1.42    11.01
  SINCE JAN 1     12.30                     13.16  -0.86    14.52

SNOWFALL (IN)
  YESTERDAY        0.0                       0.0    0.0      0.0
  MONTH TO DATE    0.0                       0.1   -0.1      0.0
  SINCE MAR 1      6.9                      11.0   -4.1     10.6
  SINCE JUL 1     59.8                      47.5   12.3     69.9
  SNOW DEPTH       0

DEGREE DAYS
 HEATING
  YESTERDAY       18                         8     10        0
  MONTH TO DATE   40                       121    -81       84
  SINCE MAR 1   1370                      1453    -83     1512
  SINCE JUL 1   6213                      5997    216     6335

 COOLING
  YESTERDAY        0                         1     -1       10
  MONTH TO DATE   59                         7     52       29
  SINCE MAR 1     61                        13     48       32
  SINCE JAN 1     61                        13     48       32
..................................................................


WIND (MPH)
  HIGHEST WIND SPEED    20   HIGHEST WIND DIRECTION     W (290)
  HIGHEST GUST SPEED    30   HIGHEST GUST DIRECTION    NW (320)
  AVERAGE WIND SPEED     8.8


SKY COVER
  POSSIBLE SUNSHINE  MM
  AVERAGE SKY COVER 0.8


WEATHER CONDITIONS
 THE FOLLOWING WEATHER WAS RECORDED YESTERDAY.
  LIGHT RAIN
  HAZE


RELATIVE HUMIDITY (PERCENT)
 HIGHEST    77           400 AM
 LOWEST     54          1200 PM
 AVERAGE    66

..........................................................


THE AKRON CANTON OH CLIMATE NORMALS FOR TODAY
                         NORMAL    RECORD    YEAR
 MAXIMUM TEMPERATURE (F)   69        90      1991
                                             1962
 MINIMUM TEMPERATURE (F)   48        31      1996


SUNRISE AND SUNSET
MAY 14 2015...........SUNRISE   609 AM EDT   SUNSET   835 PM EDT
MAY 15 2015...........SUNRISE   608 AM EDT   SUNSET   836 PM EDT


-  INDICATES NEGATIVE NUMBERS.
R  INDICATES RECORD WAS SET OR TIED.
MM INDICATES DATA IS MISSING.
T  INDICATES TRACE AMOUNT.




$$
