000
CDUS41 KCLE 082114
CLICAK


CLIMATE REPORT
NATIONAL WEATHER SERVICE CLEVELAND OH
513 PM EDT MON AUG 8 2016


...................................

...THE AKRON CANTON OH CLIMATE SUMMARY FOR AUGUST 8 2016...
VALID TODAY AS OF 0500 PM LOCAL TIME.

CLIMATE NORMAL PERIOD 1981 TO 2010
CLIMATE RECORD PERIOD 1887 TO 2016


WEATHER ITEM   OBSERVED TIME   RECORD YEAR NORMAL DEPARTURE LAST
                VALUE   (LST)  VALUE       VALUE  FROM      YEAR
                                                  NORMAL
..................................................................
TEMPERATURE (F)
 TODAY
  MAXIMUM         87    344 PM  98    1931  81      6       85
  MINIMUM         63    348 AM  48    1922  62      1       61
  AVERAGE         75                        71      4       73

PRECIPITATION (IN)
  TODAY            0.00                      0.12  -0.12     0.00
  MONTH TO DATE    0.00                      0.97  -0.97      T
  SINCE JUN 1      5.57                      8.88  -3.31    12.17
  SINCE JAN 1     20.24                     24.61  -4.37    28.58

SNOWFALL (IN)
  TODAY            0.0                       0.0    0.0      0.0
  MONTH TO DATE    0.0                       0.0    0.0      0.0
  SINCE JUN 1      0.0                       0.0    0.0      0.0
  SINCE JUL 1      0.0                       0.0    0.0      0.0
  SNOW DEPTH       0

DEGREE DAYS
 HEATING
  TODAY            0                         0      0        0
  MONTH TO DATE    0                         0      0        0
  SINCE JUN 1     22                        55    -33       25
  SINCE JUL 1      3                         6     -3        0

 COOLING
  TODAY           10                         7      3        8
  MONTH TO DATE   94                        56     38       52
  SINCE JUN 1    617                       413    204      478
  SINCE JAN 1    678                       455    223      622
..................................................................


WIND (MPH)
  HIGHEST WIND SPEED    13   HIGHEST WIND DIRECTION    NE (60)
  HIGHEST GUST SPEED    21   HIGHEST GUST DIRECTION    SE (130)


SKY COVER
  POSSIBLE SUNSHINE  MM
  AVERAGE SKY COVER 0.6


WEATHER CONDITIONS
 THE FOLLOWING WEATHER WAS RECORDED TODAY.
  NO SIGNIFICANT WEATHER WAS OBSERVED.


RELATIVE HUMIDITY (PERCENT)
 HIGHEST    78           200 AM
 LOWEST     35           200 PM
 AVERAGE    57

..........................................................


THE AKRON CANTON OH CLIMATE NORMALS FOR TOMORROW
                         NORMAL    RECORD    YEAR
 MAXIMUM TEMPERATURE (F)   81        95      2001
 MINIMUM TEMPERATURE (F)   61        48      1922


SUNRISE AND SUNSET
AUGUST  8 2016........SUNRISE   629 AM EDT   SUNSET   833 PM EDT
AUGUST  9 2016........SUNRISE   630 AM EDT   SUNSET   831 PM EDT


-  INDICATES NEGATIVE NUMBERS.
R  INDICATES RECORD WAS SET OR TIED.
MM INDICATES DATA IS MISSING.
T  INDICATES TRACE AMOUNT.




$$
