000
CDUS41 KCLE 042212
CLICAK


CLIMATE REPORT
NATIONAL WEATHER SERVICE CLEVELAND OH
512 PM EST SUN FEB 4 2018


...................................

...THE AKRON CANTON OH CLIMATE SUMMARY FOR FEBRUARY 4 2018...
VALID TODAY AS OF 0500 PM LOCAL TIME.

CLIMATE NORMAL PERIOD 1981 TO 2010
CLIMATE RECORD PERIOD 1887 TO 2018


WEATHER ITEM   OBSERVED TIME   RECORD YEAR NORMAL DEPARTURE LAST
                VALUE   (LST)  VALUE       VALUE  FROM      YEAR
                                                  NORMAL
..................................................................
TEMPERATURE (F)
 TODAY
  MAXIMUM         36    149 AM  64    1890  34      2       32
  MINIMUM         33    655 AM  -8    1996  20     13       11
  AVERAGE         35                        27      8       22

PRECIPITATION (IN)
  TODAY            0.09                      0.08   0.01     0.00
  MONTH TO DATE    0.11                      0.32  -0.21      T
  SINCE DEC 1      4.20                      5.77  -1.57     9.14
  SINCE JAN 1      2.30                      2.93  -0.63     6.14

SNOWFALL (IN)
  TODAY            0.9                       0.3    0.6      0.0
  MONTH TO DATE    1.4                       1.5   -0.1       T
  SINCE DEC 1     27.6                      24.1    3.5     14.9
  SINCE JUL 1     27.7                      27.5    0.2     17.0
  SNOW DEPTH       1

DEGREE DAYS
 HEATING
  TODAY           30                        38     -8       43
  MONTH TO DATE  156                       152      4      154
  SINCE DEC 1   2511                      2429     82     2180
  SINCE JUL 1   3501                      3688   -187     3058

 COOLING
  TODAY            0                         0      0        0
  MONTH TO DATE    0                         0      0        0
  SINCE DEC 1      0                         0      0        0
  SINCE JAN 1      0                         0      0        0
..................................................................


WIND (MPH)
  HIGHEST WIND SPEED    31   HIGHEST WIND DIRECTION    SW (210)
  HIGHEST GUST SPEED    41   HIGHEST GUST DIRECTION     S (200)


SKY COVER
  POSSIBLE SUNSHINE  MM
  AVERAGE SKY COVER 1.0


WEATHER CONDITIONS
 THE FOLLOWING WEATHER WAS RECORDED TODAY.
  LIGHT RAIN
  SNOW
  LIGHT SNOW
  FOG
  HAZE


RELATIVE HUMIDITY (PERCENT)
 HIGHEST    89           600 AM
 LOWEST     41          1200 AM
 AVERAGE    65

..........................................................


THE AKRON CANTON OH CLIMATE NORMALS FOR TOMORROW
                         NORMAL    RECORD    YEAR
 MAXIMUM TEMPERATURE (F)   35        63      1890
 MINIMUM TEMPERATURE (F)   20       -15      1918


SUNRISE AND SUNSET
FEBRUARY  4 2018......SUNRISE   733 AM EST   SUNSET   547 PM EST
FEBRUARY  5 2018......SUNRISE   732 AM EST   SUNSET   548 PM EST


-  INDICATES NEGATIVE NUMBERS.
R  INDICATES RECORD WAS SET OR TIED.
MM INDICATES DATA IS MISSING.
T  INDICATES TRACE AMOUNT.




$$
