000
CDUS41 KCLE 080543
CLICAK


CLIMATE REPORT
NATIONAL WEATHER SERVICE CLEVELAND OH
133 AM EDT MON MAY 8 2017


...................................

...THE AKRON CANTON OH CLIMATE SUMMARY FOR MAY 7 2017...

CLIMATE NORMAL PERIOD 1981 TO 2010
CLIMATE RECORD PERIOD 1887 TO 2017


WEATHER ITEM   OBSERVED TIME   RECORD YEAR NORMAL DEPARTURE LAST
                VALUE   (LST)  VALUE       VALUE  FROM      YEAR
                                                  NORMAL
..................................................................
TEMPERATURE (F)
 YESTERDAY
  MAXIMUM         56    401 PM  87    2015  67    -11       74
                                      1936
  MINIMUM         39   1159 PM  27    1970  46     -7       43
  AVERAGE         48                        56     -8       59

PRECIPITATION (IN)
  YESTERDAY        T                         0.14  -0.14     0.23
  MONTH TO DATE    2.65                      0.90   1.75     0.81
  SINCE MAR 1     12.76                      7.43   5.33     8.89
  SINCE JAN 1     21.27                     12.35   8.92    13.48

SNOWFALL (IN)
  YESTERDAY        0.0                       0.0    0.0      0.0
  MONTH TO DATE    0.0                       0.1   -0.1      0.0
  SINCE MAR 1     16.0                      11.0    5.0      7.5
  SINCE JUL 1     37.2                      47.5  -10.3     30.2
  SNOW DEPTH       0

DEGREE DAYS
 HEATING
  YESTERDAY       17                         9      8        6
  MONTH TO DATE   92                        70     22       68
  SINCE MAR 1   1170                      1402   -232     1181
  SINCE JUL 1   4770                      5946  -1176     4828

 COOLING
  YESTERDAY        0                         1     -1        0
  MONTH TO DATE    0                         1     -1        0
  SINCE MAR 1     22                         7     15        0
  SINCE JAN 1     24                         7     17        0
..................................................................


WIND (MPH)
  HIGHEST WIND SPEED    23   HIGHEST WIND DIRECTION    NW (310)
  HIGHEST GUST SPEED    30   HIGHEST GUST DIRECTION    NW (310)
  AVERAGE WIND SPEED    10.5


SKY COVER
  POSSIBLE SUNSHINE  MM
  AVERAGE SKY COVER 0.5


WEATHER CONDITIONS
 THE FOLLOWING WEATHER WAS RECORDED YESTERDAY.
  LIGHT RAIN


RELATIVE HUMIDITY (PERCENT)
 HIGHEST    86           600 AM
 LOWEST     33           700 PM
 AVERAGE    60

..........................................................


THE AKRON CANTON OH CLIMATE NORMALS FOR TODAY
                         NORMAL    RECORD    YEAR
 MAXIMUM TEMPERATURE (F)   67        88      2015
 MINIMUM TEMPERATURE (F)   46        27      1950


SUNRISE AND SUNSET
MAY  8 2017...........SUNRISE   615 AM EDT   SUNSET   830 PM EDT
MAY  9 2017...........SUNRISE   614 AM EDT   SUNSET   831 PM EDT


-  INDICATES NEGATIVE NUMBERS.
R  INDICATES RECORD WAS SET OR TIED.
MM INDICATES DATA IS MISSING.
T  INDICATES TRACE AMOUNT.




$$
