000
CDUS41 KCLE 102112
CLICAK


CLIMATE REPORT
NATIONAL WEATHER SERVICE CLEVELAND OH
511 PM EDT SUN AUG 10 2014


...................................

...THE AKRON CANTON OH CLIMATE SUMMARY FOR AUGUST 10 2014...
VALID TODAY AS OF 0500 PM LOCAL TIME.

CLIMATE NORMAL PERIOD 1981 TO 2010
CLIMATE RECORD PERIOD 1887 TO 2014


WEATHER ITEM   OBSERVED TIME   RECORD YEAR NORMAL DEPARTURE LAST
                VALUE   (LST)  VALUE       VALUE  FROM      YEAR
                                                  NORMAL
..................................................................
TEMPERATURE (F)
 TODAY
  MAXIMUM         85    249 PM  96    1911  81      4       82
  MINIMUM         64    539 AM  47    1972  61      3       60
  AVERAGE         75                        71      4       71

PRECIPITATION (IN)
  TODAY            0.00                      0.12  -0.12      T
  MONTH TO DATE    1.03                      1.21  -0.18     0.95
  SINCE JUN 1     14.47                      9.12   5.35    13.97
  SINCE JAN 1     31.10                     24.85   6.25    26.23

SNOWFALL (IN)
  TODAY            0.0                       0.0    0.0      0.0
  MONTH TO DATE    0.0                       0.0    0.0      0.0
  SINCE JUN 1      0.0                       0.0    0.0      0.0
  SINCE JUL 1      0.0                       0.0    0.0      0.0
  SNOW DEPTH       0

DEGREE DAYS
 HEATING
  TODAY            0                         0      0        0
  MONTH TO DATE    0                         0      0        0
  SINCE JUN 1     25                        55    -30       32
  SINCE JUL 1     10                         6      4        5

 COOLING
  TODAY           10                         6      4        6
  MONTH TO DATE   60                        69     -9       52
  SINCE JUN 1    420                       426     -6      485
  SINCE JAN 1    496                       468     28      591
..................................................................


WIND (MPH)
  HIGHEST WIND SPEED    14   HIGHEST WIND DIRECTION     E (100)
  HIGHEST GUST SPEED    18   HIGHEST GUST DIRECTION     E (80)


SKY COVER
  POSSIBLE SUNSHINE  MM
  AVERAGE SKY COVER 0.7


WEATHER CONDITIONS
 THE FOLLOWING WEATHER WAS RECORDED TODAY.
  FOG
  HAZE


RELATIVE HUMIDITY (PERCENT)
 HIGHEST    87           500 AM
 LOWEST     44           200 PM
 AVERAGE    66

..........................................................


THE AKRON CANTON OH CLIMATE NORMALS FOR TOMORROW
                         NORMAL    RECORD    YEAR
 MAXIMUM TEMPERATURE (F)   81        96      1944
                                             1918
 MINIMUM TEMPERATURE (F)   61        49      1965
                                             1919


SUNRISE AND SUNSET
AUGUST 10 2014........SUNRISE   631 AM EDT   SUNSET   831 PM EDT
AUGUST 11 2014........SUNRISE   632 AM EDT   SUNSET   829 PM EDT


-  INDICATES NEGATIVE NUMBERS.
R  INDICATES RECORD WAS SET OR TIED.
MM INDICATES DATA IS MISSING.
T  INDICATES TRACE AMOUNT.




$$
