145
CDUS41 KCLE 150545
CLICAK


CLIMATE REPORT
NATIONAL WEATHER SERVICE CLEVELAND OH
145 AM EDT THU SEP 15 2016


...................................

...THE AKRON CANTON OH CLIMATE SUMMARY FOR SEPTEMBER 14 2016...

CLIMATE NORMAL PERIOD 1981 TO 2010
CLIMATE RECORD PERIOD 1887 TO 2016


WEATHER ITEM   OBSERVED TIME   RECORD YEAR NORMAL DEPARTURE LAST
                VALUE   (LST)  VALUE       VALUE  FROM      YEAR
                                                  NORMAL
..................................................................
TEMPERATURE (F)
 YESTERDAY
  MAXIMUM         74    955 AM  97    1939  74      0       75
  MINIMUM         57   1159 PM  36    1902  54      3       48
  AVERAGE         66                        64      2       62

PRECIPITATION (IN)
  YESTERDAY        0.28                      0.12   0.16     0.00
  MONTH TO DATE    2.41                      1.66   0.75     2.18
  SINCE SEP 1      2.41                      1.66   0.75     2.18
  SINCE JAN 1     26.01                     28.86  -2.85    31.52

SNOWFALL (IN)
  YESTERDAY        0.0                       0.0    0.0      0.0
  MONTH TO DATE    0.0                       0.0    0.0      0.0
  SINCE SEP 1      0.0                       0.0    0.0      0.0
  SINCE JUL 1      0.0                       0.0    0.0      0.0
  SNOW DEPTH       0

DEGREE DAYS
 HEATING
  YESTERDAY        0                         3     -3        3
  MONTH TO DATE    0                        26    -26       17
  SINCE SEP 1      0                        26    -26       17
  SINCE JUL 1      3                        46    -43       26

 COOLING
  YESTERDAY        1                         2     -1        0
  MONTH TO DATE   92                        44     48      125
  SINCE SEP 1     92                        44     48      125
  SINCE JAN 1   1046                       626    420      909
..................................................................


WIND (MPH)
  HIGHEST WIND SPEED    16   HIGHEST WIND DIRECTION    NE (30)
  HIGHEST GUST SPEED    19   HIGHEST GUST DIRECTION    NE (40)
  AVERAGE WIND SPEED     6.3


SKY COVER
  POSSIBLE SUNSHINE  MM
  AVERAGE SKY COVER 0.4


WEATHER CONDITIONS
 THE FOLLOWING WEATHER WAS RECORDED YESTERDAY.
  RAIN
  LIGHT RAIN
  FOG
  HAZE


RELATIVE HUMIDITY (PERCENT)
 HIGHEST    93          1200 PM
 LOWEST     59          1200 AM
 AVERAGE    76

..........................................................


THE AKRON CANTON OH CLIMATE NORMALS FOR TODAY
                         NORMAL    RECORD    YEAR
 MAXIMUM TEMPERATURE (F)   74        95      1939
 MINIMUM TEMPERATURE (F)   54        37      1923
                                             1902


SUNRISE AND SUNSET
SEPTEMBER 15 2016.....SUNRISE   707 AM EDT   SUNSET   734 PM EDT
SEPTEMBER 16 2016.....SUNRISE   708 AM EDT   SUNSET   732 PM EDT


-  INDICATES NEGATIVE NUMBERS.
R  INDICATES RECORD WAS SET OR TIED.
MM INDICATES DATA IS MISSING.
T  INDICATES TRACE AMOUNT.




$$
