000
CDUS41 KCLE 110536
CLICAK


CLIMATE REPORT
NATIONAL WEATHER SERVICE CLEVELAND OH
1235 AM EST SAT MAR 11 2017


...................................

...THE AKRON CANTON OH CLIMATE SUMMARY FOR MARCH 10 2017...

CLIMATE NORMAL PERIOD 1981 TO 2010
CLIMATE RECORD PERIOD 1887 TO 2017


WEATHER ITEM   OBSERVED TIME   RECORD YEAR NORMAL DEPARTURE LAST
                VALUE   (LST)  VALUE       VALUE  FROM      YEAR
                                                  NORMAL
..................................................................
TEMPERATURE (F)
 YESTERDAY
  MAXIMUM         33    359 AM  73    1973  44    -11       60
  MINIMUM         21   1159 PM   3    1984  27     -6       47
  AVERAGE         27                        35     -8       54

PRECIPITATION (IN)
  YESTERDAY        0.16                      0.09   0.07     0.84
  MONTH TO DATE    2.02                      0.87   1.15     1.47
  SINCE MAR 1      2.02                      0.87   1.15     1.47
  SINCE JAN 1     10.53                      5.79   4.74     6.06

SNOWFALL (IN)
  YESTERDAY        1.6                       0.3    1.3      0.0
  MONTH TO DATE    3.5                       3.3    0.2      2.4
  SINCE MAR 1      3.5                       3.3    0.2      2.4
  SINCE JUL 1     24.7                      39.8  -15.1     25.1
  SNOW DEPTH       3

DEGREE DAYS
 HEATING
  YESTERDAY       38                        30      8       11
  MONTH TO DATE  267                       312    -45      239
  SINCE MAR 1    267                       312    -45      239
  SINCE JUL 1   3867                      4856   -989     3886

 COOLING
  YESTERDAY        0                         0      0        0
  MONTH TO DATE    0                         0      0        0
  SINCE MAR 1      0                         0      0        0
  SINCE JAN 1      2                         0      2        0
..................................................................


WIND (MPH)
  HIGHEST WIND SPEED    28   HIGHEST WIND DIRECTION     N (340)
  HIGHEST GUST SPEED    35   HIGHEST GUST DIRECTION    NW (320)
  AVERAGE WIND SPEED    12.9


SKY COVER
  POSSIBLE SUNSHINE  MM
  AVERAGE SKY COVER 0.9


WEATHER CONDITIONS
 THE FOLLOWING WEATHER WAS RECORDED YESTERDAY.
  LIGHT SNOW
  FOG


RELATIVE HUMIDITY (PERCENT)
 HIGHEST    89          1200 AM
 LOWEST     46           600 PM
 AVERAGE    68

..........................................................


THE AKRON CANTON OH CLIMATE NORMALS FOR TODAY
                         NORMAL    RECORD    YEAR
 MAXIMUM TEMPERATURE (F)   44        72      1977
 MINIMUM TEMPERATURE (F)   27        -1      1960


SUNRISE AND SUNSET
MARCH 11 2017.........SUNRISE   644 AM EST   SUNSET   628 PM EST
MARCH 12 2017.........SUNRISE   742 AM EDT   SUNSET   729 PM EDT


-  INDICATES NEGATIVE NUMBERS.
R  INDICATES RECORD WAS SET OR TIED.
MM INDICATES DATA IS MISSING.
T  INDICATES TRACE AMOUNT.




$$
