000
CDUS41 KCLE 190531
CLICAK


CLIMATE REPORT
NATIONAL WEATHER SERVICE CLEVELAND OH
1230 AM EST THU JAN 19 2017


...................................

...THE AKRON CANTON OH CLIMATE SUMMARY FOR JANUARY 18 2017...

CLIMATE NORMAL PERIOD 1981 TO 2010
CLIMATE RECORD PERIOD 1887 TO 2017


WEATHER ITEM   OBSERVED TIME   RECORD YEAR NORMAL DEPARTURE LAST
                VALUE   (LST)  VALUE       VALUE  FROM      YEAR
                                                  NORMAL
..................................................................
TEMPERATURE (F)
 YESTERDAY
  MAXIMUM         46    152 AM  63    1929  33     13       13
  MINIMUM         37   1159 PM -22    1994  19     18        6
  AVERAGE         42                        26     16       10

PRECIPITATION (IN)
  YESTERDAY        0.06                      0.09  -0.03      T
  MONTH TO DATE    4.18                      1.55   2.63     1.12
  SINCE DEC 1      7.18                      4.39   2.79     4.82
  SINCE JAN 1      4.18                      1.55   2.63     1.12

SNOWFALL (IN)
  YESTERDAY        0.0                       0.4   -0.4       T
  MONTH TO DATE    3.8                       7.2   -3.4      4.8
  SINCE DEC 1     11.3                      17.4   -6.1      5.0
  SINCE JUL 1     13.4                      20.8   -7.4      5.0
  SNOW DEPTH       0

DEGREE DAYS
 HEATING
  YESTERDAY       23                        39    -16       55
  MONTH TO DATE  616                       700    -84      683
  SINCE DEC 1   1682                      1771    -89     1335
  SINCE JUL 1   2560                      3030   -470     2215

 COOLING
  YESTERDAY        0                         0      0        0
  MONTH TO DATE    0                         0      0        0
  SINCE DEC 1      0                         0      0        0
  SINCE JAN 1      0                         0      0        0
..................................................................


WIND (MPH)
  HIGHEST WIND SPEED    18   HIGHEST WIND DIRECTION     W (280)
  HIGHEST GUST SPEED    28   HIGHEST GUST DIRECTION     W (280)
  AVERAGE WIND SPEED    10.6


SKY COVER
  POSSIBLE SUNSHINE  MM
  AVERAGE SKY COVER 1.0


WEATHER CONDITIONS
 THE FOLLOWING WEATHER WAS RECORDED YESTERDAY.
  LIGHT RAIN
  FOG
  HAZE


RELATIVE HUMIDITY (PERCENT)
 HIGHEST    92           900 PM
 LOWEST     79           300 PM
 AVERAGE    86

..........................................................


THE AKRON CANTON OH CLIMATE NORMALS FOR TODAY
                         NORMAL    RECORD    YEAR
 MAXIMUM TEMPERATURE (F)   33        68      1907
 MINIMUM TEMPERATURE (F)   19       -25      1994


SUNRISE AND SUNSET
JANUARY 19 2017.......SUNRISE   746 AM EST   SUNSET   527 PM EST
JANUARY 20 2017.......SUNRISE   745 AM EST   SUNSET   529 PM EST


-  INDICATES NEGATIVE NUMBERS.
R  INDICATES RECORD WAS SET OR TIED.
MM INDICATES DATA IS MISSING.
T  INDICATES TRACE AMOUNT.




$$
