000
CDUS41 KCLE 260530
CLICAK


CLIMATE REPORT
NATIONAL WEATHER SERVICE CLEVELAND OH
1230 AM EST MON JAN 26 2015


...................................

...THE AKRON CANTON OH CLIMATE SUMMARY FOR JANUARY 25 2015...

CLIMATE NORMAL PERIOD 1981 TO 2010
CLIMATE RECORD PERIOD 1887 TO 2015


WEATHER ITEM   OBSERVED TIME   RECORD YEAR NORMAL DEPARTURE LAST
                VALUE   (LST)  VALUE       VALUE  FROM      YEAR
                                                  NORMAL
..................................................................
TEMPERATURE (F)
 YESTERDAY
  MAXIMUM         35   1027 AM  70    1950  33      2       29
  MINIMUM         21   1159 PM -14    1897  19      2       10
  AVERAGE         28                        26      2       20

PRECIPITATION (IN)
  YESTERDAY        0.21                      0.08   0.13     0.35
  MONTH TO DATE    2.99                      2.13   0.86     1.78
  SINCE DEC 1      5.30                      4.97   0.33     5.27
  SINCE JAN 1      2.99                      2.13   0.86     1.78

SNOWFALL (IN)
  YESTERDAY        3.0                       0.4    2.6      6.3
  MONTH TO DATE   16.0                      10.0    6.0     16.5
  SINCE DEC 1     16.5                      20.2   -3.7     29.0
  SINCE JUL 1     24.5                      23.6    0.9     39.7
  SNOW DEPTH       2

DEGREE DAYS
 HEATING
  YESTERDAY       37                        39     -2       45
  MONTH TO DATE  999                       973     26     1068
  SINCE DEC 1   1921                      2044   -123     2097
  SINCE JUL 1   3204                      3303    -99     3347

 COOLING
  YESTERDAY        0                         0      0        0
  MONTH TO DATE    0                         0      0        0
  SINCE DEC 1      0                         0      0        0
  SINCE JAN 1      0                         0      0        0
..................................................................


WIND (MPH)
  HIGHEST WIND SPEED    17   HIGHEST WIND DIRECTION    NE (30)
  HIGHEST GUST SPEED    22   HIGHEST GUST DIRECTION    NE (40)
  AVERAGE WIND SPEED    10.7


SKY COVER
  POSSIBLE SUNSHINE  MM
  AVERAGE SKY COVER 1.0


WEATHER CONDITIONS
 THE FOLLOWING WEATHER WAS RECORDED YESTERDAY.
  LIGHT SNOW
  FOG


RELATIVE HUMIDITY (PERCENT)
 HIGHEST    89           200 AM
 LOWEST     75           500 PM
 AVERAGE    82

..........................................................


THE AKRON CANTON OH CLIMATE NORMALS FOR TODAY
                         NORMAL    RECORD    YEAR
 MAXIMUM TEMPERATURE (F)   33        66      1950
 MINIMUM TEMPERATURE (F)   19       -11      1897


SUNRISE AND SUNSET
JANUARY 26 2015.......SUNRISE   742 AM EST   SUNSET   535 PM EST
JANUARY 27 2015.......SUNRISE   741 AM EST   SUNSET   537 PM EST


-  INDICATES NEGATIVE NUMBERS.
R  INDICATES RECORD WAS SET OR TIED.
MM INDICATES DATA IS MISSING.
T  INDICATES TRACE AMOUNT.




$$
