000
CDUS41 KCLE 192218
CLICAK


CLIMATE REPORT
NATIONAL WEATHER SERVICE CLEVELAND OH
517 PM EST MON JAN 19 2015


...................................

...THE AKRON CANTON OH CLIMATE SUMMARY FOR JANUARY 19 2015...
VALID TODAY AS OF 0500 PM LOCAL TIME.

CLIMATE NORMAL PERIOD 1981 TO 2010
CLIMATE RECORD PERIOD 1887 TO 2015


WEATHER ITEM   OBSERVED TIME   RECORD YEAR NORMAL DEPARTURE LAST
                VALUE   (LST)  VALUE       VALUE  FROM      YEAR
                                                  NORMAL
..................................................................
TEMPERATURE (F)
 TODAY
  MAXIMUM         40    310 PM  68    1907  33      7       31
  MINIMUM         31    743 AM -25    1994  19     12       17
  AVERAGE         36                        26     10       24

PRECIPITATION (IN)
  TODAY            0.05                      0.08  -0.03      T
  MONTH TO DATE    2.47                      1.63   0.84     1.39
  SINCE DEC 1      4.78                      4.47   0.31     4.88
  SINCE JAN 1      2.47                      1.63   0.84     1.39

SNOWFALL (IN)
  TODAY            0.5                       0.4    0.1      0.3
  MONTH TO DATE   10.1                       7.6    2.5      9.0
  SINCE DEC 1     10.6                      17.8   -7.2     21.5
  SINCE JUL 1     18.6                      21.2   -2.6     32.2
  SNOW DEPTH       1

DEGREE DAYS
 HEATING
  TODAY           29                        39    -10       41
  MONTH TO DATE  789                       739     50      758
  SINCE DEC 1   1711                      1810    -99     1787
  SINCE JUL 1   2994                      3069    -75     3037

 COOLING
  TODAY            0                         0      0        0
  MONTH TO DATE    0                         0      0        0
  SINCE DEC 1      0                         0      0        0
  SINCE JAN 1      0                         0      0        0
..................................................................


WIND (MPH)
  HIGHEST WIND SPEED    16   HIGHEST WIND DIRECTION     W (290)
  HIGHEST GUST SPEED    20   HIGHEST GUST DIRECTION     W (290)


SKY COVER
  POSSIBLE SUNSHINE  MM
  AVERAGE SKY COVER 1.0


WEATHER CONDITIONS
 THE FOLLOWING WEATHER WAS RECORDED TODAY.
  LIGHT SNOW
  FOG
  HAZE


RELATIVE HUMIDITY (PERCENT)
 HIGHEST    89          1200 AM
 LOWEST     64           400 PM
 AVERAGE    77

..........................................................


THE AKRON CANTON OH CLIMATE NORMALS FOR TOMORROW
                         NORMAL    RECORD    YEAR
 MAXIMUM TEMPERATURE (F)   33        62      1974
 MINIMUM TEMPERATURE (F)   19       -24      1985


SUNRISE AND SUNSET
JANUARY 19 2015.......SUNRISE   746 AM EST   SUNSET   527 PM EST
JANUARY 20 2015.......SUNRISE   746 AM EST   SUNSET   528 PM EST


-  INDICATES NEGATIVE NUMBERS.
R  INDICATES RECORD WAS SET OR TIED.
MM INDICATES DATA IS MISSING.
T  INDICATES TRACE AMOUNT.




$$
