952
CDUS41 KCLE 100545
CLICAK


CLIMATE REPORT
NATIONAL WEATHER SERVICE CLEVELAND OH
145 AM EDT TUE OCT 10 2017


...................................

...THE AKRON CANTON OH CLIMATE SUMMARY FOR OCTOBER 9 2017...

CLIMATE NORMAL PERIOD 1981 TO 2010
CLIMATE RECORD PERIOD 1887 TO 2017


WEATHER ITEM   OBSERVED TIME   RECORD YEAR NORMAL DEPARTURE LAST
                VALUE   (LST)  VALUE       VALUE  FROM      YEAR
                                                  NORMAL
..................................................................
TEMPERATURE (F)
 YESTERDAY
  MAXIMUM         74   1203 PM  86    1939  63     11       61
  MINIMUM         63   1147 PM  31    2000  45     18       40
                                      1989
                                      1951
  AVERAGE         69                        54     15       51

PRECIPITATION (IN)
  YESTERDAY        0.23                      0.09   0.14     0.00
  MONTH TO DATE    1.76                      0.83   0.93     0.04
  SINCE SEP 1      3.78                      4.28  -0.50     6.58
  SINCE JAN 1     38.45                     31.48   6.97    30.18

SNOWFALL (IN)
  YESTERDAY        0.0                       0.0    0.0      0.0
  MONTH TO DATE    0.0                       0.0    0.0      0.0
  SINCE SEP 1      0.0                       0.0    0.0      0.0
  SINCE JUL 1      0.0                       0.0    0.0      0.0
  SNOW DEPTH       0

DEGREE DAYS
 HEATING
  YESTERDAY        0                        11    -11       14
  MONTH TO DATE   12                        90    -78       37
  SINCE SEP 1     81                       209   -128       67
  SINCE JUL 1     87                       229   -142       70

 COOLING
  YESTERDAY        4                         0      4        0
  MONTH TO DATE   27                         3     24        4
  SINCE SEP 1    176                        67    109      159
  SINCE JAN 1    918                       649    269     1113
..................................................................


WIND (MPH)
  HIGHEST WIND SPEED    15   HIGHEST WIND DIRECTION     W (290)
  HIGHEST GUST SPEED    19   HIGHEST GUST DIRECTION    SE (140)
  AVERAGE WIND SPEED     6.2


SKY COVER
  POSSIBLE SUNSHINE  MM
  AVERAGE SKY COVER 1.0


WEATHER CONDITIONS
 THE FOLLOWING WEATHER WAS RECORDED YESTERDAY.
  RAIN
  LIGHT RAIN
  FOG
  FOG W/VISIBILITY <= 1/4 MILE


RELATIVE HUMIDITY (PERCENT)
 HIGHEST    93          1000 PM
 LOWEST     73           100 PM
 AVERAGE    83

..........................................................


THE AKRON CANTON OH CLIMATE NORMALS FOR TODAY
                         NORMAL    RECORD    YEAR
 MAXIMUM TEMPERATURE (F)   63        85      1949
 MINIMUM TEMPERATURE (F)   44        29      1897
                                             1888


SUNRISE AND SUNSET
OCTOBER 10 2017.......SUNRISE   732 AM EDT   SUNSET   653 PM EDT
OCTOBER 11 2017.......SUNRISE   733 AM EDT   SUNSET   651 PM EDT


-  INDICATES NEGATIVE NUMBERS.
R  INDICATES RECORD WAS SET OR TIED.
MM INDICATES DATA IS MISSING.
T  INDICATES TRACE AMOUNT.




$$
