000
CDUS41 KCLE 030528
CLICAK


CLIMATE REPORT
NATIONAL WEATHER SERVICE CLEVELAND OH
127 AM EDT THU JUL 3 2014


...................................

...THE AKRON CANTON OH CLIMATE SUMMARY FOR JULY 2 2014...

CLIMATE NORMAL PERIOD 1981 TO 2010
CLIMATE RECORD PERIOD 1887 TO 2014


WEATHER ITEM   OBSERVED TIME   RECORD YEAR NORMAL DEPARTURE LAST
                VALUE   (LST)  VALUE       VALUE  FROM      YEAR
                                                  NORMAL
..................................................................
TEMPERATURE (F)
 YESTERDAY
  MAXIMUM         85    336 PM  98    1931  82      3       82
  MINIMUM         69   1159 PM  45    1943  61      8       64
  AVERAGE         77                        72      5       73

PRECIPITATION (IN)
  YESTERDAY        0.14                      0.14   0.00     0.00
  MONTH TO DATE    0.15                      0.27  -0.12     1.01
  SINCE JUN 1      9.43                      4.10   5.33     6.92
  SINCE JAN 1     26.06                     19.83   6.23    19.18

SNOWFALL (IN)
  YESTERDAY        0.0                       0.0    0.0      0.0
  MONTH TO DATE    0.0                       0.0    0.0      0.0
  SINCE JUN 1      0.0                       0.0    0.0      0.0
  SINCE JUL 1      0.0                       0.0    0.0      0.0
  SNOW DEPTH       0

DEGREE DAYS
 HEATING
  YESTERDAY        0                         0      0        0
  MONTH TO DATE    0                         0      0        0
  SINCE JUN 1     15                        49    -34       27
  SINCE JUL 1      0                         0      0        0

 COOLING
  YESTERDAY       12                         7      5        8
  MONTH TO DATE   29                        14     15       15
  SINCE JUN 1    212                       149     63      176
  SINCE JAN 1    288                       191     97      282
..................................................................


WIND (MPH)
  HIGHEST WIND SPEED    14   HIGHEST WIND DIRECTION    SW (240)
  HIGHEST GUST SPEED    14   HIGHEST GUST DIRECTION    SW (240)
  AVERAGE WIND SPEED     7.3


SKY COVER
  POSSIBLE SUNSHINE  MM
  AVERAGE SKY COVER 0.7


WEATHER CONDITIONS
 THE FOLLOWING WEATHER WAS RECORDED YESTERDAY.
  THUNDERSTORM
  RAIN
  LIGHT RAIN
  FOG
  FOG W/VISIBILITY <= 1/4 MILE
  HAZE


RELATIVE HUMIDITY (PERCENT)
 HIGHEST    90           500 AM
 LOWEST     43           300 PM
 AVERAGE    67

..........................................................


THE AKRON CANTON OH CLIMATE NORMALS FOR TODAY
                         NORMAL    RECORD    YEAR
 MAXIMUM TEMPERATURE (F)   82        97      1911
                                             1898
 MINIMUM TEMPERATURE (F)   61        42      1907


SUNRISE AND SUNSET
JULY  3 2014..........SUNRISE   559 AM EDT   SUNSET   901 PM EDT
JULY  4 2014..........SUNRISE   559 AM EDT   SUNSET   901 PM EDT


-  INDICATES NEGATIVE NUMBERS.
R  INDICATES RECORD WAS SET OR TIED.
MM INDICATES DATA IS MISSING.
T  INDICATES TRACE AMOUNT.




$$
